{"id":10340,"date":"2024-05-03T20:12:10","date_gmt":"2024-05-03T18:12:10","guid":{"rendered":"https:\/\/www.neufundlaender-vom-baerenfels.de\/?page_id=10340"},"modified":"2024-07-21T12:02:59","modified_gmt":"2024-07-21T10:02:59","slug":"i-wurf-welpe-4-ruede-gruen","status":"publish","type":"page","link":"https:\/\/www.neufundlaender-vom-baerenfels.de\/?page_id=10340","title":{"rendered":"I-Wurf Welpe 4 R\u00fcde Gr\u00fcn"},"content":{"rendered":"\n<h1>Igris vom B\u00e4renfels<\/h1>\n<p>R\u00fcde schwarz, gr\u00fcnes B\u00e4ndchen<\/p>\n<p>geboren am 19.04.2024 um 01:15 Uhr, Geburtsgewicht: 740 g<\/p>\n<p>Abzeichen: wei\u00dfer Brustfleck<\/p>\n<p>ist als letzter ausgezogen am Freitag, 28.06.2024 und hatte hier schon stattlich 14,9 kg. Sein neues Zuhause sollte im Landkreis Vulkaneifel \u2013 Rheinland-Pfalz sein. Leider stellte sich schnell heraus, dass er aufgrund einer Tierhaarallergie nicht bleiben konnte. Gleich am Sonntag wurde der kleine B\u00e4r von allen Rudelmitgliedern wieder freudig bei uns empfangen. Nun war guter Rat teuer,&nbsp; da wir bereits unser Welpengehege abgebaut hatten.<\/p>\n<p>Da wir doch einige Anfragen f\u00fcr den n\u00e4chsten Wurf im Herbst haben, wurden wir schnell f\u00fcndig und eine Familie hatte beschlossen, den Familienzuwachs fr\u00fcher zu begr\u00fc\u00dfen.<\/p>\n\n\n\n<figure class=\"wp-block-image size-large is-style-default\"><a href=\"https:\/\/www.neufundlaender-vom-baerenfels.de\/wp-content\/uploads\/2024\/06\/Gruen13x13.jpg\"><img loading=\"lazy\" decoding=\"async\" width=\"1024\" height=\"1024\" src=\"https:\/\/www.neufundlaender-vom-baerenfels.de\/wp-content\/uploads\/2024\/06\/Gruen13x13-1024x1024.jpg\" alt=\"\" class=\"wp-image-10721\" srcset=\"https:\/\/www.neufundlaender-vom-baerenfels.de\/wp-content\/uploads\/2024\/06\/Gruen13x13-1024x1024.jpg 1024w, https:\/\/www.neufundlaender-vom-baerenfels.de\/wp-content\/uploads\/2024\/06\/Gruen13x13-300x300.jpg 300w, https:\/\/www.neufundlaender-vom-baerenfels.de\/wp-content\/uploads\/2024\/06\/Gruen13x13-150x150.jpg 150w, https:\/\/www.neufundlaender-vom-baerenfels.de\/wp-content\/uploads\/2024\/06\/Gruen13x13-768x768.jpg 768w, https:\/\/www.neufundlaender-vom-baerenfels.de\/wp-content\/uploads\/2024\/06\/Gruen13x13.jpg 1535w\" sizes=\"auto, (max-width: 1024px) 100vw, 1024px\" \/><\/a><\/figure>\n\n\n\n<figure class=\"wp-block-image size-large is-style-default\"><a href=\"https:\/\/www.neufundlaender-vom-baerenfels.de\/wp-content\/uploads\/2024\/05\/Gruen-2024-05-05.jpeg\"><img loading=\"lazy\" decoding=\"async\" width=\"1024\" height=\"768\" src=\"https:\/\/www.neufundlaender-vom-baerenfels.de\/wp-content\/uploads\/2024\/05\/Gruen-2024-05-05-1024x768.jpeg\" alt=\"\" class=\"wp-image-10384\" srcset=\"https:\/\/www.neufundlaender-vom-baerenfels.de\/wp-content\/uploads\/2024\/05\/Gruen-2024-05-05-1024x768.jpeg 1024w, https:\/\/www.neufundlaender-vom-baerenfels.de\/wp-content\/uploads\/2024\/05\/Gruen-2024-05-05-300x225.jpeg 300w, https:\/\/www.neufundlaender-vom-baerenfels.de\/wp-content\/uploads\/2024\/05\/Gruen-2024-05-05-768x576.jpeg 768w, https:\/\/www.neufundlaender-vom-baerenfels.de\/wp-content\/uploads\/2024\/05\/Gruen-2024-05-05-1536x1152.jpeg 1536w, https:\/\/www.neufundlaender-vom-baerenfels.de\/wp-content\/uploads\/2024\/05\/Gruen-2024-05-05.jpeg 1600w\" sizes=\"auto, (max-width: 1024px) 100vw, 1024px\" \/><\/a><\/figure>\n\n\n\n<p>Am Samstag, 04.05.2024 gab es die erste Wurmkur. Alle Welpen haben das gut gemeistert:<\/p>\n\n\n\n<figure class=\"wp-block-video\"><video height=\"480\" style=\"aspect-ratio: 848 \/ 480;\" width=\"848\" controls src=\"https:\/\/www.neufundlaender-vom-baerenfels.de\/wp-content\/uploads\/2024\/05\/WhatsApp-Video-2024-05-04-um-10.10.34_4cb36012.mp4\"><\/video><\/figure>\n\n\n\nngg_shortcode_0_placeholder\n","protected":false},"excerpt":{"rendered":"<p>Igris vom B\u00e4renfels R\u00fcde schwarz, gr\u00fcnes B\u00e4ndchen geboren am 19.04.2024 um 01:15 Uhr, Geburtsgewicht: 740 g Abzeichen: wei\u00dfer Brustfleck ist als letzter ausgezogen am Freitag, 28.06.2024 und hatte hier schon stattlich 14,9 kg. Sein neues Zuhause sollte im Landkreis Vulkaneifel \u2013 Rheinland-Pfalz sein. Leider stellte sich schnell heraus, dass er aufgrund einer Tierhaarallergie nicht bleiben &hellip; <a href=\"https:\/\/www.neufundlaender-vom-baerenfels.de\/?page_id=10340\" class=\"more-link\"><span class=\"screen-reader-text\">I-Wurf Welpe 4 R\u00fcde Gr\u00fcn<\/span> weiterlesen <span class=\"meta-nav\">&rarr;<\/span><\/a><\/p>\n","protected":false},"author":1,"featured_media":0,"parent":0,"menu_order":0,"comment_status":"closed","ping_status":"closed","template":"","meta":{"ngg_post_thumbnail":0,"footnotes":""},"class_list":["post-10340","page","type-page","status-publish","hentry"],"_links":{"self":[{"href":"https:\/\/www.neufundlaender-vom-baerenfels.de\/index.php?rest_route=\/wp\/v2\/pages\/10340","targetHints":{"allow":["GET"]}}],"collection":[{"href":"https:\/\/www.neufundlaender-vom-baerenfels.de\/index.php?rest_route=\/wp\/v2\/pages"}],"about":[{"href":"https:\/\/www.neufundlaender-vom-baerenfels.de\/index.php?rest_route=\/wp\/v2\/types\/page"}],"author":[{"embeddable":true,"href":"https:\/\/www.neufundlaender-vom-baerenfels.de\/index.php?rest_route=\/wp\/v2\/users\/1"}],"replies":[{"embeddable":true,"href":"https:\/\/www.neufundlaender-vom-baerenfels.de\/index.php?rest_route=%2Fwp%2Fv2%2Fcomments&post=10340"}],"version-history":[{"count":11,"href":"https:\/\/www.neufundlaender-vom-baerenfels.de\/index.php?rest_route=\/wp\/v2\/pages\/10340\/revisions"}],"predecessor-version":[{"id":10805,"href":"https:\/\/www.neufundlaender-vom-baerenfels.de\/index.php?rest_route=\/wp\/v2\/pages\/10340\/revisions\/10805"}],"wp:attachment":[{"href":"https:\/\/www.neufundlaender-vom-baerenfels.de\/index.php?rest_route=%2Fwp%2Fv2%2Fmedia&parent=10340"}],"curies":[{"name":"wp","href":"https:\/\/api.w.org\/{rel}","templated":true}]}}

I-Wurf Welpe 4 Rüde Grün

<h1>Igris vom Bärenfels</h1>
<p>Rüde schwarz, grünes Bändchen</p>
<p>geboren am 19.04.2024 um 01:15 Uhr, Geburtsgewicht: 740 g</p>
<p>Abzeichen: weißer Brustfleck</p>
<p>ist als letzter ausgezogen am Freitag, 28.06.2024 und hatte hier schon stattlich 14,9 kg. Sein neues Zuhause sollte im Landkreis Vulkaneifel – Rheinland-Pfalz sein. Leider stellte sich schnell heraus, dass er aufgrund einer Tierhaarallergie nicht bleiben konnte. Gleich am Sonntag wurde der kleine Bär von allen Rudelmitgliedern wieder freudig bei uns empfangen. Nun war guter Rat teuer,&nbsp; da wir bereits unser Welpengehege abgebaut hatten.</p>
<p>Da wir doch einige Anfragen für den nächsten Wurf im Herbst haben, wurden wir schnell fündig und eine Familie hatte beschlossen, den Familienzuwachs früher zu begrüßen.</p>



<figure class="wp-block-image size-large is-style-default"><a href="https://www.neufundlaender-vom-baerenfels.de/wp-content/uploads/2024/06/Gruen13x13.jpg"><img loading="lazy" decoding="async" width="1024" height="1024" src="https://www.neufundlaender-vom-baerenfels.de/wp-content/uploads/2024/06/Gruen13x13-1024x1024.jpg" alt="" class="wp-image-10721" srcset="https://www.neufundlaender-vom-baerenfels.de/wp-content/uploads/2024/06/Gruen13x13-1024x1024.jpg 1024w, https://www.neufundlaender-vom-baerenfels.de/wp-content/uploads/2024/06/Gruen13x13-300x300.jpg 300w, https://www.neufundlaender-vom-baerenfels.de/wp-content/uploads/2024/06/Gruen13x13-150x150.jpg 150w, https://www.neufundlaender-vom-baerenfels.de/wp-content/uploads/2024/06/Gruen13x13-768x768.jpg 768w, https://www.neufundlaender-vom-baerenfels.de/wp-content/uploads/2024/06/Gruen13x13.jpg 1535w" sizes="auto, (max-width: 1024px) 100vw, 1024px" /></a></figure>



<figure class="wp-block-image size-large is-style-default"><a href="https://www.neufundlaender-vom-baerenfels.de/wp-content/uploads/2024/05/Gruen-2024-05-05.jpeg"><img loading="lazy" decoding="async" width="1024" height="768" src="https://www.neufundlaender-vom-baerenfels.de/wp-content/uploads/2024/05/Gruen-2024-05-05-1024x768.jpeg" alt="" class="wp-image-10384" srcset="https://www.neufundlaender-vom-baerenfels.de/wp-content/uploads/2024/05/Gruen-2024-05-05-1024x768.jpeg 1024w, https://www.neufundlaender-vom-baerenfels.de/wp-content/uploads/2024/05/Gruen-2024-05-05-300x225.jpeg 300w, https://www.neufundlaender-vom-baerenfels.de/wp-content/uploads/2024/05/Gruen-2024-05-05-768x576.jpeg 768w, https://www.neufundlaender-vom-baerenfels.de/wp-content/uploads/2024/05/Gruen-2024-05-05-1536x1152.jpeg 1536w, https://www.neufundlaender-vom-baerenfels.de/wp-content/uploads/2024/05/Gruen-2024-05-05.jpeg 1600w" sizes="auto, (max-width: 1024px) 100vw, 1024px" /></a></figure>



<p>Am Samstag, 04.05.2024 gab es die erste Wurmkur. Alle Welpen haben das gut gemeistert:</p>



<figure class="wp-block-video"><video height="480" style="aspect-ratio: 848 / 480;" width="848" controls src="https://www.neufundlaender-vom-baerenfels.de/wp-content/uploads/2024/05/WhatsApp-Video-2024-05-04-um-10.10.34_4cb36012.mp4"></video></figure>



ngg_shortcode_0_placeholder

<p>Igris vom Bärenfels Rüde schwarz, grünes Bändchen geboren am 19.04.2024 um 01:15 Uhr, Geburtsgewicht: 740 g Abzeichen: weißer Brustfleck ist als letzter ausgezogen am Freitag, 28.06.2024 und hatte hier schon stattlich 14,9 kg. Sein neues Zuhause sollte im Landkreis Vulkaneifel – Rheinland-Pfalz sein. Leider stellte sich schnell heraus, dass er aufgrund einer Tierhaarallergie nicht bleiben &hellip; <a href="https://www.neufundlaender-vom-baerenfels.de/?page_id=10340" class="more-link"><span class="screen-reader-text">I-Wurf Welpe 4 Rüde Grün</span> weiterlesen <span class="meta-nav">&rarr;</span></a></p>
