{"id":10342,"date":"2024-05-03T20:12:42","date_gmt":"2024-05-03T18:12:42","guid":{"rendered":"https:\/\/www.neufundlaender-vom-baerenfels.de\/?page_id=10342"},"modified":"2024-06-18T17:51:30","modified_gmt":"2024-06-18T15:51:30","slug":"i-wurf-welpe-5-huendin-gelb","status":"publish","type":"page","link":"https:\/\/www.neufundlaender-vom-baerenfels.de\/?page_id=10342","title":{"rendered":"I-Wurf Welpe 5 H\u00fcndin Gelb"},"content":{"rendered":"\n<h1 class=\"western\">Ilma-Elsa vom B\u00e4renfels<\/h1>\n<p>H\u00fcndin schwarz, gelbes B\u00e4ndchen<\/p>\n<p>geboren am 19.04.2024 um 06:40 Uhr, Geburtsgewicht: 570 g<\/p>\n<p>Abzeichen: wei\u00dfer Brustfleck<\/p>\n<p>ist ausgezogen am Montag, 18.06.2024 zu seiner neuen Familie in den Landkreis Main-Kinzig-Kreis \u2013 Hessen mit einem &#8222;\u00dcbergabegewicht von 11 kg<\/p>\n<p>&nbsp;<\/p>\n\n\n\n<figure class=\"wp-block-image size-large is-style-default\"><a href=\"https:\/\/www.neufundlaender-vom-baerenfels.de\/wp-content\/uploads\/2024\/06\/Abschiedsbild-gelb-Ilma-Elsa.jpg\"><img loading=\"lazy\" decoding=\"async\" width=\"709\" height=\"1024\" src=\"https:\/\/www.neufundlaender-vom-baerenfels.de\/wp-content\/uploads\/2024\/06\/Abschiedsbild-gelb-Ilma-Elsa-709x1024.jpg\" alt=\"\" class=\"wp-image-10717\" srcset=\"https:\/\/www.neufundlaender-vom-baerenfels.de\/wp-content\/uploads\/2024\/06\/Abschiedsbild-gelb-Ilma-Elsa-709x1024.jpg 709w, https:\/\/www.neufundlaender-vom-baerenfels.de\/wp-content\/uploads\/2024\/06\/Abschiedsbild-gelb-Ilma-Elsa-208x300.jpg 208w, https:\/\/www.neufundlaender-vom-baerenfels.de\/wp-content\/uploads\/2024\/06\/Abschiedsbild-gelb-Ilma-Elsa-768x1109.jpg 768w, https:\/\/www.neufundlaender-vom-baerenfels.de\/wp-content\/uploads\/2024\/06\/Abschiedsbild-gelb-Ilma-Elsa.jpg 1063w\" sizes=\"auto, (max-width: 709px) 100vw, 709px\" \/><\/a><\/figure>\n\n\n\n<figure class=\"wp-block-image size-large is-style-default\"><a href=\"https:\/\/www.neufundlaender-vom-baerenfels.de\/wp-content\/uploads\/2024\/06\/Gelb13x13.jpg\"><img loading=\"lazy\" decoding=\"async\" width=\"1024\" height=\"1024\" src=\"https:\/\/www.neufundlaender-vom-baerenfels.de\/wp-content\/uploads\/2024\/06\/Gelb13x13-1024x1024.jpg\" alt=\"\" class=\"wp-image-10720\" srcset=\"https:\/\/www.neufundlaender-vom-baerenfels.de\/wp-content\/uploads\/2024\/06\/Gelb13x13-1024x1024.jpg 1024w, https:\/\/www.neufundlaender-vom-baerenfels.de\/wp-content\/uploads\/2024\/06\/Gelb13x13-300x300.jpg 300w, https:\/\/www.neufundlaender-vom-baerenfels.de\/wp-content\/uploads\/2024\/06\/Gelb13x13-150x150.jpg 150w, https:\/\/www.neufundlaender-vom-baerenfels.de\/wp-content\/uploads\/2024\/06\/Gelb13x13-768x768.jpg 768w, https:\/\/www.neufundlaender-vom-baerenfels.de\/wp-content\/uploads\/2024\/06\/Gelb13x13.jpg 1535w\" sizes=\"auto, (max-width: 1024px) 100vw, 1024px\" \/><\/a><\/figure>\n\n\n\n<figure class=\"wp-block-image size-large is-style-default\"><a href=\"https:\/\/www.neufundlaender-vom-baerenfels.de\/wp-content\/uploads\/2024\/05\/gelb-2024-05-03.jpg\"><img loading=\"lazy\" decoding=\"async\" width=\"1024\" height=\"576\" src=\"https:\/\/www.neufundlaender-vom-baerenfels.de\/wp-content\/uploads\/2024\/05\/gelb-2024-05-03-1024x576.jpg\" alt=\"\" class=\"wp-image-10306\" srcset=\"https:\/\/www.neufundlaender-vom-baerenfels.de\/wp-content\/uploads\/2024\/05\/gelb-2024-05-03-1024x576.jpg 1024w, https:\/\/www.neufundlaender-vom-baerenfels.de\/wp-content\/uploads\/2024\/05\/gelb-2024-05-03-300x169.jpg 300w, https:\/\/www.neufundlaender-vom-baerenfels.de\/wp-content\/uploads\/2024\/05\/gelb-2024-05-03-768x432.jpg 768w, https:\/\/www.neufundlaender-vom-baerenfels.de\/wp-content\/uploads\/2024\/05\/gelb-2024-05-03-1536x864.jpg 1536w, https:\/\/www.neufundlaender-vom-baerenfels.de\/wp-content\/uploads\/2024\/05\/gelb-2024-05-03.jpg 1890w\" sizes=\"auto, (max-width: 1024px) 100vw, 1024px\" \/><\/a><\/figure>\n\n\n\n<p>Am Samstag, 04.05.2024 gab es die erste Wurmkur. Alle Welpen haben das gut gemeistert:<\/p>\n\n\n\n<figure class=\"wp-block-video\"><video height=\"480\" style=\"aspect-ratio: 848 \/ 480;\" width=\"848\" controls src=\"https:\/\/www.neufundlaender-vom-baerenfels.de\/wp-content\/uploads\/2024\/05\/WhatsApp-Video-2024-05-04-um-10.10.29_d9b42abf.mp4\"><\/video><\/figure>\n\n\n\nngg_shortcode_0_placeholder\n","protected":false},"excerpt":{"rendered":"<p>Ilma-Elsa vom B\u00e4renfels H\u00fcndin schwarz, gelbes B\u00e4ndchen geboren am 19.04.2024 um 06:40 Uhr, Geburtsgewicht: 570 g Abzeichen: wei\u00dfer Brustfleck ist ausgezogen am Montag, 18.06.2024 zu seiner neuen Familie in den Landkreis Main-Kinzig-Kreis \u2013 Hessen mit einem &#8222;\u00dcbergabegewicht von 11 kg &nbsp; Am Samstag, 04.05.2024 gab es die erste Wurmkur. Alle Welpen haben das gut gemeistert:<\/p>\n","protected":false},"author":1,"featured_media":10720,"parent":0,"menu_order":0,"comment_status":"closed","ping_status":"closed","template":"","meta":{"ngg_post_thumbnail":0,"footnotes":""},"class_list":["post-10342","page","type-page","status-publish","has-post-thumbnail","hentry"],"_links":{"self":[{"href":"https:\/\/www.neufundlaender-vom-baerenfels.de\/index.php?rest_route=\/wp\/v2\/pages\/10342","targetHints":{"allow":["GET"]}}],"collection":[{"href":"https:\/\/www.neufundlaender-vom-baerenfels.de\/index.php?rest_route=\/wp\/v2\/pages"}],"about":[{"href":"https:\/\/www.neufundlaender-vom-baerenfels.de\/index.php?rest_route=\/wp\/v2\/types\/page"}],"author":[{"embeddable":true,"href":"https:\/\/www.neufundlaender-vom-baerenfels.de\/index.php?rest_route=\/wp\/v2\/users\/1"}],"replies":[{"embeddable":true,"href":"https:\/\/www.neufundlaender-vom-baerenfels.de\/index.php?rest_route=%2Fwp%2Fv2%2Fcomments&post=10342"}],"version-history":[{"count":5,"href":"https:\/\/www.neufundlaender-vom-baerenfels.de\/index.php?rest_route=\/wp\/v2\/pages\/10342\/revisions"}],"predecessor-version":[{"id":10726,"href":"https:\/\/www.neufundlaender-vom-baerenfels.de\/index.php?rest_route=\/wp\/v2\/pages\/10342\/revisions\/10726"}],"wp:featuredmedia":[{"embeddable":true,"href":"https:\/\/www.neufundlaender-vom-baerenfels.de\/index.php?rest_route=\/wp\/v2\/media\/10720"}],"wp:attachment":[{"href":"https:\/\/www.neufundlaender-vom-baerenfels.de\/index.php?rest_route=%2Fwp%2Fv2%2Fmedia&parent=10342"}],"curies":[{"name":"wp","href":"https:\/\/api.w.org\/{rel}","templated":true}]}}

I-Wurf Welpe 5 Hündin Gelb

<h1 class="western">Ilma-Elsa vom Bärenfels</h1>
<p>Hündin schwarz, gelbes Bändchen</p>
<p>geboren am 19.04.2024 um 06:40 Uhr, Geburtsgewicht: 570 g</p>
<p>Abzeichen: weißer Brustfleck</p>
<p>ist ausgezogen am Montag, 18.06.2024 zu seiner neuen Familie in den Landkreis Main-Kinzig-Kreis – Hessen mit einem &#8222;Übergabegewicht von 11 kg</p>
<p>&nbsp;</p>



<figure class="wp-block-image size-large is-style-default"><a href="https://www.neufundlaender-vom-baerenfels.de/wp-content/uploads/2024/06/Abschiedsbild-gelb-Ilma-Elsa.jpg"><img loading="lazy" decoding="async" width="709" height="1024" src="https://www.neufundlaender-vom-baerenfels.de/wp-content/uploads/2024/06/Abschiedsbild-gelb-Ilma-Elsa-709x1024.jpg" alt="" class="wp-image-10717" srcset="https://www.neufundlaender-vom-baerenfels.de/wp-content/uploads/2024/06/Abschiedsbild-gelb-Ilma-Elsa-709x1024.jpg 709w, https://www.neufundlaender-vom-baerenfels.de/wp-content/uploads/2024/06/Abschiedsbild-gelb-Ilma-Elsa-208x300.jpg 208w, https://www.neufundlaender-vom-baerenfels.de/wp-content/uploads/2024/06/Abschiedsbild-gelb-Ilma-Elsa-768x1109.jpg 768w, https://www.neufundlaender-vom-baerenfels.de/wp-content/uploads/2024/06/Abschiedsbild-gelb-Ilma-Elsa.jpg 1063w" sizes="auto, (max-width: 709px) 100vw, 709px" /></a></figure>



<figure class="wp-block-image size-large is-style-default"><a href="https://www.neufundlaender-vom-baerenfels.de/wp-content/uploads/2024/06/Gelb13x13.jpg"><img loading="lazy" decoding="async" width="1024" height="1024" src="https://www.neufundlaender-vom-baerenfels.de/wp-content/uploads/2024/06/Gelb13x13-1024x1024.jpg" alt="" class="wp-image-10720" srcset="https://www.neufundlaender-vom-baerenfels.de/wp-content/uploads/2024/06/Gelb13x13-1024x1024.jpg 1024w, https://www.neufundlaender-vom-baerenfels.de/wp-content/uploads/2024/06/Gelb13x13-300x300.jpg 300w, https://www.neufundlaender-vom-baerenfels.de/wp-content/uploads/2024/06/Gelb13x13-150x150.jpg 150w, https://www.neufundlaender-vom-baerenfels.de/wp-content/uploads/2024/06/Gelb13x13-768x768.jpg 768w, https://www.neufundlaender-vom-baerenfels.de/wp-content/uploads/2024/06/Gelb13x13.jpg 1535w" sizes="auto, (max-width: 1024px) 100vw, 1024px" /></a></figure>



<figure class="wp-block-image size-large is-style-default"><a href="https://www.neufundlaender-vom-baerenfels.de/wp-content/uploads/2024/05/gelb-2024-05-03.jpg"><img loading="lazy" decoding="async" width="1024" height="576" src="https://www.neufundlaender-vom-baerenfels.de/wp-content/uploads/2024/05/gelb-2024-05-03-1024x576.jpg" alt="" class="wp-image-10306" srcset="https://www.neufundlaender-vom-baerenfels.de/wp-content/uploads/2024/05/gelb-2024-05-03-1024x576.jpg 1024w, https://www.neufundlaender-vom-baerenfels.de/wp-content/uploads/2024/05/gelb-2024-05-03-300x169.jpg 300w, https://www.neufundlaender-vom-baerenfels.de/wp-content/uploads/2024/05/gelb-2024-05-03-768x432.jpg 768w, https://www.neufundlaender-vom-baerenfels.de/wp-content/uploads/2024/05/gelb-2024-05-03-1536x864.jpg 1536w, https://www.neufundlaender-vom-baerenfels.de/wp-content/uploads/2024/05/gelb-2024-05-03.jpg 1890w" sizes="auto, (max-width: 1024px) 100vw, 1024px" /></a></figure>



<p>Am Samstag, 04.05.2024 gab es die erste Wurmkur. Alle Welpen haben das gut gemeistert:</p>



<figure class="wp-block-video"><video height="480" style="aspect-ratio: 848 / 480;" width="848" controls src="https://www.neufundlaender-vom-baerenfels.de/wp-content/uploads/2024/05/WhatsApp-Video-2024-05-04-um-10.10.29_d9b42abf.mp4"></video></figure>



ngg_shortcode_0_placeholder

<p>Ilma-Elsa vom Bärenfels Hündin schwarz, gelbes Bändchen geboren am 19.04.2024 um 06:40 Uhr, Geburtsgewicht: 570 g Abzeichen: weißer Brustfleck ist ausgezogen am Montag, 18.06.2024 zu seiner neuen Familie in den Landkreis Main-Kinzig-Kreis – Hessen mit einem &#8222;Übergabegewicht von 11 kg &nbsp; Am Samstag, 04.05.2024 gab es die erste Wurmkur. Alle Welpen haben das gut gemeistert:</p>
