{"id":10947,"date":"2025-04-14T08:57:00","date_gmt":"2025-04-14T06:57:00","guid":{"rendered":"https:\/\/www.neufundlaender-vom-baerenfels.de\/?page_id=10947"},"modified":"2025-06-14T20:48:58","modified_gmt":"2025-06-14T18:48:58","slug":"j-wurf-welpe-1-dunkelblau","status":"publish","type":"page","link":"https:\/\/www.neufundlaender-vom-baerenfels.de\/?page_id=10947","title":{"rendered":"J-Wurf Welpe 1 Dunkelblau"},"content":{"rendered":"\n<h2 class=\"wp-block-heading\">Josef vom B\u00e4renfels<\/h2>\n\n\n\n<p>R\u00fcde schwarz, dunkelblaues B\u00e4ndchen, <br \/>geboren&nbsp; am 10.04.2025 um 10:50 Uhr, Geburtsgewicht 600 g<\/p>\n\n\n\n<p>ADKN Zuchtbuchnummer 78718<\/p>\n<p>ist ausgezogen nach Rheinland-Pfalz in den Landkreis Pirmasens mit einem &#8222;\u00dcbergabegewicht&#8220; von 11,9 kg.<\/p>\n\n\n<div class=\"wp-block-image\">\n<figure class=\"aligncenter size-large\"><a href=\"https:\/\/www.neufundlaender-vom-baerenfels.de\/wp-content\/uploads\/2025\/06\/1-J-Wurf-Blau-Ruede-schwarz-scaled.jpg\"><img loading=\"lazy\" decoding=\"async\" width=\"576\" height=\"1024\" src=\"https:\/\/www.neufundlaender-vom-baerenfels.de\/wp-content\/uploads\/2025\/06\/1-J-Wurf-Blau-Ruede-schwarz-576x1024.jpg\" alt=\"\" class=\"wp-image-11436\" srcset=\"https:\/\/www.neufundlaender-vom-baerenfels.de\/wp-content\/uploads\/2025\/06\/1-J-Wurf-Blau-Ruede-schwarz-576x1024.jpg 576w, https:\/\/www.neufundlaender-vom-baerenfels.de\/wp-content\/uploads\/2025\/06\/1-J-Wurf-Blau-Ruede-schwarz-169x300.jpg 169w, https:\/\/www.neufundlaender-vom-baerenfels.de\/wp-content\/uploads\/2025\/06\/1-J-Wurf-Blau-Ruede-schwarz-768x1365.jpg 768w, https:\/\/www.neufundlaender-vom-baerenfels.de\/wp-content\/uploads\/2025\/06\/1-J-Wurf-Blau-Ruede-schwarz-864x1536.jpg 864w, https:\/\/www.neufundlaender-vom-baerenfels.de\/wp-content\/uploads\/2025\/06\/1-J-Wurf-Blau-Ruede-schwarz-1152x2048.jpg 1152w, https:\/\/www.neufundlaender-vom-baerenfels.de\/wp-content\/uploads\/2025\/06\/1-J-Wurf-Blau-Ruede-schwarz-scaled.jpg 1440w\" sizes=\"auto, (max-width: 576px) 100vw, 576px\" \/><\/a><\/figure>\n<\/div>\n\n\n<p><\/p>\n\n\n<div class=\"wp-block-image\">\n<figure class=\"aligncenter size-large\"><a href=\"https:\/\/www.neufundlaender-vom-baerenfels.de\/wp-content\/uploads\/2025\/04\/Welpe-lila-und-dunkelblau.jpg\"><img loading=\"lazy\" decoding=\"async\" width=\"1024\" height=\"576\" src=\"https:\/\/www.neufundlaender-vom-baerenfels.de\/wp-content\/uploads\/2025\/04\/Welpe-lila-und-dunkelblau-1024x576.jpg\" alt=\"\" class=\"wp-image-10967\" srcset=\"https:\/\/www.neufundlaender-vom-baerenfels.de\/wp-content\/uploads\/2025\/04\/Welpe-lila-und-dunkelblau-1024x576.jpg 1024w, https:\/\/www.neufundlaender-vom-baerenfels.de\/wp-content\/uploads\/2025\/04\/Welpe-lila-und-dunkelblau-300x169.jpg 300w, https:\/\/www.neufundlaender-vom-baerenfels.de\/wp-content\/uploads\/2025\/04\/Welpe-lila-und-dunkelblau-768x432.jpg 768w, https:\/\/www.neufundlaender-vom-baerenfels.de\/wp-content\/uploads\/2025\/04\/Welpe-lila-und-dunkelblau-1536x864.jpg 1536w, https:\/\/www.neufundlaender-vom-baerenfels.de\/wp-content\/uploads\/2025\/04\/Welpe-lila-und-dunkelblau.jpg 1890w\" sizes=\"auto, (max-width: 1024px) 100vw, 1024px\" \/><\/a><\/figure>\n<\/div>\n\n<div class=\"wp-block-image\">\n<figure class=\"aligncenter size-large\"><a href=\"https:\/\/www.neufundlaender-vom-baerenfels.de\/wp-content\/uploads\/2025\/04\/Osterbild-1-Dunkelblau.jpg\"><img loading=\"lazy\" decoding=\"async\" width=\"709\" height=\"1024\" src=\"https:\/\/www.neufundlaender-vom-baerenfels.de\/wp-content\/uploads\/2025\/04\/Osterbild-1-Dunkelblau-709x1024.jpg\" alt=\"\" class=\"wp-image-11082\" srcset=\"https:\/\/www.neufundlaender-vom-baerenfels.de\/wp-content\/uploads\/2025\/04\/Osterbild-1-Dunkelblau-709x1024.jpg 709w, https:\/\/www.neufundlaender-vom-baerenfels.de\/wp-content\/uploads\/2025\/04\/Osterbild-1-Dunkelblau-208x300.jpg 208w, https:\/\/www.neufundlaender-vom-baerenfels.de\/wp-content\/uploads\/2025\/04\/Osterbild-1-Dunkelblau-768x1109.jpg 768w, https:\/\/www.neufundlaender-vom-baerenfels.de\/wp-content\/uploads\/2025\/04\/Osterbild-1-Dunkelblau.jpg 1063w\" sizes=\"auto, (max-width: 709px) 100vw, 709px\" \/><\/a><\/figure>\n<\/div>\n\n\n<p>Hier die Teddybilder zum Gr\u00f6\u00dfenvergleich:<\/p>\n\n\n\nngg_shortcode_0_placeholder\n\n\n\n\n\n\n\n\n","protected":false},"excerpt":{"rendered":"<p>Josef vom B\u00e4renfels R\u00fcde schwarz, dunkelblaues B\u00e4ndchen, geboren&nbsp; am 10.04.2025 um 10:50 Uhr, Geburtsgewicht 600 g ADKN Zuchtbuchnummer 78718 ist ausgezogen nach Rheinland-Pfalz in den Landkreis Pirmasens mit einem &#8222;\u00dcbergabegewicht&#8220; von 11,9 kg. Hier die Teddybilder zum Gr\u00f6\u00dfenvergleich:<\/p>\n","protected":false},"author":1,"featured_media":0,"parent":0,"menu_order":0,"comment_status":"closed","ping_status":"closed","template":"","meta":{"ngg_post_thumbnail":0,"footnotes":""},"class_list":["post-10947","page","type-page","status-publish","hentry"],"_links":{"self":[{"href":"https:\/\/www.neufundlaender-vom-baerenfels.de\/index.php?rest_route=\/wp\/v2\/pages\/10947","targetHints":{"allow":["GET"]}}],"collection":[{"href":"https:\/\/www.neufundlaender-vom-baerenfels.de\/index.php?rest_route=\/wp\/v2\/pages"}],"about":[{"href":"https:\/\/www.neufundlaender-vom-baerenfels.de\/index.php?rest_route=\/wp\/v2\/types\/page"}],"author":[{"embeddable":true,"href":"https:\/\/www.neufundlaender-vom-baerenfels.de\/index.php?rest_route=\/wp\/v2\/users\/1"}],"replies":[{"embeddable":true,"href":"https:\/\/www.neufundlaender-vom-baerenfels.de\/index.php?rest_route=%2Fwp%2Fv2%2Fcomments&post=10947"}],"version-history":[{"count":8,"href":"https:\/\/www.neufundlaender-vom-baerenfels.de\/index.php?rest_route=\/wp\/v2\/pages\/10947\/revisions"}],"predecessor-version":[{"id":11443,"href":"https:\/\/www.neufundlaender-vom-baerenfels.de\/index.php?rest_route=\/wp\/v2\/pages\/10947\/revisions\/11443"}],"wp:attachment":[{"href":"https:\/\/www.neufundlaender-vom-baerenfels.de\/index.php?rest_route=%2Fwp%2Fv2%2Fmedia&parent=10947"}],"curies":[{"name":"wp","href":"https:\/\/api.w.org\/{rel}","templated":true}]}}

<h2 class="wp-block-heading">Josef vom Bärenfels</h2>



<p>Rüde schwarz, dunkelblaues Bändchen, <br />geboren&nbsp; am 10.04.2025 um 10:50 Uhr, Geburtsgewicht 600 g</p>



<p>ADKN Zuchtbuchnummer 78718</p>
<p>ist ausgezogen nach Rheinland-Pfalz in den Landkreis Pirmasens mit einem &#8222;Übergabegewicht&#8220; von 11,9 kg.</p>


<div class="wp-block-image">
<figure class="aligncenter size-large"><a href="https://www.neufundlaender-vom-baerenfels.de/wp-content/uploads/2025/06/1-J-Wurf-Blau-Ruede-schwarz-scaled.jpg"><img loading="lazy" decoding="async" width="576" height="1024" src="https://www.neufundlaender-vom-baerenfels.de/wp-content/uploads/2025/06/1-J-Wurf-Blau-Ruede-schwarz-576x1024.jpg" alt="" class="wp-image-11436" srcset="https://www.neufundlaender-vom-baerenfels.de/wp-content/uploads/2025/06/1-J-Wurf-Blau-Ruede-schwarz-576x1024.jpg 576w, https://www.neufundlaender-vom-baerenfels.de/wp-content/uploads/2025/06/1-J-Wurf-Blau-Ruede-schwarz-169x300.jpg 169w, https://www.neufundlaender-vom-baerenfels.de/wp-content/uploads/2025/06/1-J-Wurf-Blau-Ruede-schwarz-768x1365.jpg 768w, https://www.neufundlaender-vom-baerenfels.de/wp-content/uploads/2025/06/1-J-Wurf-Blau-Ruede-schwarz-864x1536.jpg 864w, https://www.neufundlaender-vom-baerenfels.de/wp-content/uploads/2025/06/1-J-Wurf-Blau-Ruede-schwarz-1152x2048.jpg 1152w, https://www.neufundlaender-vom-baerenfels.de/wp-content/uploads/2025/06/1-J-Wurf-Blau-Ruede-schwarz-scaled.jpg 1440w" sizes="auto, (max-width: 576px) 100vw, 576px" /></a></figure>
</div>


<p></p>


<div class="wp-block-image">
<figure class="aligncenter size-large"><a href="https://www.neufundlaender-vom-baerenfels.de/wp-content/uploads/2025/04/Welpe-lila-und-dunkelblau.jpg"><img loading="lazy" decoding="async" width="1024" height="576" src="https://www.neufundlaender-vom-baerenfels.de/wp-content/uploads/2025/04/Welpe-lila-und-dunkelblau-1024x576.jpg" alt="" class="wp-image-10967" srcset="https://www.neufundlaender-vom-baerenfels.de/wp-content/uploads/2025/04/Welpe-lila-und-dunkelblau-1024x576.jpg 1024w, https://www.neufundlaender-vom-baerenfels.de/wp-content/uploads/2025/04/Welpe-lila-und-dunkelblau-300x169.jpg 300w, https://www.neufundlaender-vom-baerenfels.de/wp-content/uploads/2025/04/Welpe-lila-und-dunkelblau-768x432.jpg 768w, https://www.neufundlaender-vom-baerenfels.de/wp-content/uploads/2025/04/Welpe-lila-und-dunkelblau-1536x864.jpg 1536w, https://www.neufundlaender-vom-baerenfels.de/wp-content/uploads/2025/04/Welpe-lila-und-dunkelblau.jpg 1890w" sizes="auto, (max-width: 1024px) 100vw, 1024px" /></a></figure>
</div>

<div class="wp-block-image">
<figure class="aligncenter size-large"><a href="https://www.neufundlaender-vom-baerenfels.de/wp-content/uploads/2025/04/Osterbild-1-Dunkelblau.jpg"><img loading="lazy" decoding="async" width="709" height="1024" src="https://www.neufundlaender-vom-baerenfels.de/wp-content/uploads/2025/04/Osterbild-1-Dunkelblau-709x1024.jpg" alt="" class="wp-image-11082" srcset="https://www.neufundlaender-vom-baerenfels.de/wp-content/uploads/2025/04/Osterbild-1-Dunkelblau-709x1024.jpg 709w, https://www.neufundlaender-vom-baerenfels.de/wp-content/uploads/2025/04/Osterbild-1-Dunkelblau-208x300.jpg 208w, https://www.neufundlaender-vom-baerenfels.de/wp-content/uploads/2025/04/Osterbild-1-Dunkelblau-768x1109.jpg 768w, https://www.neufundlaender-vom-baerenfels.de/wp-content/uploads/2025/04/Osterbild-1-Dunkelblau.jpg 1063w" sizes="auto, (max-width: 709px) 100vw, 709px" /></a></figure>
</div>


<p>Hier die Teddybilder zum Größenvergleich:</p>



ngg_shortcode_0_placeholder

<p>Josef vom Bärenfels Rüde schwarz, dunkelblaues Bändchen, geboren&nbsp; am 10.04.2025 um 10:50 Uhr, Geburtsgewicht 600 g ADKN Zuchtbuchnummer 78718 ist ausgezogen nach Rheinland-Pfalz in den Landkreis Pirmasens mit einem &#8222;Übergabegewicht&#8220; von 11,9 kg. Hier die Teddybilder zum Größenvergleich:</p>
