{"id":3251,"date":"2014-12-02T22:02:59","date_gmt":"2014-12-02T21:02:59","guid":{"rendered":"http:\/\/www.neufundlaender-vom-baerenfels.de\/?page_id=3251"},"modified":"2015-05-05T19:00:22","modified_gmt":"2015-05-05T18:00:22","slug":"ausstellungen-baerbel","status":"publish","type":"page","link":"https:\/\/www.neufundlaender-vom-baerenfels.de\/?page_id=3251","title":{"rendered":"Ausstellungen B\u00e4rbel"},"content":{"rendered":"<ul>\n<li>22.03.2015 15. NLC-Hessenschau in Gelnhausen\/Roth<br \/>\nJ\u00fcngstenklasse H\u00fcndinnen G3<\/li>\n<li>30.11.2014 ERZ-Adventssiegerschau in Mannheim-Rheinau<br \/>\nBaby-Klasse H\u00fcndinnen vv1 Adventssieger<\/li>\n<li>19.10.2014 ADKN-Klubsiegerschau in Alsfeld<br \/>\nBaby-Klasse H\u00fcndinnen vv<\/li>\n<\/ul>\n<div id='gallery-1' class='gallery galleryid-3251 gallery-columns-3 gallery-size-thumbnail'><figure class='gallery-item'>\n\t\t\t<div class='gallery-icon portrait'>\n\t\t\t\t<a href='https:\/\/www.neufundlaender-vom-baerenfels.de\/?attachment_id=3255'><img loading=\"lazy\" decoding=\"async\" width=\"150\" height=\"150\" src=\"https:\/\/www.neufundlaender-vom-baerenfels.de\/wp-content\/uploads\/2014\/12\/B\u00e4rbel-Klubsiegerschau-2014-150x150.jpg\" class=\"attachment-thumbnail size-thumbnail\" alt=\"\" \/><\/a>\n\t\t\t<\/div><\/figure><figure class='gallery-item'>\n\t\t\t<div class='gallery-icon portrait'>\n\t\t\t\t<a href='https:\/\/www.neufundlaender-vom-baerenfels.de\/?attachment_id=3253'><img loading=\"lazy\" decoding=\"async\" width=\"150\" height=\"150\" src=\"https:\/\/www.neufundlaender-vom-baerenfels.de\/wp-content\/uploads\/2014\/12\/B\u00e4rbel-1.-Platz-AS-2014-150x150.jpg\" class=\"attachment-thumbnail size-thumbnail\" alt=\"\" \/><\/a>\n\t\t\t<\/div><\/figure><figure class='gallery-item'>\n\t\t\t<div class='gallery-icon portrait'>\n\t\t\t\t<a href='https:\/\/www.neufundlaender-vom-baerenfels.de\/?attachment_id=3546'><img loading=\"lazy\" decoding=\"async\" width=\"150\" height=\"150\" src=\"https:\/\/www.neufundlaender-vom-baerenfels.de\/wp-content\/uploads\/2015\/03\/Hessenschau-2015-B\u00e4rbel-150x150.jpg\" class=\"attachment-thumbnail size-thumbnail\" alt=\"\" \/><\/a>\n\t\t\t<\/div><\/figure>\n\t\t<\/div>\n\n","protected":false},"excerpt":{"rendered":"<p>22.03.2015 15. NLC-Hessenschau in Gelnhausen\/Roth J\u00fcngstenklasse H\u00fcndinnen G3 30.11.2014 ERZ-Adventssiegerschau in Mannheim-Rheinau Baby-Klasse H\u00fcndinnen vv1 Adventssieger 19.10.2014 ADKN-Klubsiegerschau in Alsfeld Baby-Klasse H\u00fcndinnen vv<\/p>\n","protected":false},"author":1,"featured_media":0,"parent":0,"menu_order":0,"comment_status":"closed","ping_status":"closed","template":"","meta":{"ngg_post_thumbnail":0,"footnotes":""},"class_list":["post-3251","page","type-page","status-publish","hentry"],"_links":{"self":[{"href":"https:\/\/www.neufundlaender-vom-baerenfels.de\/index.php?rest_route=\/wp\/v2\/pages\/3251","targetHints":{"allow":["GET"]}}],"collection":[{"href":"https:\/\/www.neufundlaender-vom-baerenfels.de\/index.php?rest_route=\/wp\/v2\/pages"}],"about":[{"href":"https:\/\/www.neufundlaender-vom-baerenfels.de\/index.php?rest_route=\/wp\/v2\/types\/page"}],"author":[{"embeddable":true,"href":"https:\/\/www.neufundlaender-vom-baerenfels.de\/index.php?rest_route=\/wp\/v2\/users\/1"}],"replies":[{"embeddable":true,"href":"https:\/\/www.neufundlaender-vom-baerenfels.de\/index.php?rest_route=%2Fwp%2Fv2%2Fcomments&post=3251"}],"version-history":[{"count":6,"href":"https:\/\/www.neufundlaender-vom-baerenfels.de\/index.php?rest_route=\/wp\/v2\/pages\/3251\/revisions"}],"predecessor-version":[{"id":3551,"href":"https:\/\/www.neufundlaender-vom-baerenfels.de\/index.php?rest_route=\/wp\/v2\/pages\/3251\/revisions\/3551"}],"wp:attachment":[{"href":"https:\/\/www.neufundlaender-vom-baerenfels.de\/index.php?rest_route=%2Fwp%2Fv2%2Fmedia&parent=3251"}],"curies":[{"name":"wp","href":"https:\/\/api.w.org\/{rel}","templated":true}]}}