{"id":352,"date":"2012-10-15T06:41:39","date_gmt":"2012-10-15T04:41:39","guid":{"rendered":"http:\/\/rod.zwoplus.com\/?page_id=352"},"modified":"2018-03-03T10:03:16","modified_gmt":"2018-03-03T09:03:16","slug":"a-zuchter-seminar","status":"publish","type":"page","link":"https:\/\/www.neufundlaender-vom-baerenfels.de\/?page_id=352","title":{"rendered":"A-Z\u00fcchter-Seminar"},"content":{"rendered":"<p>Als seri\u00f6ser Z\u00fcchter im Allgemeinen Deutschen Klub f\u00fcr Neufundl\u00e4nder e.V ist die Teilnahme an einem Z\u00fcchter-Seminar Pflicht. Dies wurde am 03.03.2012 in Weibersbrunn besucht.<\/p>\n<p><a href=\"https:\/\/www.neufundlaender-vom-baerenfels.de\/wp-content\/uploads\/2012\/10\/A-Z\u00fcchterseminar1.jpg\"><img loading=\"lazy\" decoding=\"async\" class=\"aligncenter wp-image-358\" title=\"A-Z\u00fcchterseminar\" src=\"https:\/\/www.neufundlaender-vom-baerenfels.de\/wp-content\/uploads\/2012\/10\/A-Z\u00fcchterseminar1-731x1024.jpg\" alt=\"\" width=\"584\" height=\"818\" srcset=\"https:\/\/www.neufundlaender-vom-baerenfels.de\/wp-content\/uploads\/2012\/10\/A-Z\u00fcchterseminar1-731x1024.jpg 731w, https:\/\/www.neufundlaender-vom-baerenfels.de\/wp-content\/uploads\/2012\/10\/A-Z\u00fcchterseminar1-214x300.jpg 214w, https:\/\/www.neufundlaender-vom-baerenfels.de\/wp-content\/uploads\/2012\/10\/A-Z\u00fcchterseminar1.jpg 1251w\" sizes=\"auto, (max-width: 584px) 100vw, 584px\" \/><\/a><\/p>\n","protected":false},"excerpt":{"rendered":"<p>Als seri\u00f6ser Z\u00fcchter im Allgemeinen Deutschen Klub f\u00fcr Neufundl\u00e4nder e.V ist die Teilnahme an einem Z\u00fcchter-Seminar Pflicht. Dies wurde am 03.03.2012 in Weibersbrunn besucht.<\/p>\n","protected":false},"author":1,"featured_media":0,"parent":8,"menu_order":20,"comment_status":"closed","ping_status":"closed","template":"","meta":{"ngg_post_thumbnail":0,"footnotes":""},"class_list":["post-352","page","type-page","status-publish","hentry"],"_links":{"self":[{"href":"https:\/\/www.neufundlaender-vom-baerenfels.de\/index.php?rest_route=\/wp\/v2\/pages\/352","targetHints":{"allow":["GET"]}}],"collection":[{"href":"https:\/\/www.neufundlaender-vom-baerenfels.de\/index.php?rest_route=\/wp\/v2\/pages"}],"about":[{"href":"https:\/\/www.neufundlaender-vom-baerenfels.de\/index.php?rest_route=\/wp\/v2\/types\/page"}],"author":[{"embeddable":true,"href":"https:\/\/www.neufundlaender-vom-baerenfels.de\/index.php?rest_route=\/wp\/v2\/users\/1"}],"replies":[{"embeddable":true,"href":"https:\/\/www.neufundlaender-vom-baerenfels.de\/index.php?rest_route=%2Fwp%2Fv2%2Fcomments&post=352"}],"version-history":[{"count":7,"href":"https:\/\/www.neufundlaender-vom-baerenfels.de\/index.php?rest_route=\/wp\/v2\/pages\/352\/revisions"}],"predecessor-version":[{"id":5811,"href":"https:\/\/www.neufundlaender-vom-baerenfels.de\/index.php?rest_route=\/wp\/v2\/pages\/352\/revisions\/5811"}],"up":[{"embeddable":true,"href":"https:\/\/www.neufundlaender-vom-baerenfels.de\/index.php?rest_route=\/wp\/v2\/pages\/8"}],"wp:attachment":[{"href":"https:\/\/www.neufundlaender-vom-baerenfels.de\/index.php?rest_route=%2Fwp%2Fv2%2Fmedia&parent=352"}],"curies":[{"name":"wp","href":"https:\/\/api.w.org\/{rel}","templated":true}]}}

A-Züchter-Seminar

<p>Als seriöser Züchter im Allgemeinen Deutschen Klub für Neufundländer e.V ist die Teilnahme an einem Züchter-Seminar Pflicht. Dies wurde am 03.03.2012 in Weibersbrunn besucht.</p>
<p><a href="https://www.neufundlaender-vom-baerenfels.de/wp-content/uploads/2012/10/A-Züchterseminar1.jpg"><img loading="lazy" decoding="async" class="aligncenter wp-image-358" title="A-Züchterseminar" src="https://www.neufundlaender-vom-baerenfels.de/wp-content/uploads/2012/10/A-Züchterseminar1-731x1024.jpg" alt="" width="584" height="818" srcset="https://www.neufundlaender-vom-baerenfels.de/wp-content/uploads/2012/10/A-Züchterseminar1-731x1024.jpg 731w, https://www.neufundlaender-vom-baerenfels.de/wp-content/uploads/2012/10/A-Züchterseminar1-214x300.jpg 214w, https://www.neufundlaender-vom-baerenfels.de/wp-content/uploads/2012/10/A-Züchterseminar1.jpg 1251w" sizes="auto, (max-width: 584px) 100vw, 584px" /></a></p>

<p>Als seriöser Züchter im Allgemeinen Deutschen Klub für Neufundländer e.V ist die Teilnahme an einem Züchter-Seminar Pflicht. Dies wurde am 03.03.2012 in Weibersbrunn besucht.</p>
