{"id":5055,"date":"2017-07-02T12:08:49","date_gmt":"2017-07-02T11:08:49","guid":{"rendered":"http:\/\/www.neufundlaender-vom-baerenfels.de\/?page_id=5055"},"modified":"2017-09-09T10:23:19","modified_gmt":"2017-09-09T09:23:19","slug":"welpe-2-gelb","status":"publish","type":"page","link":"https:\/\/www.neufundlaender-vom-baerenfels.de\/?page_id=5055","title":{"rendered":"Welpe 2 Gelb"},"content":{"rendered":"<p>H\u00fcndin braun, gelbes B\u00e4ndchen<br \/>\ngeboren am 21.06.2017 um 20:00 Uhr<br \/>\nGeburtsgewicht: 600 g<\/p>\n<h1>Christa vom B\u00e4renfels<\/h1>\n<p>ausgezogen am 08.09.2017 nach Niedersachsen, Landkreis Helmstedt<\/p>\n<p>mit einem &#8222;\u00dcbergabegewicht&#8220; von 13 kg.<a href=\"https:\/\/www.neufundlaender-vom-baerenfels.de\/?attachment_id=5565\" rel=\"attachment wp-att-5565\"><img loading=\"lazy\" decoding=\"async\" class=\"aligncenter wp-image-5565\" src=\"https:\/\/www.neufundlaender-vom-baerenfels.de\/wp-content\/uploads\/2017\/07\/Welpe-2-Wendt.jpg\" alt=\"\" width=\"900\" height=\"1300\" srcset=\"https:\/\/www.neufundlaender-vom-baerenfels.de\/wp-content\/uploads\/2017\/07\/Welpe-2-Wendt.jpg 1063w, https:\/\/www.neufundlaender-vom-baerenfels.de\/wp-content\/uploads\/2017\/07\/Welpe-2-Wendt-208x300.jpg 208w, https:\/\/www.neufundlaender-vom-baerenfels.de\/wp-content\/uploads\/2017\/07\/Welpe-2-Wendt-768x1109.jpg 768w, https:\/\/www.neufundlaender-vom-baerenfels.de\/wp-content\/uploads\/2017\/07\/Welpe-2-Wendt-709x1024.jpg 709w\" sizes=\"auto, (max-width: 900px) 100vw, 900px\" \/><\/a><\/p>\n<p>&nbsp;<\/p>\n<div id='gallery-1' class='gallery galleryid-5055 gallery-columns-3 gallery-size-full'><figure class='gallery-item'>\n\t\t\t<div class='gallery-icon portrait'>\n\t\t\t\t<a href='https:\/\/www.neufundlaender-vom-baerenfels.de\/?attachment_id=4954'><img loading=\"lazy\" decoding=\"async\" width=\"1063\" height=\"1535\" src=\"https:\/\/www.neufundlaender-vom-baerenfels.de\/wp-content\/uploads\/2017\/06\/Teddybild-2-HG-240617.jpg\" class=\"attachment-full size-full\" alt=\"\" srcset=\"https:\/\/www.neufundlaender-vom-baerenfels.de\/wp-content\/uploads\/2017\/06\/Teddybild-2-HG-240617.jpg 1063w, https:\/\/www.neufundlaender-vom-baerenfels.de\/wp-content\/uploads\/2017\/06\/Teddybild-2-HG-240617-208x300.jpg 208w, https:\/\/www.neufundlaender-vom-baerenfels.de\/wp-content\/uploads\/2017\/06\/Teddybild-2-HG-240617-768x1109.jpg 768w, https:\/\/www.neufundlaender-vom-baerenfels.de\/wp-content\/uploads\/2017\/06\/Teddybild-2-HG-240617-709x1024.jpg 709w\" sizes=\"auto, (max-width: 1063px) 100vw, 1063px\" \/><\/a>\n\t\t\t<\/div><\/figure><figure class='gallery-item'>\n\t\t\t<div class='gallery-icon portrait'>\n\t\t\t\t<a href='https:\/\/www.neufundlaender-vom-baerenfels.de\/?attachment_id=4990'><img loading=\"lazy\" decoding=\"async\" width=\"1063\" height=\"1535\" src=\"https:\/\/www.neufundlaender-vom-baerenfels.de\/wp-content\/uploads\/2017\/06\/Teddybild-2-HG-010717.jpg\" class=\"attachment-full size-full\" alt=\"\" srcset=\"https:\/\/www.neufundlaender-vom-baerenfels.de\/wp-content\/uploads\/2017\/06\/Teddybild-2-HG-010717.jpg 1063w, https:\/\/www.neufundlaender-vom-baerenfels.de\/wp-content\/uploads\/2017\/06\/Teddybild-2-HG-010717-208x300.jpg 208w, https:\/\/www.neufundlaender-vom-baerenfels.de\/wp-content\/uploads\/2017\/06\/Teddybild-2-HG-010717-768x1109.jpg 768w, https:\/\/www.neufundlaender-vom-baerenfels.de\/wp-content\/uploads\/2017\/06\/Teddybild-2-HG-010717-709x1024.jpg 709w\" sizes=\"auto, (max-width: 1063px) 100vw, 1063px\" \/><\/a>\n\t\t\t<\/div><\/figure><figure class='gallery-item'>\n\t\t\t<div class='gallery-icon portrait'>\n\t\t\t\t<a href='https:\/\/www.neufundlaender-vom-baerenfels.de\/?attachment_id=5151'><img loading=\"lazy\" decoding=\"async\" width=\"1063\" height=\"1535\" src=\"https:\/\/www.neufundlaender-vom-baerenfels.de\/wp-content\/uploads\/2017\/06\/Teddybild-2-HG-080717.jpg\" class=\"attachment-full size-full\" alt=\"\" srcset=\"https:\/\/www.neufundlaender-vom-baerenfels.de\/wp-content\/uploads\/2017\/06\/Teddybild-2-HG-080717.jpg 1063w, https:\/\/www.neufundlaender-vom-baerenfels.de\/wp-content\/uploads\/2017\/06\/Teddybild-2-HG-080717-208x300.jpg 208w, https:\/\/www.neufundlaender-vom-baerenfels.de\/wp-content\/uploads\/2017\/06\/Teddybild-2-HG-080717-768x1109.jpg 768w, https:\/\/www.neufundlaender-vom-baerenfels.de\/wp-content\/uploads\/2017\/06\/Teddybild-2-HG-080717-709x1024.jpg 709w\" sizes=\"auto, (max-width: 1063px) 100vw, 1063px\" \/><\/a>\n\t\t\t<\/div><\/figure><figure class='gallery-item'>\n\t\t\t<div class='gallery-icon portrait'>\n\t\t\t\t<a href='https:\/\/www.neufundlaender-vom-baerenfels.de\/?attachment_id=5195'><img loading=\"lazy\" decoding=\"async\" width=\"1063\" height=\"1535\" src=\"https:\/\/www.neufundlaender-vom-baerenfels.de\/wp-content\/uploads\/2017\/06\/Teddybild-2-HG-150717.jpg\" class=\"attachment-full size-full\" alt=\"\" srcset=\"https:\/\/www.neufundlaender-vom-baerenfels.de\/wp-content\/uploads\/2017\/06\/Teddybild-2-HG-150717.jpg 1063w, https:\/\/www.neufundlaender-vom-baerenfels.de\/wp-content\/uploads\/2017\/06\/Teddybild-2-HG-150717-208x300.jpg 208w, https:\/\/www.neufundlaender-vom-baerenfels.de\/wp-content\/uploads\/2017\/06\/Teddybild-2-HG-150717-768x1109.jpg 768w, https:\/\/www.neufundlaender-vom-baerenfels.de\/wp-content\/uploads\/2017\/06\/Teddybild-2-HG-150717-709x1024.jpg 709w\" sizes=\"auto, (max-width: 1063px) 100vw, 1063px\" \/><\/a>\n\t\t\t<\/div><\/figure><figure class='gallery-item'>\n\t\t\t<div class='gallery-icon portrait'>\n\t\t\t\t<a href='https:\/\/www.neufundlaender-vom-baerenfels.de\/?attachment_id=5280'><img loading=\"lazy\" decoding=\"async\" width=\"1063\" height=\"1535\" src=\"https:\/\/www.neufundlaender-vom-baerenfels.de\/wp-content\/uploads\/2017\/06\/Teddybild-2-HG-220717.jpg\" class=\"attachment-full size-full\" alt=\"\" srcset=\"https:\/\/www.neufundlaender-vom-baerenfels.de\/wp-content\/uploads\/2017\/06\/Teddybild-2-HG-220717.jpg 1063w, https:\/\/www.neufundlaender-vom-baerenfels.de\/wp-content\/uploads\/2017\/06\/Teddybild-2-HG-220717-208x300.jpg 208w, https:\/\/www.neufundlaender-vom-baerenfels.de\/wp-content\/uploads\/2017\/06\/Teddybild-2-HG-220717-768x1109.jpg 768w, https:\/\/www.neufundlaender-vom-baerenfels.de\/wp-content\/uploads\/2017\/06\/Teddybild-2-HG-220717-709x1024.jpg 709w\" sizes=\"auto, (max-width: 1063px) 100vw, 1063px\" \/><\/a>\n\t\t\t<\/div><\/figure><figure class='gallery-item'>\n\t\t\t<div class='gallery-icon portrait'>\n\t\t\t\t<a href='https:\/\/www.neufundlaender-vom-baerenfels.de\/?attachment_id=5339'><img loading=\"lazy\" decoding=\"async\" width=\"1063\" height=\"1535\" src=\"https:\/\/www.neufundlaender-vom-baerenfels.de\/wp-content\/uploads\/2017\/06\/Teddybild-2-HG-290717-1.jpg\" class=\"attachment-full size-full\" alt=\"\" srcset=\"https:\/\/www.neufundlaender-vom-baerenfels.de\/wp-content\/uploads\/2017\/06\/Teddybild-2-HG-290717-1.jpg 1063w, https:\/\/www.neufundlaender-vom-baerenfels.de\/wp-content\/uploads\/2017\/06\/Teddybild-2-HG-290717-1-208x300.jpg 208w, https:\/\/www.neufundlaender-vom-baerenfels.de\/wp-content\/uploads\/2017\/06\/Teddybild-2-HG-290717-1-768x1109.jpg 768w, https:\/\/www.neufundlaender-vom-baerenfels.de\/wp-content\/uploads\/2017\/06\/Teddybild-2-HG-290717-1-709x1024.jpg 709w\" sizes=\"auto, (max-width: 1063px) 100vw, 1063px\" \/><\/a>\n\t\t\t<\/div><\/figure><figure class='gallery-item'>\n\t\t\t<div class='gallery-icon portrait'>\n\t\t\t\t<a href='https:\/\/www.neufundlaender-vom-baerenfels.de\/?attachment_id=5385'><img loading=\"lazy\" decoding=\"async\" width=\"1063\" height=\"1535\" src=\"https:\/\/www.neufundlaender-vom-baerenfels.de\/wp-content\/uploads\/2017\/06\/Welpe-2-H\u00fcndin-Gelb-050817.jpg\" class=\"attachment-full size-full\" alt=\"\" srcset=\"https:\/\/www.neufundlaender-vom-baerenfels.de\/wp-content\/uploads\/2017\/06\/Welpe-2-H\u00fcndin-Gelb-050817.jpg 1063w, https:\/\/www.neufundlaender-vom-baerenfels.de\/wp-content\/uploads\/2017\/06\/Welpe-2-H\u00fcndin-Gelb-050817-208x300.jpg 208w, https:\/\/www.neufundlaender-vom-baerenfels.de\/wp-content\/uploads\/2017\/06\/Welpe-2-H\u00fcndin-Gelb-050817-768x1109.jpg 768w, https:\/\/www.neufundlaender-vom-baerenfels.de\/wp-content\/uploads\/2017\/06\/Welpe-2-H\u00fcndin-Gelb-050817-709x1024.jpg 709w\" sizes=\"auto, (max-width: 1063px) 100vw, 1063px\" \/><\/a>\n\t\t\t<\/div><\/figure><figure class='gallery-item'>\n\t\t\t<div class='gallery-icon portrait'>\n\t\t\t\t<a href='https:\/\/www.neufundlaender-vom-baerenfels.de\/?attachment_id=5412'><img loading=\"lazy\" decoding=\"async\" width=\"1063\" height=\"1535\" src=\"https:\/\/www.neufundlaender-vom-baerenfels.de\/wp-content\/uploads\/2017\/06\/Welpe-2-H\u00fcndin-Gelb-120817.jpg\" class=\"attachment-full size-full\" alt=\"\" srcset=\"https:\/\/www.neufundlaender-vom-baerenfels.de\/wp-content\/uploads\/2017\/06\/Welpe-2-H\u00fcndin-Gelb-120817.jpg 1063w, https:\/\/www.neufundlaender-vom-baerenfels.de\/wp-content\/uploads\/2017\/06\/Welpe-2-H\u00fcndin-Gelb-120817-208x300.jpg 208w, https:\/\/www.neufundlaender-vom-baerenfels.de\/wp-content\/uploads\/2017\/06\/Welpe-2-H\u00fcndin-Gelb-120817-768x1109.jpg 768w, https:\/\/www.neufundlaender-vom-baerenfels.de\/wp-content\/uploads\/2017\/06\/Welpe-2-H\u00fcndin-Gelb-120817-709x1024.jpg 709w\" sizes=\"auto, (max-width: 1063px) 100vw, 1063px\" \/><\/a>\n\t\t\t<\/div><\/figure><figure class='gallery-item'>\n\t\t\t<div class='gallery-icon portrait'>\n\t\t\t\t<a href='https:\/\/www.neufundlaender-vom-baerenfels.de\/?attachment_id=5486'><img loading=\"lazy\" decoding=\"async\" width=\"1063\" height=\"1535\" src=\"https:\/\/www.neufundlaender-vom-baerenfels.de\/wp-content\/uploads\/2017\/06\/Welpe-2-H\u00fcndin-Gelb-190817.jpg\" class=\"attachment-full size-full\" alt=\"\" srcset=\"https:\/\/www.neufundlaender-vom-baerenfels.de\/wp-content\/uploads\/2017\/06\/Welpe-2-H\u00fcndin-Gelb-190817.jpg 1063w, https:\/\/www.neufundlaender-vom-baerenfels.de\/wp-content\/uploads\/2017\/06\/Welpe-2-H\u00fcndin-Gelb-190817-208x300.jpg 208w, https:\/\/www.neufundlaender-vom-baerenfels.de\/wp-content\/uploads\/2017\/06\/Welpe-2-H\u00fcndin-Gelb-190817-768x1109.jpg 768w, https:\/\/www.neufundlaender-vom-baerenfels.de\/wp-content\/uploads\/2017\/06\/Welpe-2-H\u00fcndin-Gelb-190817-709x1024.jpg 709w\" sizes=\"auto, (max-width: 1063px) 100vw, 1063px\" \/><\/a>\n\t\t\t<\/div><\/figure>\n\t\t<\/div>\n\n","protected":false},"excerpt":{"rendered":"<p>H\u00fcndin braun, gelbes B\u00e4ndchen geboren am 21.06.2017 um 20:00 Uhr Geburtsgewicht: 600 g Christa vom B\u00e4renfels ausgezogen am 08.09.2017 nach Niedersachsen, Landkreis Helmstedt mit einem &#8222;\u00dcbergabegewicht&#8220; von 13 kg. &nbsp;<\/p>\n","protected":false},"author":1,"featured_media":0,"parent":0,"menu_order":0,"comment_status":"closed","ping_status":"closed","template":"","meta":{"ngg_post_thumbnail":0,"footnotes":""},"class_list":["post-5055","page","type-page","status-publish","hentry"],"_links":{"self":[{"href":"https:\/\/www.neufundlaender-vom-baerenfels.de\/index.php?rest_route=\/wp\/v2\/pages\/5055","targetHints":{"allow":["GET"]}}],"collection":[{"href":"https:\/\/www.neufundlaender-vom-baerenfels.de\/index.php?rest_route=\/wp\/v2\/pages"}],"about":[{"href":"https:\/\/www.neufundlaender-vom-baerenfels.de\/index.php?rest_route=\/wp\/v2\/types\/page"}],"author":[{"embeddable":true,"href":"https:\/\/www.neufundlaender-vom-baerenfels.de\/index.php?rest_route=\/wp\/v2\/users\/1"}],"replies":[{"embeddable":true,"href":"https:\/\/www.neufundlaender-vom-baerenfels.de\/index.php?rest_route=%2Fwp%2Fv2%2Fcomments&post=5055"}],"version-history":[{"count":13,"href":"https:\/\/www.neufundlaender-vom-baerenfels.de\/index.php?rest_route=\/wp\/v2\/pages\/5055\/revisions"}],"predecessor-version":[{"id":5568,"href":"https:\/\/www.neufundlaender-vom-baerenfels.de\/index.php?rest_route=\/wp\/v2\/pages\/5055\/revisions\/5568"}],"wp:attachment":[{"href":"https:\/\/www.neufundlaender-vom-baerenfels.de\/index.php?rest_route=%2Fwp%2Fv2%2Fmedia&parent=5055"}],"curies":[{"name":"wp","href":"https:\/\/api.w.org\/{rel}","templated":true}]}}

<p>Hündin braun, gelbes Bändchen<br />
geboren am 21.06.2017 um 20:00 Uhr<br />
Geburtsgewicht: 600 g</p>
<h1>Christa vom Bärenfels</h1>
<p>ausgezogen am 08.09.2017 nach Niedersachsen, Landkreis Helmstedt</p>
<p>mit einem &#8222;Übergabegewicht&#8220; von 13 kg.<a href="https://www.neufundlaender-vom-baerenfels.de/?attachment_id=5565" rel="attachment wp-att-5565"><img loading="lazy" decoding="async" class="aligncenter wp-image-5565" src="https://www.neufundlaender-vom-baerenfels.de/wp-content/uploads/2017/07/Welpe-2-Wendt.jpg" alt="" width="900" height="1300" srcset="https://www.neufundlaender-vom-baerenfels.de/wp-content/uploads/2017/07/Welpe-2-Wendt.jpg 1063w, https://www.neufundlaender-vom-baerenfels.de/wp-content/uploads/2017/07/Welpe-2-Wendt-208x300.jpg 208w, https://www.neufundlaender-vom-baerenfels.de/wp-content/uploads/2017/07/Welpe-2-Wendt-768x1109.jpg 768w, https://www.neufundlaender-vom-baerenfels.de/wp-content/uploads/2017/07/Welpe-2-Wendt-709x1024.jpg 709w" sizes="auto, (max-width: 900px) 100vw, 900px" /></a></p>
<p>&nbsp;</p>
<div id='gallery-1' class='gallery galleryid-5055 gallery-columns-3 gallery-size-full'><figure class='gallery-item'>
			<div class='gallery-icon portrait'>
				<a href='https://www.neufundlaender-vom-baerenfels.de/?attachment_id=4954'><img loading="lazy" decoding="async" width="1063" height="1535" src="https://www.neufundlaender-vom-baerenfels.de/wp-content/uploads/2017/06/Teddybild-2-HG-240617.jpg" class="attachment-full size-full" alt="" srcset="https://www.neufundlaender-vom-baerenfels.de/wp-content/uploads/2017/06/Teddybild-2-HG-240617.jpg 1063w, https://www.neufundlaender-vom-baerenfels.de/wp-content/uploads/2017/06/Teddybild-2-HG-240617-208x300.jpg 208w, https://www.neufundlaender-vom-baerenfels.de/wp-content/uploads/2017/06/Teddybild-2-HG-240617-768x1109.jpg 768w, https://www.neufundlaender-vom-baerenfels.de/wp-content/uploads/2017/06/Teddybild-2-HG-240617-709x1024.jpg 709w" sizes="auto, (max-width: 1063px) 100vw, 1063px" /></a>
			</div></figure><figure class='gallery-item'>
			<div class='gallery-icon portrait'>
				<a href='https://www.neufundlaender-vom-baerenfels.de/?attachment_id=4990'><img loading="lazy" decoding="async" width="1063" height="1535" src="https://www.neufundlaender-vom-baerenfels.de/wp-content/uploads/2017/06/Teddybild-2-HG-010717.jpg" class="attachment-full size-full" alt="" srcset="https://www.neufundlaender-vom-baerenfels.de/wp-content/uploads/2017/06/Teddybild-2-HG-010717.jpg 1063w, https://www.neufundlaender-vom-baerenfels.de/wp-content/uploads/2017/06/Teddybild-2-HG-010717-208x300.jpg 208w, https://www.neufundlaender-vom-baerenfels.de/wp-content/uploads/2017/06/Teddybild-2-HG-010717-768x1109.jpg 768w, https://www.neufundlaender-vom-baerenfels.de/wp-content/uploads/2017/06/Teddybild-2-HG-010717-709x1024.jpg 709w" sizes="auto, (max-width: 1063px) 100vw, 1063px" /></a>
			</div></figure><figure class='gallery-item'>
			<div class='gallery-icon portrait'>
				<a href='https://www.neufundlaender-vom-baerenfels.de/?attachment_id=5151'><img loading="lazy" decoding="async" width="1063" height="1535" src="https://www.neufundlaender-vom-baerenfels.de/wp-content/uploads/2017/06/Teddybild-2-HG-080717.jpg" class="attachment-full size-full" alt="" srcset="https://www.neufundlaender-vom-baerenfels.de/wp-content/uploads/2017/06/Teddybild-2-HG-080717.jpg 1063w, https://www.neufundlaender-vom-baerenfels.de/wp-content/uploads/2017/06/Teddybild-2-HG-080717-208x300.jpg 208w, https://www.neufundlaender-vom-baerenfels.de/wp-content/uploads/2017/06/Teddybild-2-HG-080717-768x1109.jpg 768w, https://www.neufundlaender-vom-baerenfels.de/wp-content/uploads/2017/06/Teddybild-2-HG-080717-709x1024.jpg 709w" sizes="auto, (max-width: 1063px) 100vw, 1063px" /></a>
			</div></figure><figure class='gallery-item'>
			<div class='gallery-icon portrait'>
				<a href='https://www.neufundlaender-vom-baerenfels.de/?attachment_id=5195'><img loading="lazy" decoding="async" width="1063" height="1535" src="https://www.neufundlaender-vom-baerenfels.de/wp-content/uploads/2017/06/Teddybild-2-HG-150717.jpg" class="attachment-full size-full" alt="" srcset="https://www.neufundlaender-vom-baerenfels.de/wp-content/uploads/2017/06/Teddybild-2-HG-150717.jpg 1063w, https://www.neufundlaender-vom-baerenfels.de/wp-content/uploads/2017/06/Teddybild-2-HG-150717-208x300.jpg 208w, https://www.neufundlaender-vom-baerenfels.de/wp-content/uploads/2017/06/Teddybild-2-HG-150717-768x1109.jpg 768w, https://www.neufundlaender-vom-baerenfels.de/wp-content/uploads/2017/06/Teddybild-2-HG-150717-709x1024.jpg 709w" sizes="auto, (max-width: 1063px) 100vw, 1063px" /></a>
			</div></figure><figure class='gallery-item'>
			<div class='gallery-icon portrait'>
				<a href='https://www.neufundlaender-vom-baerenfels.de/?attachment_id=5280'><img loading="lazy" decoding="async" width="1063" height="1535" src="https://www.neufundlaender-vom-baerenfels.de/wp-content/uploads/2017/06/Teddybild-2-HG-220717.jpg" class="attachment-full size-full" alt="" srcset="https://www.neufundlaender-vom-baerenfels.de/wp-content/uploads/2017/06/Teddybild-2-HG-220717.jpg 1063w, https://www.neufundlaender-vom-baerenfels.de/wp-content/uploads/2017/06/Teddybild-2-HG-220717-208x300.jpg 208w, https://www.neufundlaender-vom-baerenfels.de/wp-content/uploads/2017/06/Teddybild-2-HG-220717-768x1109.jpg 768w, https://www.neufundlaender-vom-baerenfels.de/wp-content/uploads/2017/06/Teddybild-2-HG-220717-709x1024.jpg 709w" sizes="auto, (max-width: 1063px) 100vw, 1063px" /></a>
			</div></figure><figure class='gallery-item'>
			<div class='gallery-icon portrait'>
				<a href='https://www.neufundlaender-vom-baerenfels.de/?attachment_id=5339'><img loading="lazy" decoding="async" width="1063" height="1535" src="https://www.neufundlaender-vom-baerenfels.de/wp-content/uploads/2017/06/Teddybild-2-HG-290717-1.jpg" class="attachment-full size-full" alt="" srcset="https://www.neufundlaender-vom-baerenfels.de/wp-content/uploads/2017/06/Teddybild-2-HG-290717-1.jpg 1063w, https://www.neufundlaender-vom-baerenfels.de/wp-content/uploads/2017/06/Teddybild-2-HG-290717-1-208x300.jpg 208w, https://www.neufundlaender-vom-baerenfels.de/wp-content/uploads/2017/06/Teddybild-2-HG-290717-1-768x1109.jpg 768w, https://www.neufundlaender-vom-baerenfels.de/wp-content/uploads/2017/06/Teddybild-2-HG-290717-1-709x1024.jpg 709w" sizes="auto, (max-width: 1063px) 100vw, 1063px" /></a>
			</div></figure><figure class='gallery-item'>
			<div class='gallery-icon portrait'>
				<a href='https://www.neufundlaender-vom-baerenfels.de/?attachment_id=5385'><img loading="lazy" decoding="async" width="1063" height="1535" src="https://www.neufundlaender-vom-baerenfels.de/wp-content/uploads/2017/06/Welpe-2-Hündin-Gelb-050817.jpg" class="attachment-full size-full" alt="" srcset="https://www.neufundlaender-vom-baerenfels.de/wp-content/uploads/2017/06/Welpe-2-Hündin-Gelb-050817.jpg 1063w, https://www.neufundlaender-vom-baerenfels.de/wp-content/uploads/2017/06/Welpe-2-Hündin-Gelb-050817-208x300.jpg 208w, https://www.neufundlaender-vom-baerenfels.de/wp-content/uploads/2017/06/Welpe-2-Hündin-Gelb-050817-768x1109.jpg 768w, https://www.neufundlaender-vom-baerenfels.de/wp-content/uploads/2017/06/Welpe-2-Hündin-Gelb-050817-709x1024.jpg 709w" sizes="auto, (max-width: 1063px) 100vw, 1063px" /></a>
			</div></figure><figure class='gallery-item'>
			<div class='gallery-icon portrait'>
				<a href='https://www.neufundlaender-vom-baerenfels.de/?attachment_id=5412'><img loading="lazy" decoding="async" width="1063" height="1535" src="https://www.neufundlaender-vom-baerenfels.de/wp-content/uploads/2017/06/Welpe-2-Hündin-Gelb-120817.jpg" class="attachment-full size-full" alt="" srcset="https://www.neufundlaender-vom-baerenfels.de/wp-content/uploads/2017/06/Welpe-2-Hündin-Gelb-120817.jpg 1063w, https://www.neufundlaender-vom-baerenfels.de/wp-content/uploads/2017/06/Welpe-2-Hündin-Gelb-120817-208x300.jpg 208w, https://www.neufundlaender-vom-baerenfels.de/wp-content/uploads/2017/06/Welpe-2-Hündin-Gelb-120817-768x1109.jpg 768w, https://www.neufundlaender-vom-baerenfels.de/wp-content/uploads/2017/06/Welpe-2-Hündin-Gelb-120817-709x1024.jpg 709w" sizes="auto, (max-width: 1063px) 100vw, 1063px" /></a>
			</div></figure><figure class='gallery-item'>
			<div class='gallery-icon portrait'>
				<a href='https://www.neufundlaender-vom-baerenfels.de/?attachment_id=5486'><img loading="lazy" decoding="async" width="1063" height="1535" src="https://www.neufundlaender-vom-baerenfels.de/wp-content/uploads/2017/06/Welpe-2-Hündin-Gelb-190817.jpg" class="attachment-full size-full" alt="" srcset="https://www.neufundlaender-vom-baerenfels.de/wp-content/uploads/2017/06/Welpe-2-Hündin-Gelb-190817.jpg 1063w, https://www.neufundlaender-vom-baerenfels.de/wp-content/uploads/2017/06/Welpe-2-Hündin-Gelb-190817-208x300.jpg 208w, https://www.neufundlaender-vom-baerenfels.de/wp-content/uploads/2017/06/Welpe-2-Hündin-Gelb-190817-768x1109.jpg 768w, https://www.neufundlaender-vom-baerenfels.de/wp-content/uploads/2017/06/Welpe-2-Hündin-Gelb-190817-709x1024.jpg 709w" sizes="auto, (max-width: 1063px) 100vw, 1063px" /></a>
			</div></figure>
		</div>

<p>Hündin braun, gelbes Bändchen geboren am 21.06.2017 um 20:00 Uhr Geburtsgewicht: 600 g Christa vom Bärenfels ausgezogen am 08.09.2017 nach Niedersachsen, Landkreis Helmstedt mit einem &#8222;Übergabegewicht&#8220; von 13 kg. &nbsp;</p>
