{"id":5061,"date":"2017-07-02T12:13:24","date_gmt":"2017-07-02T11:13:24","guid":{"rendered":"http:\/\/www.neufundlaender-vom-baerenfels.de\/?page_id=5061"},"modified":"2017-08-28T21:06:32","modified_gmt":"2017-08-28T20:06:32","slug":"welpe-5-hellblau","status":"publish","type":"page","link":"https:\/\/www.neufundlaender-vom-baerenfels.de\/?page_id=5061","title":{"rendered":"Welpe 5 Hellblau"},"content":{"rendered":"<p>R\u00fcde braun, hellblaues B\u00e4ndchen<br \/>\ngeboren am 21.06.2017 um 22:20 Uhr<br \/>\nGeburtsgewicht: 480 g<\/p>\n<h1>Caruso vom B\u00e4renfels<\/h1>\n<p>ist umgezogen am 27.08.2017 nach Hessen in den Wetteraukreis, Regierungsbezirk Darmstadt.<\/p>\n<p>mit einem &#8222;\u00dcbergabegewicht&#8220; von 10,9 kg.<br \/>\n<a href=\"https:\/\/www.neufundlaender-vom-baerenfels.de\/?attachment_id=5542\" rel=\"attachment wp-att-5542\"><img loading=\"lazy\" decoding=\"async\" class=\"aligncenter wp-image-5542\" src=\"https:\/\/www.neufundlaender-vom-baerenfels.de\/wp-content\/uploads\/2017\/07\/A-Adam-Hellblau.jpg\" alt=\"\" width=\"900\" height=\"1300\" srcset=\"https:\/\/www.neufundlaender-vom-baerenfels.de\/wp-content\/uploads\/2017\/07\/A-Adam-Hellblau.jpg 1063w, https:\/\/www.neufundlaender-vom-baerenfels.de\/wp-content\/uploads\/2017\/07\/A-Adam-Hellblau-208x300.jpg 208w, https:\/\/www.neufundlaender-vom-baerenfels.de\/wp-content\/uploads\/2017\/07\/A-Adam-Hellblau-768x1109.jpg 768w, https:\/\/www.neufundlaender-vom-baerenfels.de\/wp-content\/uploads\/2017\/07\/A-Adam-Hellblau-709x1024.jpg 709w\" sizes=\"auto, (max-width: 900px) 100vw, 900px\" \/><\/a><\/p>\n<div id='gallery-1' class='gallery galleryid-5061 gallery-columns-3 gallery-size-full'><figure class='gallery-item'>\n\t\t\t<div class='gallery-icon portrait'>\n\t\t\t\t<a href='https:\/\/www.neufundlaender-vom-baerenfels.de\/?attachment_id=4958'><img loading=\"lazy\" decoding=\"async\" width=\"1063\" height=\"1535\" src=\"https:\/\/www.neufundlaender-vom-baerenfels.de\/wp-content\/uploads\/2017\/06\/Teddybild-5-RHB-240617.jpg\" class=\"attachment-full size-full\" alt=\"\" srcset=\"https:\/\/www.neufundlaender-vom-baerenfels.de\/wp-content\/uploads\/2017\/06\/Teddybild-5-RHB-240617.jpg 1063w, https:\/\/www.neufundlaender-vom-baerenfels.de\/wp-content\/uploads\/2017\/06\/Teddybild-5-RHB-240617-208x300.jpg 208w, https:\/\/www.neufundlaender-vom-baerenfels.de\/wp-content\/uploads\/2017\/06\/Teddybild-5-RHB-240617-768x1109.jpg 768w, https:\/\/www.neufundlaender-vom-baerenfels.de\/wp-content\/uploads\/2017\/06\/Teddybild-5-RHB-240617-709x1024.jpg 709w\" sizes=\"auto, (max-width: 1063px) 100vw, 1063px\" \/><\/a>\n\t\t\t<\/div><\/figure><figure class='gallery-item'>\n\t\t\t<div class='gallery-icon portrait'>\n\t\t\t\t<a href='https:\/\/www.neufundlaender-vom-baerenfels.de\/?attachment_id=4993'><img loading=\"lazy\" decoding=\"async\" width=\"1063\" height=\"1535\" src=\"https:\/\/www.neufundlaender-vom-baerenfels.de\/wp-content\/uploads\/2017\/06\/Teddybild-5-RHB-010717.jpg\" class=\"attachment-full size-full\" alt=\"\" srcset=\"https:\/\/www.neufundlaender-vom-baerenfels.de\/wp-content\/uploads\/2017\/06\/Teddybild-5-RHB-010717.jpg 1063w, https:\/\/www.neufundlaender-vom-baerenfels.de\/wp-content\/uploads\/2017\/06\/Teddybild-5-RHB-010717-208x300.jpg 208w, https:\/\/www.neufundlaender-vom-baerenfels.de\/wp-content\/uploads\/2017\/06\/Teddybild-5-RHB-010717-768x1109.jpg 768w, https:\/\/www.neufundlaender-vom-baerenfels.de\/wp-content\/uploads\/2017\/06\/Teddybild-5-RHB-010717-709x1024.jpg 709w\" sizes=\"auto, (max-width: 1063px) 100vw, 1063px\" \/><\/a>\n\t\t\t<\/div><\/figure><figure class='gallery-item'>\n\t\t\t<div class='gallery-icon portrait'>\n\t\t\t\t<a href='https:\/\/www.neufundlaender-vom-baerenfels.de\/?attachment_id=5148'><img loading=\"lazy\" decoding=\"async\" width=\"1063\" height=\"1535\" src=\"https:\/\/www.neufundlaender-vom-baerenfels.de\/wp-content\/uploads\/2017\/06\/Teddybild-5-RHB-080717.jpg\" class=\"attachment-full size-full\" alt=\"\" srcset=\"https:\/\/www.neufundlaender-vom-baerenfels.de\/wp-content\/uploads\/2017\/06\/Teddybild-5-RHB-080717.jpg 1063w, https:\/\/www.neufundlaender-vom-baerenfels.de\/wp-content\/uploads\/2017\/06\/Teddybild-5-RHB-080717-208x300.jpg 208w, https:\/\/www.neufundlaender-vom-baerenfels.de\/wp-content\/uploads\/2017\/06\/Teddybild-5-RHB-080717-768x1109.jpg 768w, https:\/\/www.neufundlaender-vom-baerenfels.de\/wp-content\/uploads\/2017\/06\/Teddybild-5-RHB-080717-709x1024.jpg 709w\" sizes=\"auto, (max-width: 1063px) 100vw, 1063px\" \/><\/a>\n\t\t\t<\/div><\/figure><figure class='gallery-item'>\n\t\t\t<div class='gallery-icon portrait'>\n\t\t\t\t<a href='https:\/\/www.neufundlaender-vom-baerenfels.de\/?attachment_id=5192'><img loading=\"lazy\" decoding=\"async\" width=\"1063\" height=\"1535\" src=\"https:\/\/www.neufundlaender-vom-baerenfels.de\/wp-content\/uploads\/2017\/06\/Teddybild-5-RHB-150717.jpg\" class=\"attachment-full size-full\" alt=\"\" srcset=\"https:\/\/www.neufundlaender-vom-baerenfels.de\/wp-content\/uploads\/2017\/06\/Teddybild-5-RHB-150717.jpg 1063w, https:\/\/www.neufundlaender-vom-baerenfels.de\/wp-content\/uploads\/2017\/06\/Teddybild-5-RHB-150717-208x300.jpg 208w, https:\/\/www.neufundlaender-vom-baerenfels.de\/wp-content\/uploads\/2017\/06\/Teddybild-5-RHB-150717-768x1109.jpg 768w, https:\/\/www.neufundlaender-vom-baerenfels.de\/wp-content\/uploads\/2017\/06\/Teddybild-5-RHB-150717-709x1024.jpg 709w\" sizes=\"auto, (max-width: 1063px) 100vw, 1063px\" \/><\/a>\n\t\t\t<\/div><\/figure><figure class='gallery-item'>\n\t\t\t<div class='gallery-icon portrait'>\n\t\t\t\t<a href='https:\/\/www.neufundlaender-vom-baerenfels.de\/?attachment_id=5277'><img loading=\"lazy\" decoding=\"async\" width=\"1063\" height=\"1535\" src=\"https:\/\/www.neufundlaender-vom-baerenfels.de\/wp-content\/uploads\/2017\/06\/Teddybild-5-RHB-220717.jpg\" class=\"attachment-full size-full\" alt=\"\" srcset=\"https:\/\/www.neufundlaender-vom-baerenfels.de\/wp-content\/uploads\/2017\/06\/Teddybild-5-RHB-220717.jpg 1063w, https:\/\/www.neufundlaender-vom-baerenfels.de\/wp-content\/uploads\/2017\/06\/Teddybild-5-RHB-220717-208x300.jpg 208w, https:\/\/www.neufundlaender-vom-baerenfels.de\/wp-content\/uploads\/2017\/06\/Teddybild-5-RHB-220717-768x1109.jpg 768w, https:\/\/www.neufundlaender-vom-baerenfels.de\/wp-content\/uploads\/2017\/06\/Teddybild-5-RHB-220717-709x1024.jpg 709w\" sizes=\"auto, (max-width: 1063px) 100vw, 1063px\" \/><\/a>\n\t\t\t<\/div><\/figure><figure class='gallery-item'>\n\t\t\t<div class='gallery-icon portrait'>\n\t\t\t\t<a href='https:\/\/www.neufundlaender-vom-baerenfels.de\/?attachment_id=5330'><img loading=\"lazy\" decoding=\"async\" width=\"1063\" height=\"1535\" src=\"https:\/\/www.neufundlaender-vom-baerenfels.de\/wp-content\/uploads\/2017\/06\/Teddybild-5-RHB-290717.jpg\" class=\"attachment-full size-full\" alt=\"\" srcset=\"https:\/\/www.neufundlaender-vom-baerenfels.de\/wp-content\/uploads\/2017\/06\/Teddybild-5-RHB-290717.jpg 1063w, https:\/\/www.neufundlaender-vom-baerenfels.de\/wp-content\/uploads\/2017\/06\/Teddybild-5-RHB-290717-208x300.jpg 208w, https:\/\/www.neufundlaender-vom-baerenfels.de\/wp-content\/uploads\/2017\/06\/Teddybild-5-RHB-290717-768x1109.jpg 768w, https:\/\/www.neufundlaender-vom-baerenfels.de\/wp-content\/uploads\/2017\/06\/Teddybild-5-RHB-290717-709x1024.jpg 709w\" sizes=\"auto, (max-width: 1063px) 100vw, 1063px\" \/><\/a>\n\t\t\t<\/div><\/figure><figure class='gallery-item'>\n\t\t\t<div class='gallery-icon portrait'>\n\t\t\t\t<a href='https:\/\/www.neufundlaender-vom-baerenfels.de\/?attachment_id=5388'><img loading=\"lazy\" decoding=\"async\" width=\"1063\" height=\"1535\" src=\"https:\/\/www.neufundlaender-vom-baerenfels.de\/wp-content\/uploads\/2017\/06\/Welpe-5-R\u00fcde-Hellblau-050817.jpg\" class=\"attachment-full size-full\" alt=\"\" srcset=\"https:\/\/www.neufundlaender-vom-baerenfels.de\/wp-content\/uploads\/2017\/06\/Welpe-5-R\u00fcde-Hellblau-050817.jpg 1063w, https:\/\/www.neufundlaender-vom-baerenfels.de\/wp-content\/uploads\/2017\/06\/Welpe-5-R\u00fcde-Hellblau-050817-208x300.jpg 208w, https:\/\/www.neufundlaender-vom-baerenfels.de\/wp-content\/uploads\/2017\/06\/Welpe-5-R\u00fcde-Hellblau-050817-768x1109.jpg 768w, https:\/\/www.neufundlaender-vom-baerenfels.de\/wp-content\/uploads\/2017\/06\/Welpe-5-R\u00fcde-Hellblau-050817-709x1024.jpg 709w\" sizes=\"auto, (max-width: 1063px) 100vw, 1063px\" \/><\/a>\n\t\t\t<\/div><\/figure><figure class='gallery-item'>\n\t\t\t<div class='gallery-icon portrait'>\n\t\t\t\t<a href='https:\/\/www.neufundlaender-vom-baerenfels.de\/?attachment_id=5415'><img loading=\"lazy\" decoding=\"async\" width=\"1063\" height=\"1535\" src=\"https:\/\/www.neufundlaender-vom-baerenfels.de\/wp-content\/uploads\/2017\/06\/Welpe-5-R\u00fcde-Hellblau-120817.jpg\" class=\"attachment-full size-full\" alt=\"\" srcset=\"https:\/\/www.neufundlaender-vom-baerenfels.de\/wp-content\/uploads\/2017\/06\/Welpe-5-R\u00fcde-Hellblau-120817.jpg 1063w, https:\/\/www.neufundlaender-vom-baerenfels.de\/wp-content\/uploads\/2017\/06\/Welpe-5-R\u00fcde-Hellblau-120817-208x300.jpg 208w, https:\/\/www.neufundlaender-vom-baerenfels.de\/wp-content\/uploads\/2017\/06\/Welpe-5-R\u00fcde-Hellblau-120817-768x1109.jpg 768w, https:\/\/www.neufundlaender-vom-baerenfels.de\/wp-content\/uploads\/2017\/06\/Welpe-5-R\u00fcde-Hellblau-120817-709x1024.jpg 709w\" sizes=\"auto, (max-width: 1063px) 100vw, 1063px\" \/><\/a>\n\t\t\t<\/div><\/figure><figure class='gallery-item'>\n\t\t\t<div class='gallery-icon portrait'>\n\t\t\t\t<a href='https:\/\/www.neufundlaender-vom-baerenfels.de\/?attachment_id=5489'><img loading=\"lazy\" decoding=\"async\" width=\"1063\" height=\"1535\" src=\"https:\/\/www.neufundlaender-vom-baerenfels.de\/wp-content\/uploads\/2017\/06\/Welpe-5-R\u00fcde-Hellblau-190817.jpg\" class=\"attachment-full size-full\" alt=\"\" srcset=\"https:\/\/www.neufundlaender-vom-baerenfels.de\/wp-content\/uploads\/2017\/06\/Welpe-5-R\u00fcde-Hellblau-190817.jpg 1063w, https:\/\/www.neufundlaender-vom-baerenfels.de\/wp-content\/uploads\/2017\/06\/Welpe-5-R\u00fcde-Hellblau-190817-208x300.jpg 208w, https:\/\/www.neufundlaender-vom-baerenfels.de\/wp-content\/uploads\/2017\/06\/Welpe-5-R\u00fcde-Hellblau-190817-768x1109.jpg 768w, https:\/\/www.neufundlaender-vom-baerenfels.de\/wp-content\/uploads\/2017\/06\/Welpe-5-R\u00fcde-Hellblau-190817-709x1024.jpg 709w\" sizes=\"auto, (max-width: 1063px) 100vw, 1063px\" \/><\/a>\n\t\t\t<\/div><\/figure>\n\t\t<\/div>\n\n","protected":false},"excerpt":{"rendered":"<p>R\u00fcde braun, hellblaues B\u00e4ndchen geboren am 21.06.2017 um 22:20 Uhr Geburtsgewicht: 480 g Caruso vom B\u00e4renfels ist umgezogen am 27.08.2017 nach Hessen in den Wetteraukreis, Regierungsbezirk Darmstadt. mit einem &#8222;\u00dcbergabegewicht&#8220; von 10,9 kg.<\/p>\n","protected":false},"author":1,"featured_media":0,"parent":0,"menu_order":0,"comment_status":"closed","ping_status":"closed","template":"","meta":{"ngg_post_thumbnail":0,"footnotes":""},"class_list":["post-5061","page","type-page","status-publish","hentry"],"_links":{"self":[{"href":"https:\/\/www.neufundlaender-vom-baerenfels.de\/index.php?rest_route=\/wp\/v2\/pages\/5061","targetHints":{"allow":["GET"]}}],"collection":[{"href":"https:\/\/www.neufundlaender-vom-baerenfels.de\/index.php?rest_route=\/wp\/v2\/pages"}],"about":[{"href":"https:\/\/www.neufundlaender-vom-baerenfels.de\/index.php?rest_route=\/wp\/v2\/types\/page"}],"author":[{"embeddable":true,"href":"https:\/\/www.neufundlaender-vom-baerenfels.de\/index.php?rest_route=\/wp\/v2\/users\/1"}],"replies":[{"embeddable":true,"href":"https:\/\/www.neufundlaender-vom-baerenfels.de\/index.php?rest_route=%2Fwp%2Fv2%2Fcomments&post=5061"}],"version-history":[{"count":13,"href":"https:\/\/www.neufundlaender-vom-baerenfels.de\/index.php?rest_route=\/wp\/v2\/pages\/5061\/revisions"}],"predecessor-version":[{"id":5549,"href":"https:\/\/www.neufundlaender-vom-baerenfels.de\/index.php?rest_route=\/wp\/v2\/pages\/5061\/revisions\/5549"}],"wp:attachment":[{"href":"https:\/\/www.neufundlaender-vom-baerenfels.de\/index.php?rest_route=%2Fwp%2Fv2%2Fmedia&parent=5061"}],"curies":[{"name":"wp","href":"https:\/\/api.w.org\/{rel}","templated":true}]}}

<p>Rüde braun, hellblaues Bändchen<br />
geboren am 21.06.2017 um 22:20 Uhr<br />
Geburtsgewicht: 480 g</p>
<h1>Caruso vom Bärenfels</h1>
<p>ist umgezogen am 27.08.2017 nach Hessen in den Wetteraukreis, Regierungsbezirk Darmstadt.</p>
<p>mit einem &#8222;Übergabegewicht&#8220; von 10,9 kg.<br />
<a href="https://www.neufundlaender-vom-baerenfels.de/?attachment_id=5542" rel="attachment wp-att-5542"><img loading="lazy" decoding="async" class="aligncenter wp-image-5542" src="https://www.neufundlaender-vom-baerenfels.de/wp-content/uploads/2017/07/A-Adam-Hellblau.jpg" alt="" width="900" height="1300" srcset="https://www.neufundlaender-vom-baerenfels.de/wp-content/uploads/2017/07/A-Adam-Hellblau.jpg 1063w, https://www.neufundlaender-vom-baerenfels.de/wp-content/uploads/2017/07/A-Adam-Hellblau-208x300.jpg 208w, https://www.neufundlaender-vom-baerenfels.de/wp-content/uploads/2017/07/A-Adam-Hellblau-768x1109.jpg 768w, https://www.neufundlaender-vom-baerenfels.de/wp-content/uploads/2017/07/A-Adam-Hellblau-709x1024.jpg 709w" sizes="auto, (max-width: 900px) 100vw, 900px" /></a></p>
<div id='gallery-1' class='gallery galleryid-5061 gallery-columns-3 gallery-size-full'><figure class='gallery-item'>
			<div class='gallery-icon portrait'>
				<a href='https://www.neufundlaender-vom-baerenfels.de/?attachment_id=4958'><img loading="lazy" decoding="async" width="1063" height="1535" src="https://www.neufundlaender-vom-baerenfels.de/wp-content/uploads/2017/06/Teddybild-5-RHB-240617.jpg" class="attachment-full size-full" alt="" srcset="https://www.neufundlaender-vom-baerenfels.de/wp-content/uploads/2017/06/Teddybild-5-RHB-240617.jpg 1063w, https://www.neufundlaender-vom-baerenfels.de/wp-content/uploads/2017/06/Teddybild-5-RHB-240617-208x300.jpg 208w, https://www.neufundlaender-vom-baerenfels.de/wp-content/uploads/2017/06/Teddybild-5-RHB-240617-768x1109.jpg 768w, https://www.neufundlaender-vom-baerenfels.de/wp-content/uploads/2017/06/Teddybild-5-RHB-240617-709x1024.jpg 709w" sizes="auto, (max-width: 1063px) 100vw, 1063px" /></a>
			</div></figure><figure class='gallery-item'>
			<div class='gallery-icon portrait'>
				<a href='https://www.neufundlaender-vom-baerenfels.de/?attachment_id=4993'><img loading="lazy" decoding="async" width="1063" height="1535" src="https://www.neufundlaender-vom-baerenfels.de/wp-content/uploads/2017/06/Teddybild-5-RHB-010717.jpg" class="attachment-full size-full" alt="" srcset="https://www.neufundlaender-vom-baerenfels.de/wp-content/uploads/2017/06/Teddybild-5-RHB-010717.jpg 1063w, https://www.neufundlaender-vom-baerenfels.de/wp-content/uploads/2017/06/Teddybild-5-RHB-010717-208x300.jpg 208w, https://www.neufundlaender-vom-baerenfels.de/wp-content/uploads/2017/06/Teddybild-5-RHB-010717-768x1109.jpg 768w, https://www.neufundlaender-vom-baerenfels.de/wp-content/uploads/2017/06/Teddybild-5-RHB-010717-709x1024.jpg 709w" sizes="auto, (max-width: 1063px) 100vw, 1063px" /></a>
			</div></figure><figure class='gallery-item'>
			<div class='gallery-icon portrait'>
				<a href='https://www.neufundlaender-vom-baerenfels.de/?attachment_id=5148'><img loading="lazy" decoding="async" width="1063" height="1535" src="https://www.neufundlaender-vom-baerenfels.de/wp-content/uploads/2017/06/Teddybild-5-RHB-080717.jpg" class="attachment-full size-full" alt="" srcset="https://www.neufundlaender-vom-baerenfels.de/wp-content/uploads/2017/06/Teddybild-5-RHB-080717.jpg 1063w, https://www.neufundlaender-vom-baerenfels.de/wp-content/uploads/2017/06/Teddybild-5-RHB-080717-208x300.jpg 208w, https://www.neufundlaender-vom-baerenfels.de/wp-content/uploads/2017/06/Teddybild-5-RHB-080717-768x1109.jpg 768w, https://www.neufundlaender-vom-baerenfels.de/wp-content/uploads/2017/06/Teddybild-5-RHB-080717-709x1024.jpg 709w" sizes="auto, (max-width: 1063px) 100vw, 1063px" /></a>
			</div></figure><figure class='gallery-item'>
			<div class='gallery-icon portrait'>
				<a href='https://www.neufundlaender-vom-baerenfels.de/?attachment_id=5192'><img loading="lazy" decoding="async" width="1063" height="1535" src="https://www.neufundlaender-vom-baerenfels.de/wp-content/uploads/2017/06/Teddybild-5-RHB-150717.jpg" class="attachment-full size-full" alt="" srcset="https://www.neufundlaender-vom-baerenfels.de/wp-content/uploads/2017/06/Teddybild-5-RHB-150717.jpg 1063w, https://www.neufundlaender-vom-baerenfels.de/wp-content/uploads/2017/06/Teddybild-5-RHB-150717-208x300.jpg 208w, https://www.neufundlaender-vom-baerenfels.de/wp-content/uploads/2017/06/Teddybild-5-RHB-150717-768x1109.jpg 768w, https://www.neufundlaender-vom-baerenfels.de/wp-content/uploads/2017/06/Teddybild-5-RHB-150717-709x1024.jpg 709w" sizes="auto, (max-width: 1063px) 100vw, 1063px" /></a>
			</div></figure><figure class='gallery-item'>
			<div class='gallery-icon portrait'>
				<a href='https://www.neufundlaender-vom-baerenfels.de/?attachment_id=5277'><img loading="lazy" decoding="async" width="1063" height="1535" src="https://www.neufundlaender-vom-baerenfels.de/wp-content/uploads/2017/06/Teddybild-5-RHB-220717.jpg" class="attachment-full size-full" alt="" srcset="https://www.neufundlaender-vom-baerenfels.de/wp-content/uploads/2017/06/Teddybild-5-RHB-220717.jpg 1063w, https://www.neufundlaender-vom-baerenfels.de/wp-content/uploads/2017/06/Teddybild-5-RHB-220717-208x300.jpg 208w, https://www.neufundlaender-vom-baerenfels.de/wp-content/uploads/2017/06/Teddybild-5-RHB-220717-768x1109.jpg 768w, https://www.neufundlaender-vom-baerenfels.de/wp-content/uploads/2017/06/Teddybild-5-RHB-220717-709x1024.jpg 709w" sizes="auto, (max-width: 1063px) 100vw, 1063px" /></a>
			</div></figure><figure class='gallery-item'>
			<div class='gallery-icon portrait'>
				<a href='https://www.neufundlaender-vom-baerenfels.de/?attachment_id=5330'><img loading="lazy" decoding="async" width="1063" height="1535" src="https://www.neufundlaender-vom-baerenfels.de/wp-content/uploads/2017/06/Teddybild-5-RHB-290717.jpg" class="attachment-full size-full" alt="" srcset="https://www.neufundlaender-vom-baerenfels.de/wp-content/uploads/2017/06/Teddybild-5-RHB-290717.jpg 1063w, https://www.neufundlaender-vom-baerenfels.de/wp-content/uploads/2017/06/Teddybild-5-RHB-290717-208x300.jpg 208w, https://www.neufundlaender-vom-baerenfels.de/wp-content/uploads/2017/06/Teddybild-5-RHB-290717-768x1109.jpg 768w, https://www.neufundlaender-vom-baerenfels.de/wp-content/uploads/2017/06/Teddybild-5-RHB-290717-709x1024.jpg 709w" sizes="auto, (max-width: 1063px) 100vw, 1063px" /></a>
			</div></figure><figure class='gallery-item'>
			<div class='gallery-icon portrait'>
				<a href='https://www.neufundlaender-vom-baerenfels.de/?attachment_id=5388'><img loading="lazy" decoding="async" width="1063" height="1535" src="https://www.neufundlaender-vom-baerenfels.de/wp-content/uploads/2017/06/Welpe-5-Rüde-Hellblau-050817.jpg" class="attachment-full size-full" alt="" srcset="https://www.neufundlaender-vom-baerenfels.de/wp-content/uploads/2017/06/Welpe-5-Rüde-Hellblau-050817.jpg 1063w, https://www.neufundlaender-vom-baerenfels.de/wp-content/uploads/2017/06/Welpe-5-Rüde-Hellblau-050817-208x300.jpg 208w, https://www.neufundlaender-vom-baerenfels.de/wp-content/uploads/2017/06/Welpe-5-Rüde-Hellblau-050817-768x1109.jpg 768w, https://www.neufundlaender-vom-baerenfels.de/wp-content/uploads/2017/06/Welpe-5-Rüde-Hellblau-050817-709x1024.jpg 709w" sizes="auto, (max-width: 1063px) 100vw, 1063px" /></a>
			</div></figure><figure class='gallery-item'>
			<div class='gallery-icon portrait'>
				<a href='https://www.neufundlaender-vom-baerenfels.de/?attachment_id=5415'><img loading="lazy" decoding="async" width="1063" height="1535" src="https://www.neufundlaender-vom-baerenfels.de/wp-content/uploads/2017/06/Welpe-5-Rüde-Hellblau-120817.jpg" class="attachment-full size-full" alt="" srcset="https://www.neufundlaender-vom-baerenfels.de/wp-content/uploads/2017/06/Welpe-5-Rüde-Hellblau-120817.jpg 1063w, https://www.neufundlaender-vom-baerenfels.de/wp-content/uploads/2017/06/Welpe-5-Rüde-Hellblau-120817-208x300.jpg 208w, https://www.neufundlaender-vom-baerenfels.de/wp-content/uploads/2017/06/Welpe-5-Rüde-Hellblau-120817-768x1109.jpg 768w, https://www.neufundlaender-vom-baerenfels.de/wp-content/uploads/2017/06/Welpe-5-Rüde-Hellblau-120817-709x1024.jpg 709w" sizes="auto, (max-width: 1063px) 100vw, 1063px" /></a>
			</div></figure><figure class='gallery-item'>
			<div class='gallery-icon portrait'>
				<a href='https://www.neufundlaender-vom-baerenfels.de/?attachment_id=5489'><img loading="lazy" decoding="async" width="1063" height="1535" src="https://www.neufundlaender-vom-baerenfels.de/wp-content/uploads/2017/06/Welpe-5-Rüde-Hellblau-190817.jpg" class="attachment-full size-full" alt="" srcset="https://www.neufundlaender-vom-baerenfels.de/wp-content/uploads/2017/06/Welpe-5-Rüde-Hellblau-190817.jpg 1063w, https://www.neufundlaender-vom-baerenfels.de/wp-content/uploads/2017/06/Welpe-5-Rüde-Hellblau-190817-208x300.jpg 208w, https://www.neufundlaender-vom-baerenfels.de/wp-content/uploads/2017/06/Welpe-5-Rüde-Hellblau-190817-768x1109.jpg 768w, https://www.neufundlaender-vom-baerenfels.de/wp-content/uploads/2017/06/Welpe-5-Rüde-Hellblau-190817-709x1024.jpg 709w" sizes="auto, (max-width: 1063px) 100vw, 1063px" /></a>
			</div></figure>
		</div>

<p>Rüde braun, hellblaues Bändchen geboren am 21.06.2017 um 22:20 Uhr Geburtsgewicht: 480 g Caruso vom Bärenfels ist umgezogen am 27.08.2017 nach Hessen in den Wetteraukreis, Regierungsbezirk Darmstadt. mit einem &#8222;Übergabegewicht&#8220; von 10,9 kg.</p>
