{"id":5074,"date":"2017-07-02T12:21:17","date_gmt":"2017-07-02T11:21:17","guid":{"rendered":"http:\/\/www.neufundlaender-vom-baerenfels.de\/?page_id=5074"},"modified":"2017-09-02T09:40:29","modified_gmt":"2017-09-02T08:40:29","slug":"welpe-11-schwarz","status":"publish","type":"page","link":"https:\/\/www.neufundlaender-vom-baerenfels.de\/?page_id=5074","title":{"rendered":"Welpe 11 Schwarz"},"content":{"rendered":"<p>H\u00fcndin braun, schwarzes B\u00e4ndchen<br \/>\ngeboren am 22.06.2017 um 0:40 Uhr<br \/>\nGeburtsgewicht: 452 g<\/p>\n<h1>Cara vom B\u00e4renfels<\/h1>\n<p>ausgezogen am 02.09.2017 nach Th\u00fcringen in den Ilm-Kreis<\/p>\n<p>mit einem &#8222;\u00dcbergabegewicht&#8220; von\u00a0 11 kg.<\/p>\n<p><a href=\"https:\/\/www.neufundlaender-vom-baerenfels.de\/?attachment_id=5558\" rel=\"attachment wp-att-5558\"><img loading=\"lazy\" decoding=\"async\" class=\"aligncenter wp-image-5558\" src=\"https:\/\/www.neufundlaender-vom-baerenfels.de\/wp-content\/uploads\/2017\/07\/H\u00fcndin-Schwarz-Lapp.jpg\" alt=\"\" width=\"900\" height=\"1300\" srcset=\"https:\/\/www.neufundlaender-vom-baerenfels.de\/wp-content\/uploads\/2017\/07\/H\u00fcndin-Schwarz-Lapp.jpg 1063w, https:\/\/www.neufundlaender-vom-baerenfels.de\/wp-content\/uploads\/2017\/07\/H\u00fcndin-Schwarz-Lapp-208x300.jpg 208w, https:\/\/www.neufundlaender-vom-baerenfels.de\/wp-content\/uploads\/2017\/07\/H\u00fcndin-Schwarz-Lapp-768x1109.jpg 768w, https:\/\/www.neufundlaender-vom-baerenfels.de\/wp-content\/uploads\/2017\/07\/H\u00fcndin-Schwarz-Lapp-709x1024.jpg 709w\" sizes=\"auto, (max-width: 900px) 100vw, 900px\" \/><\/a><\/p>\n<div id='gallery-1' class='gallery galleryid-5074 gallery-columns-3 gallery-size-full'><figure class='gallery-item'>\n\t\t\t<div class='gallery-icon portrait'>\n\t\t\t\t<a href='https:\/\/www.neufundlaender-vom-baerenfels.de\/?attachment_id=4964'><img loading=\"lazy\" decoding=\"async\" width=\"1063\" height=\"1535\" src=\"https:\/\/www.neufundlaender-vom-baerenfels.de\/wp-content\/uploads\/2017\/06\/Teddybild-11-HS-240617.jpg\" class=\"attachment-full size-full\" alt=\"\" srcset=\"https:\/\/www.neufundlaender-vom-baerenfels.de\/wp-content\/uploads\/2017\/06\/Teddybild-11-HS-240617.jpg 1063w, https:\/\/www.neufundlaender-vom-baerenfels.de\/wp-content\/uploads\/2017\/06\/Teddybild-11-HS-240617-208x300.jpg 208w, https:\/\/www.neufundlaender-vom-baerenfels.de\/wp-content\/uploads\/2017\/06\/Teddybild-11-HS-240617-768x1109.jpg 768w, https:\/\/www.neufundlaender-vom-baerenfels.de\/wp-content\/uploads\/2017\/06\/Teddybild-11-HS-240617-709x1024.jpg 709w\" sizes=\"auto, (max-width: 1063px) 100vw, 1063px\" \/><\/a>\n\t\t\t<\/div><\/figure><figure class='gallery-item'>\n\t\t\t<div class='gallery-icon portrait'>\n\t\t\t\t<a href='https:\/\/www.neufundlaender-vom-baerenfels.de\/?attachment_id=4999'><img loading=\"lazy\" decoding=\"async\" width=\"1063\" height=\"1535\" src=\"https:\/\/www.neufundlaender-vom-baerenfels.de\/wp-content\/uploads\/2017\/06\/Teddybild-11-HS-010717.jpg\" class=\"attachment-full size-full\" alt=\"\" srcset=\"https:\/\/www.neufundlaender-vom-baerenfels.de\/wp-content\/uploads\/2017\/06\/Teddybild-11-HS-010717.jpg 1063w, https:\/\/www.neufundlaender-vom-baerenfels.de\/wp-content\/uploads\/2017\/06\/Teddybild-11-HS-010717-208x300.jpg 208w, https:\/\/www.neufundlaender-vom-baerenfels.de\/wp-content\/uploads\/2017\/06\/Teddybild-11-HS-010717-768x1109.jpg 768w, https:\/\/www.neufundlaender-vom-baerenfels.de\/wp-content\/uploads\/2017\/06\/Teddybild-11-HS-010717-709x1024.jpg 709w\" sizes=\"auto, (max-width: 1063px) 100vw, 1063px\" \/><\/a>\n\t\t\t<\/div><\/figure><figure class='gallery-item'>\n\t\t\t<div class='gallery-icon portrait'>\n\t\t\t\t<a href='https:\/\/www.neufundlaender-vom-baerenfels.de\/?attachment_id=5142'><img loading=\"lazy\" decoding=\"async\" width=\"1063\" height=\"1535\" src=\"https:\/\/www.neufundlaender-vom-baerenfels.de\/wp-content\/uploads\/2017\/06\/Teddybild-11-HS-080717.jpg\" class=\"attachment-full size-full\" alt=\"\" srcset=\"https:\/\/www.neufundlaender-vom-baerenfels.de\/wp-content\/uploads\/2017\/06\/Teddybild-11-HS-080717.jpg 1063w, https:\/\/www.neufundlaender-vom-baerenfels.de\/wp-content\/uploads\/2017\/06\/Teddybild-11-HS-080717-208x300.jpg 208w, https:\/\/www.neufundlaender-vom-baerenfels.de\/wp-content\/uploads\/2017\/06\/Teddybild-11-HS-080717-768x1109.jpg 768w, https:\/\/www.neufundlaender-vom-baerenfels.de\/wp-content\/uploads\/2017\/06\/Teddybild-11-HS-080717-709x1024.jpg 709w\" sizes=\"auto, (max-width: 1063px) 100vw, 1063px\" \/><\/a>\n\t\t\t<\/div><\/figure><figure class='gallery-item'>\n\t\t\t<div class='gallery-icon portrait'>\n\t\t\t\t<a href='https:\/\/www.neufundlaender-vom-baerenfels.de\/?attachment_id=5186'><img loading=\"lazy\" decoding=\"async\" width=\"1063\" height=\"1535\" src=\"https:\/\/www.neufundlaender-vom-baerenfels.de\/wp-content\/uploads\/2017\/06\/Teddybild-11-HS-150717.jpg\" class=\"attachment-full size-full\" alt=\"\" srcset=\"https:\/\/www.neufundlaender-vom-baerenfels.de\/wp-content\/uploads\/2017\/06\/Teddybild-11-HS-150717.jpg 1063w, https:\/\/www.neufundlaender-vom-baerenfels.de\/wp-content\/uploads\/2017\/06\/Teddybild-11-HS-150717-208x300.jpg 208w, https:\/\/www.neufundlaender-vom-baerenfels.de\/wp-content\/uploads\/2017\/06\/Teddybild-11-HS-150717-768x1109.jpg 768w, https:\/\/www.neufundlaender-vom-baerenfels.de\/wp-content\/uploads\/2017\/06\/Teddybild-11-HS-150717-709x1024.jpg 709w\" sizes=\"auto, (max-width: 1063px) 100vw, 1063px\" \/><\/a>\n\t\t\t<\/div><\/figure><figure class='gallery-item'>\n\t\t\t<div class='gallery-icon portrait'>\n\t\t\t\t<a href='https:\/\/www.neufundlaender-vom-baerenfels.de\/?attachment_id=5271'><img loading=\"lazy\" decoding=\"async\" width=\"1063\" height=\"1535\" src=\"https:\/\/www.neufundlaender-vom-baerenfels.de\/wp-content\/uploads\/2017\/06\/Teddybild-11-HS-220717.jpg\" class=\"attachment-full size-full\" alt=\"\" srcset=\"https:\/\/www.neufundlaender-vom-baerenfels.de\/wp-content\/uploads\/2017\/06\/Teddybild-11-HS-220717.jpg 1063w, https:\/\/www.neufundlaender-vom-baerenfels.de\/wp-content\/uploads\/2017\/06\/Teddybild-11-HS-220717-208x300.jpg 208w, https:\/\/www.neufundlaender-vom-baerenfels.de\/wp-content\/uploads\/2017\/06\/Teddybild-11-HS-220717-768x1109.jpg 768w, https:\/\/www.neufundlaender-vom-baerenfels.de\/wp-content\/uploads\/2017\/06\/Teddybild-11-HS-220717-709x1024.jpg 709w\" sizes=\"auto, (max-width: 1063px) 100vw, 1063px\" \/><\/a>\n\t\t\t<\/div><\/figure><figure class='gallery-item'>\n\t\t\t<div class='gallery-icon portrait'>\n\t\t\t\t<a href='https:\/\/www.neufundlaender-vom-baerenfels.de\/?attachment_id=5333'><img loading=\"lazy\" decoding=\"async\" width=\"1063\" height=\"1535\" src=\"https:\/\/www.neufundlaender-vom-baerenfels.de\/wp-content\/uploads\/2017\/06\/Teddybild-11-HS-290717.jpg\" class=\"attachment-full size-full\" alt=\"\" srcset=\"https:\/\/www.neufundlaender-vom-baerenfels.de\/wp-content\/uploads\/2017\/06\/Teddybild-11-HS-290717.jpg 1063w, https:\/\/www.neufundlaender-vom-baerenfels.de\/wp-content\/uploads\/2017\/06\/Teddybild-11-HS-290717-208x300.jpg 208w, https:\/\/www.neufundlaender-vom-baerenfels.de\/wp-content\/uploads\/2017\/06\/Teddybild-11-HS-290717-768x1109.jpg 768w, https:\/\/www.neufundlaender-vom-baerenfels.de\/wp-content\/uploads\/2017\/06\/Teddybild-11-HS-290717-709x1024.jpg 709w\" sizes=\"auto, (max-width: 1063px) 100vw, 1063px\" \/><\/a>\n\t\t\t<\/div><\/figure><figure class='gallery-item'>\n\t\t\t<div class='gallery-icon portrait'>\n\t\t\t\t<a href='https:\/\/www.neufundlaender-vom-baerenfels.de\/?attachment_id=5394'><img loading=\"lazy\" decoding=\"async\" width=\"1063\" height=\"1535\" src=\"https:\/\/www.neufundlaender-vom-baerenfels.de\/wp-content\/uploads\/2017\/06\/Welpe-11-H\u00fcndin-Schwarz-050817.jpg\" class=\"attachment-full size-full\" alt=\"\" srcset=\"https:\/\/www.neufundlaender-vom-baerenfels.de\/wp-content\/uploads\/2017\/06\/Welpe-11-H\u00fcndin-Schwarz-050817.jpg 1063w, https:\/\/www.neufundlaender-vom-baerenfels.de\/wp-content\/uploads\/2017\/06\/Welpe-11-H\u00fcndin-Schwarz-050817-208x300.jpg 208w, https:\/\/www.neufundlaender-vom-baerenfels.de\/wp-content\/uploads\/2017\/06\/Welpe-11-H\u00fcndin-Schwarz-050817-768x1109.jpg 768w, https:\/\/www.neufundlaender-vom-baerenfels.de\/wp-content\/uploads\/2017\/06\/Welpe-11-H\u00fcndin-Schwarz-050817-709x1024.jpg 709w\" sizes=\"auto, (max-width: 1063px) 100vw, 1063px\" \/><\/a>\n\t\t\t<\/div><\/figure><figure class='gallery-item'>\n\t\t\t<div class='gallery-icon portrait'>\n\t\t\t\t<a href='https:\/\/www.neufundlaender-vom-baerenfels.de\/?attachment_id=5421'><img loading=\"lazy\" decoding=\"async\" width=\"1063\" height=\"1535\" src=\"https:\/\/www.neufundlaender-vom-baerenfels.de\/wp-content\/uploads\/2017\/06\/Welpe-11-H\u00fcndin-Schwarz120817.jpg\" class=\"attachment-full size-full\" alt=\"\" srcset=\"https:\/\/www.neufundlaender-vom-baerenfels.de\/wp-content\/uploads\/2017\/06\/Welpe-11-H\u00fcndin-Schwarz120817.jpg 1063w, https:\/\/www.neufundlaender-vom-baerenfels.de\/wp-content\/uploads\/2017\/06\/Welpe-11-H\u00fcndin-Schwarz120817-208x300.jpg 208w, https:\/\/www.neufundlaender-vom-baerenfels.de\/wp-content\/uploads\/2017\/06\/Welpe-11-H\u00fcndin-Schwarz120817-768x1109.jpg 768w, https:\/\/www.neufundlaender-vom-baerenfels.de\/wp-content\/uploads\/2017\/06\/Welpe-11-H\u00fcndin-Schwarz120817-709x1024.jpg 709w\" sizes=\"auto, (max-width: 1063px) 100vw, 1063px\" \/><\/a>\n\t\t\t<\/div><\/figure><figure class='gallery-item'>\n\t\t\t<div class='gallery-icon portrait'>\n\t\t\t\t<a href='https:\/\/www.neufundlaender-vom-baerenfels.de\/?attachment_id=5495'><img loading=\"lazy\" decoding=\"async\" width=\"1063\" height=\"1535\" src=\"https:\/\/www.neufundlaender-vom-baerenfels.de\/wp-content\/uploads\/2017\/06\/Welpe-11-H\u00fcndin-Schwarz-190817.jpg\" class=\"attachment-full size-full\" alt=\"\" srcset=\"https:\/\/www.neufundlaender-vom-baerenfels.de\/wp-content\/uploads\/2017\/06\/Welpe-11-H\u00fcndin-Schwarz-190817.jpg 1063w, https:\/\/www.neufundlaender-vom-baerenfels.de\/wp-content\/uploads\/2017\/06\/Welpe-11-H\u00fcndin-Schwarz-190817-208x300.jpg 208w, https:\/\/www.neufundlaender-vom-baerenfels.de\/wp-content\/uploads\/2017\/06\/Welpe-11-H\u00fcndin-Schwarz-190817-768x1109.jpg 768w, https:\/\/www.neufundlaender-vom-baerenfels.de\/wp-content\/uploads\/2017\/06\/Welpe-11-H\u00fcndin-Schwarz-190817-709x1024.jpg 709w\" sizes=\"auto, (max-width: 1063px) 100vw, 1063px\" \/><\/a>\n\t\t\t<\/div><\/figure>\n\t\t<\/div>\n\n","protected":false},"excerpt":{"rendered":"<p>H\u00fcndin braun, schwarzes B\u00e4ndchen geboren am 22.06.2017 um 0:40 Uhr Geburtsgewicht: 452 g Cara vom B\u00e4renfels ausgezogen am 02.09.2017 nach Th\u00fcringen in den Ilm-Kreis mit einem &#8222;\u00dcbergabegewicht&#8220; von\u00a0 11 kg.<\/p>\n","protected":false},"author":1,"featured_media":0,"parent":0,"menu_order":0,"comment_status":"closed","ping_status":"closed","template":"","meta":{"ngg_post_thumbnail":0,"footnotes":""},"class_list":["post-5074","page","type-page","status-publish","hentry"],"_links":{"self":[{"href":"https:\/\/www.neufundlaender-vom-baerenfels.de\/index.php?rest_route=\/wp\/v2\/pages\/5074","targetHints":{"allow":["GET"]}}],"collection":[{"href":"https:\/\/www.neufundlaender-vom-baerenfels.de\/index.php?rest_route=\/wp\/v2\/pages"}],"about":[{"href":"https:\/\/www.neufundlaender-vom-baerenfels.de\/index.php?rest_route=\/wp\/v2\/types\/page"}],"author":[{"embeddable":true,"href":"https:\/\/www.neufundlaender-vom-baerenfels.de\/index.php?rest_route=\/wp\/v2\/users\/1"}],"replies":[{"embeddable":true,"href":"https:\/\/www.neufundlaender-vom-baerenfels.de\/index.php?rest_route=%2Fwp%2Fv2%2Fcomments&post=5074"}],"version-history":[{"count":13,"href":"https:\/\/www.neufundlaender-vom-baerenfels.de\/index.php?rest_route=\/wp\/v2\/pages\/5074\/revisions"}],"predecessor-version":[{"id":5559,"href":"https:\/\/www.neufundlaender-vom-baerenfels.de\/index.php?rest_route=\/wp\/v2\/pages\/5074\/revisions\/5559"}],"wp:attachment":[{"href":"https:\/\/www.neufundlaender-vom-baerenfels.de\/index.php?rest_route=%2Fwp%2Fv2%2Fmedia&parent=5074"}],"curies":[{"name":"wp","href":"https:\/\/api.w.org\/{rel}","templated":true}]}}

<p>Hündin braun, schwarzes Bändchen<br />
geboren am 22.06.2017 um 0:40 Uhr<br />
Geburtsgewicht: 452 g</p>
<h1>Cara vom Bärenfels</h1>
<p>ausgezogen am 02.09.2017 nach Thüringen in den Ilm-Kreis</p>
<p>mit einem &#8222;Übergabegewicht&#8220; von  11 kg.</p>
<p><a href="https://www.neufundlaender-vom-baerenfels.de/?attachment_id=5558" rel="attachment wp-att-5558"><img loading="lazy" decoding="async" class="aligncenter wp-image-5558" src="https://www.neufundlaender-vom-baerenfels.de/wp-content/uploads/2017/07/Hündin-Schwarz-Lapp.jpg" alt="" width="900" height="1300" srcset="https://www.neufundlaender-vom-baerenfels.de/wp-content/uploads/2017/07/Hündin-Schwarz-Lapp.jpg 1063w, https://www.neufundlaender-vom-baerenfels.de/wp-content/uploads/2017/07/Hündin-Schwarz-Lapp-208x300.jpg 208w, https://www.neufundlaender-vom-baerenfels.de/wp-content/uploads/2017/07/Hündin-Schwarz-Lapp-768x1109.jpg 768w, https://www.neufundlaender-vom-baerenfels.de/wp-content/uploads/2017/07/Hündin-Schwarz-Lapp-709x1024.jpg 709w" sizes="auto, (max-width: 900px) 100vw, 900px" /></a></p>
<div id='gallery-1' class='gallery galleryid-5074 gallery-columns-3 gallery-size-full'><figure class='gallery-item'>
			<div class='gallery-icon portrait'>
				<a href='https://www.neufundlaender-vom-baerenfels.de/?attachment_id=4964'><img loading="lazy" decoding="async" width="1063" height="1535" src="https://www.neufundlaender-vom-baerenfels.de/wp-content/uploads/2017/06/Teddybild-11-HS-240617.jpg" class="attachment-full size-full" alt="" srcset="https://www.neufundlaender-vom-baerenfels.de/wp-content/uploads/2017/06/Teddybild-11-HS-240617.jpg 1063w, https://www.neufundlaender-vom-baerenfels.de/wp-content/uploads/2017/06/Teddybild-11-HS-240617-208x300.jpg 208w, https://www.neufundlaender-vom-baerenfels.de/wp-content/uploads/2017/06/Teddybild-11-HS-240617-768x1109.jpg 768w, https://www.neufundlaender-vom-baerenfels.de/wp-content/uploads/2017/06/Teddybild-11-HS-240617-709x1024.jpg 709w" sizes="auto, (max-width: 1063px) 100vw, 1063px" /></a>
			</div></figure><figure class='gallery-item'>
			<div class='gallery-icon portrait'>
				<a href='https://www.neufundlaender-vom-baerenfels.de/?attachment_id=4999'><img loading="lazy" decoding="async" width="1063" height="1535" src="https://www.neufundlaender-vom-baerenfels.de/wp-content/uploads/2017/06/Teddybild-11-HS-010717.jpg" class="attachment-full size-full" alt="" srcset="https://www.neufundlaender-vom-baerenfels.de/wp-content/uploads/2017/06/Teddybild-11-HS-010717.jpg 1063w, https://www.neufundlaender-vom-baerenfels.de/wp-content/uploads/2017/06/Teddybild-11-HS-010717-208x300.jpg 208w, https://www.neufundlaender-vom-baerenfels.de/wp-content/uploads/2017/06/Teddybild-11-HS-010717-768x1109.jpg 768w, https://www.neufundlaender-vom-baerenfels.de/wp-content/uploads/2017/06/Teddybild-11-HS-010717-709x1024.jpg 709w" sizes="auto, (max-width: 1063px) 100vw, 1063px" /></a>
			</div></figure><figure class='gallery-item'>
			<div class='gallery-icon portrait'>
				<a href='https://www.neufundlaender-vom-baerenfels.de/?attachment_id=5142'><img loading="lazy" decoding="async" width="1063" height="1535" src="https://www.neufundlaender-vom-baerenfels.de/wp-content/uploads/2017/06/Teddybild-11-HS-080717.jpg" class="attachment-full size-full" alt="" srcset="https://www.neufundlaender-vom-baerenfels.de/wp-content/uploads/2017/06/Teddybild-11-HS-080717.jpg 1063w, https://www.neufundlaender-vom-baerenfels.de/wp-content/uploads/2017/06/Teddybild-11-HS-080717-208x300.jpg 208w, https://www.neufundlaender-vom-baerenfels.de/wp-content/uploads/2017/06/Teddybild-11-HS-080717-768x1109.jpg 768w, https://www.neufundlaender-vom-baerenfels.de/wp-content/uploads/2017/06/Teddybild-11-HS-080717-709x1024.jpg 709w" sizes="auto, (max-width: 1063px) 100vw, 1063px" /></a>
			</div></figure><figure class='gallery-item'>
			<div class='gallery-icon portrait'>
				<a href='https://www.neufundlaender-vom-baerenfels.de/?attachment_id=5186'><img loading="lazy" decoding="async" width="1063" height="1535" src="https://www.neufundlaender-vom-baerenfels.de/wp-content/uploads/2017/06/Teddybild-11-HS-150717.jpg" class="attachment-full size-full" alt="" srcset="https://www.neufundlaender-vom-baerenfels.de/wp-content/uploads/2017/06/Teddybild-11-HS-150717.jpg 1063w, https://www.neufundlaender-vom-baerenfels.de/wp-content/uploads/2017/06/Teddybild-11-HS-150717-208x300.jpg 208w, https://www.neufundlaender-vom-baerenfels.de/wp-content/uploads/2017/06/Teddybild-11-HS-150717-768x1109.jpg 768w, https://www.neufundlaender-vom-baerenfels.de/wp-content/uploads/2017/06/Teddybild-11-HS-150717-709x1024.jpg 709w" sizes="auto, (max-width: 1063px) 100vw, 1063px" /></a>
			</div></figure><figure class='gallery-item'>
			<div class='gallery-icon portrait'>
				<a href='https://www.neufundlaender-vom-baerenfels.de/?attachment_id=5271'><img loading="lazy" decoding="async" width="1063" height="1535" src="https://www.neufundlaender-vom-baerenfels.de/wp-content/uploads/2017/06/Teddybild-11-HS-220717.jpg" class="attachment-full size-full" alt="" srcset="https://www.neufundlaender-vom-baerenfels.de/wp-content/uploads/2017/06/Teddybild-11-HS-220717.jpg 1063w, https://www.neufundlaender-vom-baerenfels.de/wp-content/uploads/2017/06/Teddybild-11-HS-220717-208x300.jpg 208w, https://www.neufundlaender-vom-baerenfels.de/wp-content/uploads/2017/06/Teddybild-11-HS-220717-768x1109.jpg 768w, https://www.neufundlaender-vom-baerenfels.de/wp-content/uploads/2017/06/Teddybild-11-HS-220717-709x1024.jpg 709w" sizes="auto, (max-width: 1063px) 100vw, 1063px" /></a>
			</div></figure><figure class='gallery-item'>
			<div class='gallery-icon portrait'>
				<a href='https://www.neufundlaender-vom-baerenfels.de/?attachment_id=5333'><img loading="lazy" decoding="async" width="1063" height="1535" src="https://www.neufundlaender-vom-baerenfels.de/wp-content/uploads/2017/06/Teddybild-11-HS-290717.jpg" class="attachment-full size-full" alt="" srcset="https://www.neufundlaender-vom-baerenfels.de/wp-content/uploads/2017/06/Teddybild-11-HS-290717.jpg 1063w, https://www.neufundlaender-vom-baerenfels.de/wp-content/uploads/2017/06/Teddybild-11-HS-290717-208x300.jpg 208w, https://www.neufundlaender-vom-baerenfels.de/wp-content/uploads/2017/06/Teddybild-11-HS-290717-768x1109.jpg 768w, https://www.neufundlaender-vom-baerenfels.de/wp-content/uploads/2017/06/Teddybild-11-HS-290717-709x1024.jpg 709w" sizes="auto, (max-width: 1063px) 100vw, 1063px" /></a>
			</div></figure><figure class='gallery-item'>
			<div class='gallery-icon portrait'>
				<a href='https://www.neufundlaender-vom-baerenfels.de/?attachment_id=5394'><img loading="lazy" decoding="async" width="1063" height="1535" src="https://www.neufundlaender-vom-baerenfels.de/wp-content/uploads/2017/06/Welpe-11-Hündin-Schwarz-050817.jpg" class="attachment-full size-full" alt="" srcset="https://www.neufundlaender-vom-baerenfels.de/wp-content/uploads/2017/06/Welpe-11-Hündin-Schwarz-050817.jpg 1063w, https://www.neufundlaender-vom-baerenfels.de/wp-content/uploads/2017/06/Welpe-11-Hündin-Schwarz-050817-208x300.jpg 208w, https://www.neufundlaender-vom-baerenfels.de/wp-content/uploads/2017/06/Welpe-11-Hündin-Schwarz-050817-768x1109.jpg 768w, https://www.neufundlaender-vom-baerenfels.de/wp-content/uploads/2017/06/Welpe-11-Hündin-Schwarz-050817-709x1024.jpg 709w" sizes="auto, (max-width: 1063px) 100vw, 1063px" /></a>
			</div></figure><figure class='gallery-item'>
			<div class='gallery-icon portrait'>
				<a href='https://www.neufundlaender-vom-baerenfels.de/?attachment_id=5421'><img loading="lazy" decoding="async" width="1063" height="1535" src="https://www.neufundlaender-vom-baerenfels.de/wp-content/uploads/2017/06/Welpe-11-Hündin-Schwarz120817.jpg" class="attachment-full size-full" alt="" srcset="https://www.neufundlaender-vom-baerenfels.de/wp-content/uploads/2017/06/Welpe-11-Hündin-Schwarz120817.jpg 1063w, https://www.neufundlaender-vom-baerenfels.de/wp-content/uploads/2017/06/Welpe-11-Hündin-Schwarz120817-208x300.jpg 208w, https://www.neufundlaender-vom-baerenfels.de/wp-content/uploads/2017/06/Welpe-11-Hündin-Schwarz120817-768x1109.jpg 768w, https://www.neufundlaender-vom-baerenfels.de/wp-content/uploads/2017/06/Welpe-11-Hündin-Schwarz120817-709x1024.jpg 709w" sizes="auto, (max-width: 1063px) 100vw, 1063px" /></a>
			</div></figure><figure class='gallery-item'>
			<div class='gallery-icon portrait'>
				<a href='https://www.neufundlaender-vom-baerenfels.de/?attachment_id=5495'><img loading="lazy" decoding="async" width="1063" height="1535" src="https://www.neufundlaender-vom-baerenfels.de/wp-content/uploads/2017/06/Welpe-11-Hündin-Schwarz-190817.jpg" class="attachment-full size-full" alt="" srcset="https://www.neufundlaender-vom-baerenfels.de/wp-content/uploads/2017/06/Welpe-11-Hündin-Schwarz-190817.jpg 1063w, https://www.neufundlaender-vom-baerenfels.de/wp-content/uploads/2017/06/Welpe-11-Hündin-Schwarz-190817-208x300.jpg 208w, https://www.neufundlaender-vom-baerenfels.de/wp-content/uploads/2017/06/Welpe-11-Hündin-Schwarz-190817-768x1109.jpg 768w, https://www.neufundlaender-vom-baerenfels.de/wp-content/uploads/2017/06/Welpe-11-Hündin-Schwarz-190817-709x1024.jpg 709w" sizes="auto, (max-width: 1063px) 100vw, 1063px" /></a>
			</div></figure>
		</div>

<p>Hündin braun, schwarzes Bändchen geboren am 22.06.2017 um 0:40 Uhr Geburtsgewicht: 452 g Cara vom Bärenfels ausgezogen am 02.09.2017 nach Thüringen in den Ilm-Kreis mit einem &#8222;Übergabegewicht&#8220; von  11 kg.</p>
