{"id":5591,"date":"2017-09-10T09:14:53","date_gmt":"2017-09-10T08:14:53","guid":{"rendered":"http:\/\/www.neufundlaender-vom-baerenfels.de\/?page_id=5591"},"modified":"2017-10-09T12:09:26","modified_gmt":"2017-10-09T11:09:26","slug":"d-wurf","status":"publish","type":"page","link":"https:\/\/www.neufundlaender-vom-baerenfels.de\/?page_id=5591","title":{"rendered":"D-Wurf"},"content":{"rendered":"<h1>update vom 08.10.2017<\/h1>\n<p>alle Welpen sind nun wieder reserviert.<\/p>\n<h1>update vom 23.09.2017<\/h1>\n<p>1 braune H\u00fcndin ist wieder frei und sucht noch ein neues Zuhause.<\/p>\n<h1>update vom 11.09.2017<\/h1>\n<p>Alle Welpen sind reserviert.<\/p>\n<h1>update vom 10.09.2017<\/h1>\n<p>Am 10.09.2017 zwischen 6:14 Uhr und 7:20 Uhr erblickten drei Welpen das Licht der Welt:<\/p>\n<h1>Hier die Welpen im \u00dcberblick<\/h1>\n<table>\n<tbody>\n<tr>\n<td><span style=\"color: #0000ff;\"><strong>Nr.<\/strong><\/span><\/td>\n<td><span style=\"color: #0000ff;\"><strong>B\u00e4ndchen<\/strong><\/span><\/td>\n<td><span style=\"color: #0000ff;\"><strong>geboren<\/strong><\/span><\/td>\n<td><span style=\"color: #0000ff;\"><strong>Geschlecht<\/strong><\/span><\/td>\n<td><span style=\"color: #0000ff;\"><strong>Farbe<\/strong><\/span><\/td>\n<\/tr>\n<tr>\n<td>1<\/td>\n<td>Blau<\/td>\n<td>10.09.2017 um 6:14 Uhr<\/td>\n<td>R\u00fcde<\/td>\n<td>braun<\/td>\n<\/tr>\n<tr>\n<td>2<\/td>\n<td>Rot<\/td>\n<td>10.09.2017 um 6:50 Uhr<\/td>\n<td>H\u00fcndin<\/td>\n<td>schwarz<\/td>\n<\/tr>\n<tr>\n<td>3<\/td>\n<td>Orange<\/td>\n<td>10.09.2017 um 7:20 Uhr<\/td>\n<td>H\u00fcndin<\/td>\n<td>braun<\/td>\n<\/tr>\n<\/tbody>\n<\/table>\n<h1>Wurfplanung D-Wurf<\/h1>\n<p>Da wir pro Jahr mit jeder unserer beiden Zuchth\u00fcndinnen einen Wurf anstreben, hatten wir trotz des knappen zeitlichen Abstandes Herrenbesuch zugelassen:<\/p>\n<p><strong>Die Verpaarung<\/strong><br \/>\n<strong>B\u00e4r-Rosi von der B\u00e4renh\u00f6hle Isenb\u00fcttel<br \/>\nHD: A, ED: 0, Cyst: V\/M erbgesund, nationaler Champion ERZ.eV.<br \/>\n<\/strong><\/p>\n<p>und<\/p>\n<p><strong>Anton vom B\u00e4renfels<\/strong><br \/>\n<strong>HD: A, ED: +\/-, Cyst: V\/M erbgesund, nationaler Champion ERZ.eV.<\/strong><strong><br \/>\n<a href=\"https:\/\/www.neufundlaender-vom-baerenfels.de\/?attachment_id=5451\" rel=\"attachment wp-att-5451\"><img loading=\"lazy\" decoding=\"async\" class=\"aligncenter size-full wp-image-5451\" src=\"https:\/\/www.neufundlaender-vom-baerenfels.de\/wp-content\/uploads\/2012\/04\/Anton-und-B\u00e4r-Rosi.jpg\" alt=\"\" width=\"4775\" height=\"2056\" srcset=\"https:\/\/www.neufundlaender-vom-baerenfels.de\/wp-content\/uploads\/2012\/04\/Anton-und-B\u00e4r-Rosi.jpg 4775w, https:\/\/www.neufundlaender-vom-baerenfels.de\/wp-content\/uploads\/2012\/04\/Anton-und-B\u00e4r-Rosi-300x129.jpg 300w, https:\/\/www.neufundlaender-vom-baerenfels.de\/wp-content\/uploads\/2012\/04\/Anton-und-B\u00e4r-Rosi-768x331.jpg 768w, https:\/\/www.neufundlaender-vom-baerenfels.de\/wp-content\/uploads\/2012\/04\/Anton-und-B\u00e4r-Rosi-1024x441.jpg 1024w\" sizes=\"auto, (max-width: 4775px) 100vw, 4775px\" \/><\/a><\/strong><a href=\"https:\/\/www.neufundlaender-vom-baerenfels.de\/?attachment_id=5478\" rel=\"attachment wp-att-5478\"><img loading=\"lazy\" decoding=\"async\" class=\"aligncenter size-full wp-image-5478\" src=\"https:\/\/www.neufundlaender-vom-baerenfels.de\/wp-content\/uploads\/2017\/08\/B\u00e4r-Rosi-und-AntonUrkunde-Nationaler-Champion.jpg\" alt=\"\" width=\"6463\" height=\"4505\" srcset=\"https:\/\/www.neufundlaender-vom-baerenfels.de\/wp-content\/uploads\/2017\/08\/B\u00e4r-Rosi-und-AntonUrkunde-Nationaler-Champion.jpg 6463w, https:\/\/www.neufundlaender-vom-baerenfels.de\/wp-content\/uploads\/2017\/08\/B\u00e4r-Rosi-und-AntonUrkunde-Nationaler-Champion-300x209.jpg 300w, https:\/\/www.neufundlaender-vom-baerenfels.de\/wp-content\/uploads\/2017\/08\/B\u00e4r-Rosi-und-AntonUrkunde-Nationaler-Champion-768x535.jpg 768w, https:\/\/www.neufundlaender-vom-baerenfels.de\/wp-content\/uploads\/2017\/08\/B\u00e4r-Rosi-und-AntonUrkunde-Nationaler-Champion-1024x714.jpg 1024w\" sizes=\"auto, (max-width: 6463px) 100vw, 6463px\" \/><\/a><\/p>\n","protected":false},"excerpt":{"rendered":"<p>update vom 08.10.2017 alle Welpen sind nun wieder reserviert. update vom 23.09.2017 1 braune H\u00fcndin ist wieder frei und sucht noch ein neues Zuhause. update vom 11.09.2017 Alle Welpen sind reserviert. update vom 10.09.2017 Am 10.09.2017 zwischen 6:14 Uhr und 7:20 Uhr erblickten drei Welpen das Licht der Welt: Hier die Welpen im \u00dcberblick Nr. &hellip; <a href=\"https:\/\/www.neufundlaender-vom-baerenfels.de\/?page_id=5591\" class=\"more-link\"><span class=\"screen-reader-text\">D-Wurf<\/span> weiterlesen <span class=\"meta-nav\">&rarr;<\/span><\/a><\/p>\n","protected":false},"author":1,"featured_media":0,"parent":0,"menu_order":0,"comment_status":"closed","ping_status":"closed","template":"","meta":{"ngg_post_thumbnail":0,"footnotes":""},"class_list":["post-5591","page","type-page","status-publish","hentry"],"_links":{"self":[{"href":"https:\/\/www.neufundlaender-vom-baerenfels.de\/index.php?rest_route=\/wp\/v2\/pages\/5591","targetHints":{"allow":["GET"]}}],"collection":[{"href":"https:\/\/www.neufundlaender-vom-baerenfels.de\/index.php?rest_route=\/wp\/v2\/pages"}],"about":[{"href":"https:\/\/www.neufundlaender-vom-baerenfels.de\/index.php?rest_route=\/wp\/v2\/types\/page"}],"author":[{"embeddable":true,"href":"https:\/\/www.neufundlaender-vom-baerenfels.de\/index.php?rest_route=\/wp\/v2\/users\/1"}],"replies":[{"embeddable":true,"href":"https:\/\/www.neufundlaender-vom-baerenfels.de\/index.php?rest_route=%2Fwp%2Fv2%2Fcomments&post=5591"}],"version-history":[{"count":6,"href":"https:\/\/www.neufundlaender-vom-baerenfels.de\/index.php?rest_route=\/wp\/v2\/pages\/5591\/revisions"}],"predecessor-version":[{"id":5701,"href":"https:\/\/www.neufundlaender-vom-baerenfels.de\/index.php?rest_route=\/wp\/v2\/pages\/5591\/revisions\/5701"}],"wp:attachment":[{"href":"https:\/\/www.neufundlaender-vom-baerenfels.de\/index.php?rest_route=%2Fwp%2Fv2%2Fmedia&parent=5591"}],"curies":[{"name":"wp","href":"https:\/\/api.w.org\/{rel}","templated":true}]}}