{"id":5947,"date":"2018-12-18T16:13:59","date_gmt":"2018-12-18T15:13:59","guid":{"rendered":"https:\/\/www.neufundlaender-vom-baerenfels.de\/?page_id=5947"},"modified":"2018-12-19T08:50:58","modified_gmt":"2018-12-19T07:50:58","slug":"wurfmeldung-e-wurf","status":"publish","type":"page","link":"https:\/\/www.neufundlaender-vom-baerenfels.de\/?page_id=5947","title":{"rendered":"Wurfmeldung E-Wurf"},"content":{"rendered":"\n<p>Am 18.12.2018 war es soweit. Der erste Welpe des E-Wurfes kam um 8:04 Uhr auf die Welt. Die Geburt verlief sehr ruhig und ganz ohne Stress. Um 13:58 Uhr kam die Nummer acht. Welch eine \u00dcberraschung: sechs schwarze und nur zwei braune B\u00e4rchen bev\u00f6lkern die Wurfkiste.<\/p>\n\n\n\n<p>Mama&nbsp; B\u00e4r-Rosi ist entspannt und versorgt die Kleinen ganz liebevoll.<\/p>\n\n\n\n<table class=\"wp-block-table\"><tbody><tr><td>Nr.<\/td><td>B\u00e4ndchen<\/td><td>Uhrzeit<\/td><td>Geschlecht<\/td><td>Farbe<\/td><td>Gewicht<\/td><\/tr><tr><td>1<\/td><td>grau<\/td><td>08:04<\/td><td>R\u00fcde<\/td><td>braun<\/td><td>660 g<\/td><\/tr><tr><td>2<\/td><td>rot<\/td><td>09:31<\/td><td>H\u00fcndin<\/td><td>schwarz<\/td><td>690 g<\/td><\/tr><tr><td>3<\/td><td>blau<\/td><td>09:40<\/td><td>R\u00fcde<\/td><td>schwarz<\/td><td>660 g<\/td><\/tr><tr><td>4<\/td><td>orange<\/td><td>10:26<\/td><td>H\u00fcndin<\/td><td>braun<\/td><td>640 g<\/td><\/tr><tr><td>5<\/td><td>lila<\/td><td>11:52<\/td><td>R\u00fcde<\/td><td>schwarz<\/td><td>568 g<\/td><\/tr><tr><td>6<\/td><td>gelb<\/td><td>12:51<\/td><td>H\u00fcndin<\/td><td>schwarz<\/td><td>606 g<\/td><\/tr><tr><td>7<\/td><td>gr\u00fcn<\/td><td>12:58<\/td><td>R\u00fcde<\/td><td>schwarz<\/td><td>670 g<\/td><\/tr><tr><td>8<\/td><td>hellblau<\/td><td>13:58<\/td><td>R\u00fcde<\/td><td>schwarz<\/td><td>605 g<\/td><\/tr><\/tbody><\/table>\n\n\n\n<figure class=\"wp-block-embed-youtube wp-block-embed is-type-video is-provider-youtube wp-embed-aspect-16-9 wp-has-aspect-ratio\"><div class=\"wp-block-embed__wrapper\">\n<iframe loading=\"lazy\" title=\"B\u00e4renfels E-Wurf - Die Wurfkiste f\u00fcllt sich\" width=\"474\" height=\"267\" src=\"https:\/\/www.youtube.com\/embed\/Ls2UySvavyI?feature=oembed\" frameborder=\"0\" allow=\"accelerometer; autoplay; clipboard-write; encrypted-media; gyroscope; picture-in-picture; web-share\" referrerpolicy=\"strict-origin-when-cross-origin\" allowfullscreen><\/iframe>\n<\/div><\/figure>\n\n\n\n<p>Hier zwei Videos von Papa Anton vom B\u00e4renfels und Mama B\u00e4r-Rosi von der B\u00e4renh\u00f6hle Isenb\u00fcttel, die beide recht temperamentvoll sind :<\/p>\n\n\n\n<figure class=\"wp-block-embed-youtube wp-block-embed is-type-video is-provider-youtube wp-embed-aspect-16-9 wp-has-aspect-ratio\"><div class=\"wp-block-embed__wrapper\">\n<iframe loading=\"lazy\" title=\"ADKN Welpentreffen 2018  - Turnierhundesport\" width=\"474\" height=\"267\" src=\"https:\/\/www.youtube.com\/embed\/72Xp4joN5P8?start=40&#038;feature=oembed\" frameborder=\"0\" allow=\"accelerometer; autoplay; clipboard-write; encrypted-media; gyroscope; picture-in-picture; web-share\" referrerpolicy=\"strict-origin-when-cross-origin\" allowfullscreen><\/iframe>\n<\/div><figcaption>Hier Pappa Anton vom B\u00e4renfels mit seinem Frauchen auf dem Hundeplatz<\/figcaption><\/figure>\n\n\n\n<figure class=\"wp-block-embed-youtube wp-block-embed is-type-video is-provider-youtube wp-embed-aspect-16-9 wp-has-aspect-ratio\"><div class=\"wp-block-embed__wrapper\">\n<iframe loading=\"lazy\" title=\"B\u00e4r-Rosi, die kleine Streberin\" width=\"474\" height=\"267\" src=\"https:\/\/www.youtube.com\/embed\/28i2Dm-Pbs4?feature=oembed\" frameborder=\"0\" allow=\"accelerometer; autoplay; clipboard-write; encrypted-media; gyroscope; picture-in-picture; web-share\" referrerpolicy=\"strict-origin-when-cross-origin\" allowfullscreen><\/iframe>\n<\/div><figcaption>Hier Mama B\u00e4r-Rosi als Junghund auf dem Hundeplatz.\u00a0 <br \/>Ab 3:13 ist die Schwester B\u00e4rbel zu sehen. Ab 4:37 Anton als Jungspund<\/figcaption><\/figure>\n","protected":false},"excerpt":{"rendered":"<p>Am 18.12.2018 war es soweit. Der erste Welpe des E-Wurfes kam um 8:04 Uhr auf die Welt. Die Geburt verlief sehr ruhig und ganz ohne Stress. Um 13:58 Uhr kam die Nummer acht. Welch eine \u00dcberraschung: sechs schwarze und nur zwei braune B\u00e4rchen bev\u00f6lkern die Wurfkiste. Mama&nbsp; B\u00e4r-Rosi ist entspannt und versorgt die Kleinen ganz &hellip; <a href=\"https:\/\/www.neufundlaender-vom-baerenfels.de\/?page_id=5947\" class=\"more-link\"><span class=\"screen-reader-text\">Wurfmeldung E-Wurf<\/span> weiterlesen <span class=\"meta-nav\">&rarr;<\/span><\/a><\/p>\n","protected":false},"author":1,"featured_media":5949,"parent":0,"menu_order":0,"comment_status":"closed","ping_status":"closed","template":"","meta":{"ngg_post_thumbnail":0,"footnotes":""},"class_list":["post-5947","page","type-page","status-publish","has-post-thumbnail","hentry"],"_links":{"self":[{"href":"https:\/\/www.neufundlaender-vom-baerenfels.de\/index.php?rest_route=\/wp\/v2\/pages\/5947","targetHints":{"allow":["GET"]}}],"collection":[{"href":"https:\/\/www.neufundlaender-vom-baerenfels.de\/index.php?rest_route=\/wp\/v2\/pages"}],"about":[{"href":"https:\/\/www.neufundlaender-vom-baerenfels.de\/index.php?rest_route=\/wp\/v2\/types\/page"}],"author":[{"embeddable":true,"href":"https:\/\/www.neufundlaender-vom-baerenfels.de\/index.php?rest_route=\/wp\/v2\/users\/1"}],"replies":[{"embeddable":true,"href":"https:\/\/www.neufundlaender-vom-baerenfels.de\/index.php?rest_route=%2Fwp%2Fv2%2Fcomments&post=5947"}],"version-history":[{"count":9,"href":"https:\/\/www.neufundlaender-vom-baerenfels.de\/index.php?rest_route=\/wp\/v2\/pages\/5947\/revisions"}],"predecessor-version":[{"id":5968,"href":"https:\/\/www.neufundlaender-vom-baerenfels.de\/index.php?rest_route=\/wp\/v2\/pages\/5947\/revisions\/5968"}],"wp:featuredmedia":[{"embeddable":true,"href":"https:\/\/www.neufundlaender-vom-baerenfels.de\/index.php?rest_route=\/wp\/v2\/media\/5949"}],"wp:attachment":[{"href":"https:\/\/www.neufundlaender-vom-baerenfels.de\/index.php?rest_route=%2Fwp%2Fv2%2Fmedia&parent=5947"}],"curies":[{"name":"wp","href":"https:\/\/api.w.org\/{rel}","templated":true}]}}