{"id":5971,"date":"2018-12-19T13:44:51","date_gmt":"2018-12-19T12:44:51","guid":{"rendered":"https:\/\/www.neufundlaender-vom-baerenfels.de\/?page_id=5971"},"modified":"2019-10-27T12:10:55","modified_gmt":"2019-10-27T11:10:55","slug":"welpenbilder-e-wurf","status":"publish","type":"page","link":"https:\/\/www.neufundlaender-vom-baerenfels.de\/?page_id=5971","title":{"rendered":"Welpenbilder E-Wurf"},"content":{"rendered":"\n<p>Hier ver\u00f6ffentlichen wir im w\u00f6chentlichen Abstand unsere Teddybilder zum Gr\u00f6\u00dfenvergleich.  Jeder Welpe hat eine eigene Seite, in der man jeweils die Gallerie durchklicken kann. Hier jeweils die w\u00f6chentlichen Bilder von allen:<\/p>\n\n\n\n<p>So,  sieben Koffer sind gepackt. Die Welpek\u00e4ufer warten ungeduldig auf das neue Familienmitglied! Welpe Nr. 2, Elfriede vom B\u00e4renfels muss nicht packen. Sie bleibt bei uns!<\/p>\n\n\n\nngg_shortcode_0_placeholder\n\n\n\n<p>Heute, am 10.02.2019 kommt etwas Wehmut auf. Da die ersten vier Racker in  der n\u00e4chsten Woche ausziehen, haben wir die letzten Teddybilder gemacht. Die 8 Racker wiegen heute zusammen 71,2 kg.<br \/><\/p>\n\n\n\nngg_shortcode_1_placeholder\n\n\n\n<p>Hier die Welpenbilder vom 03.02.2019. Das &#8222;Welpengesamtgewicht&#8220; ist innerhalb einer Woche um 16,7 kg auf 59,3 kg angewachsen!<\/p>\n\n\n\nngg_shortcode_2_placeholder\n\n\n\n<p>Hier die Bilder vom Sonntag, 27.01.2019:<\/p>\n\n\n\nngg_shortcode_3_placeholder\n\n\n\n<p>Das Fotoshooting am Sonntag,  20.01.2019:<\/p>\n\n\n\nngg_shortcode_4_placeholder\n\n\n\n<p>Die E-Chen im Alter von fast 4 Wochen am Sonntag, 13.01.2019:<\/p>\n\n\n\nngg_shortcode_5_placeholder\n\n\n\n<p>Hier die verschlafene  Bande vom 06.01.2019:<\/p>\n\n\n\nngg_shortcode_6_placeholder\n\n\n\n<p>Hier die Bilder vom 31.12.2018:<\/p>\n\n\n\nngg_shortcode_7_placeholder\n\n\n\n<p>Die Kleinen im Alter von  einer Woche:<\/p>\n\n\n\nngg_shortcode_8_placeholder\n\n\n\n<p>Hier die Bilder vom ersten Fotoshooting  am 20.12.2018. Erfahrungsgem\u00e4\u00df ist da noch nicht viel zu erkennen.<\/p>\n\n\n\nngg_shortcode_9_placeholder\n","protected":false},"excerpt":{"rendered":"<p>Hier ver\u00f6ffentlichen wir im w\u00f6chentlichen Abstand unsere Teddybilder zum Gr\u00f6\u00dfenvergleich. Jeder Welpe hat eine eigene Seite, in der man jeweils die Gallerie durchklicken kann. Hier jeweils die w\u00f6chentlichen Bilder von allen: So, sieben Koffer sind gepackt. Die Welpek\u00e4ufer warten ungeduldig auf das neue Familienmitglied! Welpe Nr. 2, Elfriede vom B\u00e4renfels muss nicht packen. Sie bleibt &hellip; <a href=\"https:\/\/www.neufundlaender-vom-baerenfels.de\/?page_id=5971\" class=\"more-link\"><span class=\"screen-reader-text\">Welpenbilder E-Wurf<\/span> weiterlesen <span class=\"meta-nav\">&rarr;<\/span><\/a><\/p>\n","protected":false},"author":1,"featured_media":0,"parent":0,"menu_order":0,"comment_status":"closed","ping_status":"closed","template":"","meta":{"ngg_post_thumbnail":0,"footnotes":""},"class_list":["post-5971","page","type-page","status-publish","hentry"],"_links":{"self":[{"href":"https:\/\/www.neufundlaender-vom-baerenfels.de\/index.php?rest_route=\/wp\/v2\/pages\/5971","targetHints":{"allow":["GET"]}}],"collection":[{"href":"https:\/\/www.neufundlaender-vom-baerenfels.de\/index.php?rest_route=\/wp\/v2\/pages"}],"about":[{"href":"https:\/\/www.neufundlaender-vom-baerenfels.de\/index.php?rest_route=\/wp\/v2\/types\/page"}],"author":[{"embeddable":true,"href":"https:\/\/www.neufundlaender-vom-baerenfels.de\/index.php?rest_route=\/wp\/v2\/users\/1"}],"replies":[{"embeddable":true,"href":"https:\/\/www.neufundlaender-vom-baerenfels.de\/index.php?rest_route=%2Fwp%2Fv2%2Fcomments&post=5971"}],"version-history":[{"count":33,"href":"https:\/\/www.neufundlaender-vom-baerenfels.de\/index.php?rest_route=\/wp\/v2\/pages\/5971\/revisions"}],"predecessor-version":[{"id":7185,"href":"https:\/\/www.neufundlaender-vom-baerenfels.de\/index.php?rest_route=\/wp\/v2\/pages\/5971\/revisions\/7185"}],"wp:attachment":[{"href":"https:\/\/www.neufundlaender-vom-baerenfels.de\/index.php?rest_route=%2Fwp%2Fv2%2Fmedia&parent=5971"}],"curies":[{"name":"wp","href":"https:\/\/api.w.org\/{rel}","templated":true}]}}

<p>Hier veröffentlichen wir im wöchentlichen Abstand unsere Teddybilder zum Größenvergleich.  Jeder Welpe hat eine eigene Seite, in der man jeweils die Gallerie durchklicken kann. Hier jeweils die wöchentlichen Bilder von allen:</p>



<p>So,  sieben Koffer sind gepackt. Die Welpekäufer warten ungeduldig auf das neue Familienmitglied! Welpe Nr. 2, Elfriede vom Bärenfels muss nicht packen. Sie bleibt bei uns!</p>



ngg_shortcode_0_placeholder



<p>Heute, am 10.02.2019 kommt etwas Wehmut auf. Da die ersten vier Racker in  der nächsten Woche ausziehen, haben wir die letzten Teddybilder gemacht. Die 8 Racker wiegen heute zusammen 71,2 kg.<br /></p>



ngg_shortcode_1_placeholder



<p>Hier die Welpenbilder vom 03.02.2019. Das &#8222;Welpengesamtgewicht&#8220; ist innerhalb einer Woche um 16,7 kg auf 59,3 kg angewachsen!</p>



ngg_shortcode_2_placeholder



<p>Hier die Bilder vom Sonntag, 27.01.2019:</p>



ngg_shortcode_3_placeholder



<p>Das Fotoshooting am Sonntag,  20.01.2019:</p>



ngg_shortcode_4_placeholder



<p>Die E-Chen im Alter von fast 4 Wochen am Sonntag, 13.01.2019:</p>



ngg_shortcode_5_placeholder



<p>Hier die verschlafene  Bande vom 06.01.2019:</p>



ngg_shortcode_6_placeholder



<p>Hier die Bilder vom 31.12.2018:</p>



ngg_shortcode_7_placeholder



<p>Die Kleinen im Alter von  einer Woche:</p>



ngg_shortcode_8_placeholder



<p>Hier die Bilder vom ersten Fotoshooting  am 20.12.2018. Erfahrungsgemäß ist da noch nicht viel zu erkennen.</p>



ngg_shortcode_9_placeholder

<p>Hier veröffentlichen wir im wöchentlichen Abstand unsere Teddybilder zum Größenvergleich. Jeder Welpe hat eine eigene Seite, in der man jeweils die Gallerie durchklicken kann. Hier jeweils die wöchentlichen Bilder von allen: So, sieben Koffer sind gepackt. Die Welpekäufer warten ungeduldig auf das neue Familienmitglied! Welpe Nr. 2, Elfriede vom Bärenfels muss nicht packen. Sie bleibt &hellip; <a href="https://www.neufundlaender-vom-baerenfels.de/?page_id=5971" class="more-link"><span class="screen-reader-text">Welpenbilder E-Wurf</span> weiterlesen <span class="meta-nav">&rarr;</span></a></p>
