{"id":5974,"date":"2018-12-19T13:48:53","date_gmt":"2018-12-19T12:48:53","guid":{"rendered":"https:\/\/www.neufundlaender-vom-baerenfels.de\/?page_id=5974"},"modified":"2019-10-27T11:43:40","modified_gmt":"2019-10-27T10:43:40","slug":"welpe-1-grau","status":"publish","type":"page","link":"https:\/\/www.neufundlaender-vom-baerenfels.de\/?page_id=5974","title":{"rendered":"E-Wurf Welpe 1 Grau"},"content":{"rendered":"\n<h2 class=\"wp-block-heading\">Emil vom B\u00e4renfels<\/h2>\n\n\n\n<p>R\u00fcde braun, graues B\u00e4ndchen, <br \/>geboren&nbsp; am 18.12.2018 um 8:04 Uhr, Geburtsgewicht 660 g<\/p>\n\n\n\n<p>ist umgezogen am Sonntag, 17.02.2019 in den Landkreis Esslingen in Baden-W\u00fcrttemberg<\/p>\n\n\n\n<p>mit einem &#8222;\u00dcbergabegwicht&#8220; von 11,5 kg.<\/p>\n\n\n\n<figure class=\"wp-block-image\"><img loading=\"lazy\" decoding=\"async\" width=\"709\" height=\"1024\" src=\"https:\/\/www.neufundlaender-vom-baerenfels.de\/wp-content\/uploads\/2019\/02\/Welpe-Emil-709x1024.jpg\" alt=\"\" class=\"wp-image-6888\" srcset=\"https:\/\/www.neufundlaender-vom-baerenfels.de\/wp-content\/uploads\/2019\/02\/Welpe-Emil-709x1024.jpg 709w, https:\/\/www.neufundlaender-vom-baerenfels.de\/wp-content\/uploads\/2019\/02\/Welpe-Emil-208x300.jpg 208w, https:\/\/www.neufundlaender-vom-baerenfels.de\/wp-content\/uploads\/2019\/02\/Welpe-Emil-768x1109.jpg 768w, https:\/\/www.neufundlaender-vom-baerenfels.de\/wp-content\/uploads\/2019\/02\/Welpe-Emil.jpg 1063w\" sizes=\"auto, (max-width: 709px) 100vw, 709px\" \/><\/figure>\n\n\n\n<figure class=\"wp-block-image\"><img loading=\"lazy\" decoding=\"async\" width=\"709\" height=\"1024\" src=\"https:\/\/www.neufundlaender-vom-baerenfels.de\/wp-content\/uploads\/2019\/02\/Kofferbild-1-RB-709x1024.jpg\" alt=\"\" class=\"wp-image-6898\" srcset=\"https:\/\/www.neufundlaender-vom-baerenfels.de\/wp-content\/uploads\/2019\/02\/Kofferbild-1-RB-709x1024.jpg 709w, https:\/\/www.neufundlaender-vom-baerenfels.de\/wp-content\/uploads\/2019\/02\/Kofferbild-1-RB-208x300.jpg 208w, https:\/\/www.neufundlaender-vom-baerenfels.de\/wp-content\/uploads\/2019\/02\/Kofferbild-1-RB-768x1109.jpg 768w, https:\/\/www.neufundlaender-vom-baerenfels.de\/wp-content\/uploads\/2019\/02\/Kofferbild-1-RB.jpg 1063w\" sizes=\"auto, (max-width: 709px) 100vw, 709px\" \/><\/figure>\n\n\n\n<figure class=\"wp-block-image\"><img loading=\"lazy\" decoding=\"async\" width=\"709\" height=\"1024\" src=\"https:\/\/www.neufundlaender-vom-baerenfels.de\/wp-content\/uploads\/2019\/02\/Emil-Zunge-709x1024.jpg\" alt=\"\" class=\"wp-image-6739\" srcset=\"https:\/\/www.neufundlaender-vom-baerenfels.de\/wp-content\/uploads\/2019\/02\/Emil-Zunge-709x1024.jpg 709w, https:\/\/www.neufundlaender-vom-baerenfels.de\/wp-content\/uploads\/2019\/02\/Emil-Zunge-208x300.jpg 208w, https:\/\/www.neufundlaender-vom-baerenfels.de\/wp-content\/uploads\/2019\/02\/Emil-Zunge-768x1109.jpg 768w, https:\/\/www.neufundlaender-vom-baerenfels.de\/wp-content\/uploads\/2019\/02\/Emil-Zunge.jpg 1063w\" sizes=\"auto, (max-width: 709px) 100vw, 709px\" \/><figcaption>Unversch\u00e4mtheit: Da wird man aus den sch\u00f6nsten Tr\u00e4umen gerissen, muss sich ruhig hinsetzen udn dann kommt auch noch so ein greller Blitz. Da streck ich doch mal ganz frech die Zunge raus!<\/figcaption><\/figure>\n\n\n\n<figure class=\"wp-block-image\"><img loading=\"lazy\" decoding=\"async\" width=\"1024\" height=\"576\" src=\"https:\/\/www.neufundlaender-vom-baerenfels.de\/wp-content\/uploads\/2018\/12\/R\u00fcde-braun-1024x576.jpg\" alt=\"\" class=\"wp-image-6190\" srcset=\"https:\/\/www.neufundlaender-vom-baerenfels.de\/wp-content\/uploads\/2018\/12\/R\u00fcde-braun-1024x576.jpg 1024w, https:\/\/www.neufundlaender-vom-baerenfels.de\/wp-content\/uploads\/2018\/12\/R\u00fcde-braun-300x169.jpg 300w, https:\/\/www.neufundlaender-vom-baerenfels.de\/wp-content\/uploads\/2018\/12\/R\u00fcde-braun-768x432.jpg 768w, https:\/\/www.neufundlaender-vom-baerenfels.de\/wp-content\/uploads\/2018\/12\/R\u00fcde-braun.jpg 1890w\" sizes=\"auto, (max-width: 1024px) 100vw, 1024px\" \/><figcaption>Der kleine braune  R\u00fcde am 28.12.2018<\/figcaption><\/figure>\n\n\n\n<p>Hier ein paar Schnappsch\u00fcsse:<\/p>\n\n\n\nngg_shortcode_0_placeholder\n\n\n\n<p>Hier die Teddybilder zum Gr\u00f6\u00dfenvergleich:<\/p>\n\n\n\nngg_shortcode_1_placeholder\n","protected":false},"excerpt":{"rendered":"<p>Emil vom B\u00e4renfels R\u00fcde braun, graues B\u00e4ndchen, geboren&nbsp; am 18.12.2018 um 8:04 Uhr, Geburtsgewicht 660 g ist umgezogen am Sonntag, 17.02.2019 in den Landkreis Esslingen in Baden-W\u00fcrttemberg mit einem &#8222;\u00dcbergabegwicht&#8220; von 11,5 kg. Hier ein paar Schnappsch\u00fcsse: Hier die Teddybilder zum Gr\u00f6\u00dfenvergleich:<\/p>\n","protected":false},"author":1,"featured_media":0,"parent":0,"menu_order":0,"comment_status":"closed","ping_status":"closed","template":"","meta":{"ngg_post_thumbnail":0,"footnotes":""},"class_list":["post-5974","page","type-page","status-publish","hentry"],"_links":{"self":[{"href":"https:\/\/www.neufundlaender-vom-baerenfels.de\/index.php?rest_route=\/wp\/v2\/pages\/5974","targetHints":{"allow":["GET"]}}],"collection":[{"href":"https:\/\/www.neufundlaender-vom-baerenfels.de\/index.php?rest_route=\/wp\/v2\/pages"}],"about":[{"href":"https:\/\/www.neufundlaender-vom-baerenfels.de\/index.php?rest_route=\/wp\/v2\/types\/page"}],"author":[{"embeddable":true,"href":"https:\/\/www.neufundlaender-vom-baerenfels.de\/index.php?rest_route=\/wp\/v2\/users\/1"}],"replies":[{"embeddable":true,"href":"https:\/\/www.neufundlaender-vom-baerenfels.de\/index.php?rest_route=%2Fwp%2Fv2%2Fcomments&post=5974"}],"version-history":[{"count":15,"href":"https:\/\/www.neufundlaender-vom-baerenfels.de\/index.php?rest_route=\/wp\/v2\/pages\/5974\/revisions"}],"predecessor-version":[{"id":7163,"href":"https:\/\/www.neufundlaender-vom-baerenfels.de\/index.php?rest_route=\/wp\/v2\/pages\/5974\/revisions\/7163"}],"wp:attachment":[{"href":"https:\/\/www.neufundlaender-vom-baerenfels.de\/index.php?rest_route=%2Fwp%2Fv2%2Fmedia&parent=5974"}],"curies":[{"name":"wp","href":"https:\/\/api.w.org\/{rel}","templated":true}]}}

<h2 class="wp-block-heading">Emil vom Bärenfels</h2>



<p>Rüde braun, graues Bändchen, <br />geboren&nbsp; am 18.12.2018 um 8:04 Uhr, Geburtsgewicht 660 g</p>



<p>ist umgezogen am Sonntag, 17.02.2019 in den Landkreis Esslingen in Baden-Württemberg</p>



<p>mit einem &#8222;Übergabegwicht&#8220; von 11,5 kg.</p>



<figure class="wp-block-image"><img loading="lazy" decoding="async" width="709" height="1024" src="https://www.neufundlaender-vom-baerenfels.de/wp-content/uploads/2019/02/Welpe-Emil-709x1024.jpg" alt="" class="wp-image-6888" srcset="https://www.neufundlaender-vom-baerenfels.de/wp-content/uploads/2019/02/Welpe-Emil-709x1024.jpg 709w, https://www.neufundlaender-vom-baerenfels.de/wp-content/uploads/2019/02/Welpe-Emil-208x300.jpg 208w, https://www.neufundlaender-vom-baerenfels.de/wp-content/uploads/2019/02/Welpe-Emil-768x1109.jpg 768w, https://www.neufundlaender-vom-baerenfels.de/wp-content/uploads/2019/02/Welpe-Emil.jpg 1063w" sizes="auto, (max-width: 709px) 100vw, 709px" /></figure>



<figure class="wp-block-image"><img loading="lazy" decoding="async" width="709" height="1024" src="https://www.neufundlaender-vom-baerenfels.de/wp-content/uploads/2019/02/Kofferbild-1-RB-709x1024.jpg" alt="" class="wp-image-6898" srcset="https://www.neufundlaender-vom-baerenfels.de/wp-content/uploads/2019/02/Kofferbild-1-RB-709x1024.jpg 709w, https://www.neufundlaender-vom-baerenfels.de/wp-content/uploads/2019/02/Kofferbild-1-RB-208x300.jpg 208w, https://www.neufundlaender-vom-baerenfels.de/wp-content/uploads/2019/02/Kofferbild-1-RB-768x1109.jpg 768w, https://www.neufundlaender-vom-baerenfels.de/wp-content/uploads/2019/02/Kofferbild-1-RB.jpg 1063w" sizes="auto, (max-width: 709px) 100vw, 709px" /></figure>



<figure class="wp-block-image"><img loading="lazy" decoding="async" width="709" height="1024" src="https://www.neufundlaender-vom-baerenfels.de/wp-content/uploads/2019/02/Emil-Zunge-709x1024.jpg" alt="" class="wp-image-6739" srcset="https://www.neufundlaender-vom-baerenfels.de/wp-content/uploads/2019/02/Emil-Zunge-709x1024.jpg 709w, https://www.neufundlaender-vom-baerenfels.de/wp-content/uploads/2019/02/Emil-Zunge-208x300.jpg 208w, https://www.neufundlaender-vom-baerenfels.de/wp-content/uploads/2019/02/Emil-Zunge-768x1109.jpg 768w, https://www.neufundlaender-vom-baerenfels.de/wp-content/uploads/2019/02/Emil-Zunge.jpg 1063w" sizes="auto, (max-width: 709px) 100vw, 709px" /><figcaption>Unverschämtheit: Da wird man aus den schönsten Träumen gerissen, muss sich ruhig hinsetzen udn dann kommt auch noch so ein greller Blitz. Da streck ich doch mal ganz frech die Zunge raus!</figcaption></figure>



<figure class="wp-block-image"><img loading="lazy" decoding="async" width="1024" height="576" src="https://www.neufundlaender-vom-baerenfels.de/wp-content/uploads/2018/12/Rüde-braun-1024x576.jpg" alt="" class="wp-image-6190" srcset="https://www.neufundlaender-vom-baerenfels.de/wp-content/uploads/2018/12/Rüde-braun-1024x576.jpg 1024w, https://www.neufundlaender-vom-baerenfels.de/wp-content/uploads/2018/12/Rüde-braun-300x169.jpg 300w, https://www.neufundlaender-vom-baerenfels.de/wp-content/uploads/2018/12/Rüde-braun-768x432.jpg 768w, https://www.neufundlaender-vom-baerenfels.de/wp-content/uploads/2018/12/Rüde-braun.jpg 1890w" sizes="auto, (max-width: 1024px) 100vw, 1024px" /><figcaption>Der kleine braune  Rüde am 28.12.2018</figcaption></figure>



<p>Hier ein paar Schnappschüsse:</p>



ngg_shortcode_0_placeholder



<p>Hier die Teddybilder zum Größenvergleich:</p>



ngg_shortcode_1_placeholder

<p>Emil vom Bärenfels Rüde braun, graues Bändchen, geboren&nbsp; am 18.12.2018 um 8:04 Uhr, Geburtsgewicht 660 g ist umgezogen am Sonntag, 17.02.2019 in den Landkreis Esslingen in Baden-Württemberg mit einem &#8222;Übergabegwicht&#8220; von 11,5 kg. Hier ein paar Schnappschüsse: Hier die Teddybilder zum Größenvergleich:</p>
