{"id":5980,"date":"2018-12-19T13:52:13","date_gmt":"2018-12-19T12:52:13","guid":{"rendered":"https:\/\/www.neufundlaender-vom-baerenfels.de\/?page_id=5980"},"modified":"2019-10-27T11:48:06","modified_gmt":"2019-10-27T10:48:06","slug":"welpe-4-orange","status":"publish","type":"page","link":"https:\/\/www.neufundlaender-vom-baerenfels.de\/?page_id=5980","title":{"rendered":"E-Wurf Welpe 4 Orange"},"content":{"rendered":"\n<h2 class=\"wp-block-heading\">Emma vom B\u00e4renfels<\/h2>\n\n\n\n<p>H\u00fcndin braun, orangenes B\u00e4ndchen<br \/>geboren am 18.12.2018 um 10:26 Uhr, Geburtsgewicht 640 g<\/p>\n\n\n\n<p>ist umgezogen am Sonntag, 17.02.2019 in den Landkreis Marburg-Biedenkopf in Hessen zu ihrer Halbschwester Charlotte vom B\u00e4renfels<\/p>\n\n\n\n<p>mit einem &#8222;\u00dcbergabegewicht von 10,7 kg.<\/p>\n\n\n\n<figure class=\"wp-block-image\"><img loading=\"lazy\" decoding=\"async\" width=\"709\" height=\"1024\" src=\"https:\/\/www.neufundlaender-vom-baerenfels.de\/wp-content\/uploads\/2019\/02\/Welpe-Emma-709x1024.jpg\" alt=\"\" class=\"wp-image-6891\" srcset=\"https:\/\/www.neufundlaender-vom-baerenfels.de\/wp-content\/uploads\/2019\/02\/Welpe-Emma-709x1024.jpg 709w, https:\/\/www.neufundlaender-vom-baerenfels.de\/wp-content\/uploads\/2019\/02\/Welpe-Emma-208x300.jpg 208w, https:\/\/www.neufundlaender-vom-baerenfels.de\/wp-content\/uploads\/2019\/02\/Welpe-Emma-768x1109.jpg 768w, https:\/\/www.neufundlaender-vom-baerenfels.de\/wp-content\/uploads\/2019\/02\/Welpe-Emma.jpg 1063w\" sizes=\"auto, (max-width: 709px) 100vw, 709px\" \/><\/figure>\n\n\n\n<figure class=\"wp-block-image\"><img loading=\"lazy\" decoding=\"async\" width=\"576\" height=\"1024\" src=\"https:\/\/www.neufundlaender-vom-baerenfels.de\/wp-content\/uploads\/2019\/02\/Kofferbild-4-HB-576x1024.jpg\" alt=\"\" class=\"wp-image-6900\" srcset=\"https:\/\/www.neufundlaender-vom-baerenfels.de\/wp-content\/uploads\/2019\/02\/Kofferbild-4-HB-576x1024.jpg 576w, https:\/\/www.neufundlaender-vom-baerenfels.de\/wp-content\/uploads\/2019\/02\/Kofferbild-4-HB-169x300.jpg 169w, https:\/\/www.neufundlaender-vom-baerenfels.de\/wp-content\/uploads\/2019\/02\/Kofferbild-4-HB-768x1365.jpg 768w\" sizes=\"auto, (max-width: 576px) 100vw, 576px\" \/><\/figure>\n\n\n\n<figure class=\"wp-block-image\"><img loading=\"lazy\" decoding=\"async\" width=\"1024\" height=\"576\" src=\"https:\/\/www.neufundlaender-vom-baerenfels.de\/wp-content\/uploads\/2018\/12\/Orange4-1024x576.jpg\" alt=\"\" class=\"wp-image-6239\" srcset=\"https:\/\/www.neufundlaender-vom-baerenfels.de\/wp-content\/uploads\/2018\/12\/Orange4-1024x576.jpg 1024w, https:\/\/www.neufundlaender-vom-baerenfels.de\/wp-content\/uploads\/2018\/12\/Orange4-300x169.jpg 300w, https:\/\/www.neufundlaender-vom-baerenfels.de\/wp-content\/uploads\/2018\/12\/Orange4-768x432.jpg 768w, https:\/\/www.neufundlaender-vom-baerenfels.de\/wp-content\/uploads\/2018\/12\/Orange4.jpg 1890w\" sizes=\"auto, (max-width: 1024px) 100vw, 1024px\" \/><\/figure>\n\n\n\n<p>Hier ein paar Schnappsch\u00fcsse:<\/p>\n\n\n\nngg_shortcode_0_placeholder\n\n\n\n<p>Hier die Teddybilder zum Gr\u00f6\u00dfenvergleich:<\/p>\n\n\n\nngg_shortcode_1_placeholder\n","protected":false},"excerpt":{"rendered":"<p>Emma vom B\u00e4renfels H\u00fcndin braun, orangenes B\u00e4ndchengeboren am 18.12.2018 um 10:26 Uhr, Geburtsgewicht 640 g ist umgezogen am Sonntag, 17.02.2019 in den Landkreis Marburg-Biedenkopf in Hessen zu ihrer Halbschwester Charlotte vom B\u00e4renfels mit einem &#8222;\u00dcbergabegewicht von 10,7 kg. Hier ein paar Schnappsch\u00fcsse: Hier die Teddybilder zum Gr\u00f6\u00dfenvergleich:<\/p>\n","protected":false},"author":1,"featured_media":0,"parent":0,"menu_order":0,"comment_status":"closed","ping_status":"closed","template":"","meta":{"ngg_post_thumbnail":0,"footnotes":""},"class_list":["post-5980","page","type-page","status-publish","hentry"],"_links":{"self":[{"href":"https:\/\/www.neufundlaender-vom-baerenfels.de\/index.php?rest_route=\/wp\/v2\/pages\/5980","targetHints":{"allow":["GET"]}}],"collection":[{"href":"https:\/\/www.neufundlaender-vom-baerenfels.de\/index.php?rest_route=\/wp\/v2\/pages"}],"about":[{"href":"https:\/\/www.neufundlaender-vom-baerenfels.de\/index.php?rest_route=\/wp\/v2\/types\/page"}],"author":[{"embeddable":true,"href":"https:\/\/www.neufundlaender-vom-baerenfels.de\/index.php?rest_route=\/wp\/v2\/users\/1"}],"replies":[{"embeddable":true,"href":"https:\/\/www.neufundlaender-vom-baerenfels.de\/index.php?rest_route=%2Fwp%2Fv2%2Fcomments&post=5980"}],"version-history":[{"count":10,"href":"https:\/\/www.neufundlaender-vom-baerenfels.de\/index.php?rest_route=\/wp\/v2\/pages\/5980\/revisions"}],"predecessor-version":[{"id":7165,"href":"https:\/\/www.neufundlaender-vom-baerenfels.de\/index.php?rest_route=\/wp\/v2\/pages\/5980\/revisions\/7165"}],"wp:attachment":[{"href":"https:\/\/www.neufundlaender-vom-baerenfels.de\/index.php?rest_route=%2Fwp%2Fv2%2Fmedia&parent=5980"}],"curies":[{"name":"wp","href":"https:\/\/api.w.org\/{rel}","templated":true}]}}

<h2 class="wp-block-heading">Emma vom Bärenfels</h2>



<p>Hündin braun, orangenes Bändchen<br />geboren am 18.12.2018 um 10:26 Uhr, Geburtsgewicht 640 g</p>



<p>ist umgezogen am Sonntag, 17.02.2019 in den Landkreis Marburg-Biedenkopf in Hessen zu ihrer Halbschwester Charlotte vom Bärenfels</p>



<p>mit einem &#8222;Übergabegewicht von 10,7 kg.</p>



<figure class="wp-block-image"><img loading="lazy" decoding="async" width="709" height="1024" src="https://www.neufundlaender-vom-baerenfels.de/wp-content/uploads/2019/02/Welpe-Emma-709x1024.jpg" alt="" class="wp-image-6891" srcset="https://www.neufundlaender-vom-baerenfels.de/wp-content/uploads/2019/02/Welpe-Emma-709x1024.jpg 709w, https://www.neufundlaender-vom-baerenfels.de/wp-content/uploads/2019/02/Welpe-Emma-208x300.jpg 208w, https://www.neufundlaender-vom-baerenfels.de/wp-content/uploads/2019/02/Welpe-Emma-768x1109.jpg 768w, https://www.neufundlaender-vom-baerenfels.de/wp-content/uploads/2019/02/Welpe-Emma.jpg 1063w" sizes="auto, (max-width: 709px) 100vw, 709px" /></figure>



<figure class="wp-block-image"><img loading="lazy" decoding="async" width="576" height="1024" src="https://www.neufundlaender-vom-baerenfels.de/wp-content/uploads/2019/02/Kofferbild-4-HB-576x1024.jpg" alt="" class="wp-image-6900" srcset="https://www.neufundlaender-vom-baerenfels.de/wp-content/uploads/2019/02/Kofferbild-4-HB-576x1024.jpg 576w, https://www.neufundlaender-vom-baerenfels.de/wp-content/uploads/2019/02/Kofferbild-4-HB-169x300.jpg 169w, https://www.neufundlaender-vom-baerenfels.de/wp-content/uploads/2019/02/Kofferbild-4-HB-768x1365.jpg 768w" sizes="auto, (max-width: 576px) 100vw, 576px" /></figure>



<figure class="wp-block-image"><img loading="lazy" decoding="async" width="1024" height="576" src="https://www.neufundlaender-vom-baerenfels.de/wp-content/uploads/2018/12/Orange4-1024x576.jpg" alt="" class="wp-image-6239" srcset="https://www.neufundlaender-vom-baerenfels.de/wp-content/uploads/2018/12/Orange4-1024x576.jpg 1024w, https://www.neufundlaender-vom-baerenfels.de/wp-content/uploads/2018/12/Orange4-300x169.jpg 300w, https://www.neufundlaender-vom-baerenfels.de/wp-content/uploads/2018/12/Orange4-768x432.jpg 768w, https://www.neufundlaender-vom-baerenfels.de/wp-content/uploads/2018/12/Orange4.jpg 1890w" sizes="auto, (max-width: 1024px) 100vw, 1024px" /></figure>



<p>Hier ein paar Schnappschüsse:</p>



ngg_shortcode_0_placeholder



<p>Hier die Teddybilder zum Größenvergleich:</p>



ngg_shortcode_1_placeholder

<p>Emma vom Bärenfels Hündin braun, orangenes Bändchengeboren am 18.12.2018 um 10:26 Uhr, Geburtsgewicht 640 g ist umgezogen am Sonntag, 17.02.2019 in den Landkreis Marburg-Biedenkopf in Hessen zu ihrer Halbschwester Charlotte vom Bärenfels mit einem &#8222;Übergabegewicht von 10,7 kg. Hier ein paar Schnappschüsse: Hier die Teddybilder zum Größenvergleich:</p>
