{"id":5986,"date":"2018-12-19T13:55:18","date_gmt":"2018-12-19T12:55:18","guid":{"rendered":"https:\/\/www.neufundlaender-vom-baerenfels.de\/?page_id=5986"},"modified":"2019-10-27T11:56:59","modified_gmt":"2019-10-27T10:56:59","slug":"welpe-7-gruen","status":"publish","type":"page","link":"https:\/\/www.neufundlaender-vom-baerenfels.de\/?page_id=5986","title":{"rendered":"E-Wurf Welpe 7 gr\u00fcn"},"content":{"rendered":"\n<h2 class=\"wp-block-heading\">Eberhard vom B\u00e4renfels<\/h2>\n\n\n\n<p>R\u00fcde schwarz, gr\u00fcnes B\u00e4ndchen<br \/>geboren am 18.12.2018 um 12:58 Uhr, Geburtsgewicht 670 g<\/p>\n\n\n\n<p><br \/>ist umgezogen am Freitag, 22.02.2019 in den Landkreis Schw\u00e4bisch-Hall in Baden-W\u00fcrttemberg.<\/p>\n\n\n\n<figure class=\"wp-block-image\"><img loading=\"lazy\" decoding=\"async\" width=\"709\" height=\"1024\" src=\"https:\/\/www.neufundlaender-vom-baerenfels.de\/wp-content\/uploads\/2019\/02\/Welpe-gr\u00fcn-Eberhard-709x1024.jpg\" alt=\"\" class=\"wp-image-6921\" srcset=\"https:\/\/www.neufundlaender-vom-baerenfels.de\/wp-content\/uploads\/2019\/02\/Welpe-gr\u00fcn-Eberhard-709x1024.jpg 709w, https:\/\/www.neufundlaender-vom-baerenfels.de\/wp-content\/uploads\/2019\/02\/Welpe-gr\u00fcn-Eberhard-208x300.jpg 208w, https:\/\/www.neufundlaender-vom-baerenfels.de\/wp-content\/uploads\/2019\/02\/Welpe-gr\u00fcn-Eberhard-768x1109.jpg 768w, https:\/\/www.neufundlaender-vom-baerenfels.de\/wp-content\/uploads\/2019\/02\/Welpe-gr\u00fcn-Eberhard.jpg 1063w\" sizes=\"auto, (max-width: 709px) 100vw, 709px\" \/><\/figure>\n\n\n\n<figure class=\"wp-block-image\"><img loading=\"lazy\" decoding=\"async\" width=\"631\" height=\"1024\" src=\"https:\/\/www.neufundlaender-vom-baerenfels.de\/wp-content\/uploads\/2019\/02\/Kofferbild-7-RS-Eberhard1-1-631x1024.jpg\" alt=\"\" class=\"wp-image-6936\" srcset=\"https:\/\/www.neufundlaender-vom-baerenfels.de\/wp-content\/uploads\/2019\/02\/Kofferbild-7-RS-Eberhard1-1-631x1024.jpg 631w, https:\/\/www.neufundlaender-vom-baerenfels.de\/wp-content\/uploads\/2019\/02\/Kofferbild-7-RS-Eberhard1-1-185x300.jpg 185w, https:\/\/www.neufundlaender-vom-baerenfels.de\/wp-content\/uploads\/2019\/02\/Kofferbild-7-RS-Eberhard1-1-768x1246.jpg 768w\" sizes=\"auto, (max-width: 631px) 100vw, 631px\" \/><\/figure>\n\n\n\n<figure class=\"wp-block-image\"><img loading=\"lazy\" decoding=\"async\" width=\"1024\" height=\"576\" src=\"https:\/\/www.neufundlaender-vom-baerenfels.de\/wp-content\/uploads\/2018\/12\/Gr\u00fcn5-1024x576.jpg\" alt=\"\" class=\"wp-image-6232\" srcset=\"https:\/\/www.neufundlaender-vom-baerenfels.de\/wp-content\/uploads\/2018\/12\/Gr\u00fcn5-1024x576.jpg 1024w, https:\/\/www.neufundlaender-vom-baerenfels.de\/wp-content\/uploads\/2018\/12\/Gr\u00fcn5-300x169.jpg 300w, https:\/\/www.neufundlaender-vom-baerenfels.de\/wp-content\/uploads\/2018\/12\/Gr\u00fcn5-768x432.jpg 768w, https:\/\/www.neufundlaender-vom-baerenfels.de\/wp-content\/uploads\/2018\/12\/Gr\u00fcn5.jpg 1890w\" sizes=\"auto, (max-width: 1024px) 100vw, 1024px\" \/><\/figure>\n\n\n\n<p>Hier ein paar Schnappsch\u00fcsse:<\/p>\n\n\n\nngg_shortcode_0_placeholder\n\n\n\n<p>Hier die Teddybilder zum Gr\u00f6\u00dfenvergleich:<\/p>\n\n\n\nngg_shortcode_1_placeholder\n","protected":false},"excerpt":{"rendered":"<p>Eberhard vom B\u00e4renfels R\u00fcde schwarz, gr\u00fcnes B\u00e4ndchengeboren am 18.12.2018 um 12:58 Uhr, Geburtsgewicht 670 g ist umgezogen am Freitag, 22.02.2019 in den Landkreis Schw\u00e4bisch-Hall in Baden-W\u00fcrttemberg. Hier ein paar Schnappsch\u00fcsse: Hier die Teddybilder zum Gr\u00f6\u00dfenvergleich:<\/p>\n","protected":false},"author":1,"featured_media":0,"parent":0,"menu_order":0,"comment_status":"closed","ping_status":"closed","template":"","meta":{"ngg_post_thumbnail":0,"footnotes":""},"class_list":["post-5986","page","type-page","status-publish","hentry"],"_links":{"self":[{"href":"https:\/\/www.neufundlaender-vom-baerenfels.de\/index.php?rest_route=\/wp\/v2\/pages\/5986","targetHints":{"allow":["GET"]}}],"collection":[{"href":"https:\/\/www.neufundlaender-vom-baerenfels.de\/index.php?rest_route=\/wp\/v2\/pages"}],"about":[{"href":"https:\/\/www.neufundlaender-vom-baerenfels.de\/index.php?rest_route=\/wp\/v2\/types\/page"}],"author":[{"embeddable":true,"href":"https:\/\/www.neufundlaender-vom-baerenfels.de\/index.php?rest_route=\/wp\/v2\/users\/1"}],"replies":[{"embeddable":true,"href":"https:\/\/www.neufundlaender-vom-baerenfels.de\/index.php?rest_route=%2Fwp%2Fv2%2Fcomments&post=5986"}],"version-history":[{"count":9,"href":"https:\/\/www.neufundlaender-vom-baerenfels.de\/index.php?rest_route=\/wp\/v2\/pages\/5986\/revisions"}],"predecessor-version":[{"id":7170,"href":"https:\/\/www.neufundlaender-vom-baerenfels.de\/index.php?rest_route=\/wp\/v2\/pages\/5986\/revisions\/7170"}],"wp:attachment":[{"href":"https:\/\/www.neufundlaender-vom-baerenfels.de\/index.php?rest_route=%2Fwp%2Fv2%2Fmedia&parent=5986"}],"curies":[{"name":"wp","href":"https:\/\/api.w.org\/{rel}","templated":true}]}}

E-Wurf Welpe 7 grün

<h2 class="wp-block-heading">Eberhard vom Bärenfels</h2>



<p>Rüde schwarz, grünes Bändchen<br />geboren am 18.12.2018 um 12:58 Uhr, Geburtsgewicht 670 g</p>



<p><br />ist umgezogen am Freitag, 22.02.2019 in den Landkreis Schwäbisch-Hall in Baden-Württemberg.</p>



<figure class="wp-block-image"><img loading="lazy" decoding="async" width="709" height="1024" src="https://www.neufundlaender-vom-baerenfels.de/wp-content/uploads/2019/02/Welpe-grün-Eberhard-709x1024.jpg" alt="" class="wp-image-6921" srcset="https://www.neufundlaender-vom-baerenfels.de/wp-content/uploads/2019/02/Welpe-grün-Eberhard-709x1024.jpg 709w, https://www.neufundlaender-vom-baerenfels.de/wp-content/uploads/2019/02/Welpe-grün-Eberhard-208x300.jpg 208w, https://www.neufundlaender-vom-baerenfels.de/wp-content/uploads/2019/02/Welpe-grün-Eberhard-768x1109.jpg 768w, https://www.neufundlaender-vom-baerenfels.de/wp-content/uploads/2019/02/Welpe-grün-Eberhard.jpg 1063w" sizes="auto, (max-width: 709px) 100vw, 709px" /></figure>



<figure class="wp-block-image"><img loading="lazy" decoding="async" width="631" height="1024" src="https://www.neufundlaender-vom-baerenfels.de/wp-content/uploads/2019/02/Kofferbild-7-RS-Eberhard1-1-631x1024.jpg" alt="" class="wp-image-6936" srcset="https://www.neufundlaender-vom-baerenfels.de/wp-content/uploads/2019/02/Kofferbild-7-RS-Eberhard1-1-631x1024.jpg 631w, https://www.neufundlaender-vom-baerenfels.de/wp-content/uploads/2019/02/Kofferbild-7-RS-Eberhard1-1-185x300.jpg 185w, https://www.neufundlaender-vom-baerenfels.de/wp-content/uploads/2019/02/Kofferbild-7-RS-Eberhard1-1-768x1246.jpg 768w" sizes="auto, (max-width: 631px) 100vw, 631px" /></figure>



<figure class="wp-block-image"><img loading="lazy" decoding="async" width="1024" height="576" src="https://www.neufundlaender-vom-baerenfels.de/wp-content/uploads/2018/12/Grün5-1024x576.jpg" alt="" class="wp-image-6232" srcset="https://www.neufundlaender-vom-baerenfels.de/wp-content/uploads/2018/12/Grün5-1024x576.jpg 1024w, https://www.neufundlaender-vom-baerenfels.de/wp-content/uploads/2018/12/Grün5-300x169.jpg 300w, https://www.neufundlaender-vom-baerenfels.de/wp-content/uploads/2018/12/Grün5-768x432.jpg 768w, https://www.neufundlaender-vom-baerenfels.de/wp-content/uploads/2018/12/Grün5.jpg 1890w" sizes="auto, (max-width: 1024px) 100vw, 1024px" /></figure>



<p>Hier ein paar Schnappschüsse:</p>



ngg_shortcode_0_placeholder



<p>Hier die Teddybilder zum Größenvergleich:</p>



ngg_shortcode_1_placeholder

<p>Eberhard vom Bärenfels Rüde schwarz, grünes Bändchengeboren am 18.12.2018 um 12:58 Uhr, Geburtsgewicht 670 g ist umgezogen am Freitag, 22.02.2019 in den Landkreis Schwäbisch-Hall in Baden-Württemberg. Hier ein paar Schnappschüsse: Hier die Teddybilder zum Größenvergleich:</p>
