{"id":7412,"date":"2020-08-13T08:46:47","date_gmt":"2020-08-13T07:46:47","guid":{"rendered":"https:\/\/www.neufundlaender-vom-baerenfels.de\/?page_id=7412"},"modified":"2020-09-27T09:43:45","modified_gmt":"2020-09-27T08:43:45","slug":"welpenbilder-f-wurf","status":"publish","type":"page","link":"https:\/\/www.neufundlaender-vom-baerenfels.de\/?page_id=7412","title":{"rendered":"Welpenbilder F-Wurf"},"content":{"rendered":"\n<h1 class=\"wp-block-heading\"><\/h1>\n\n\n\n<p>Hier ver\u00f6ffentlichen wir im w\u00f6chentlichen Abstand unsere Teddybilder zum Gr\u00f6\u00dfenvergleich. Jeder Welpe hat eine eigene Seite, in der man jeweils die Gallerie durchklicken kann.<\/p>\n\n\n\n<p>Am 25.09.2020 hatten die F-Chen beim Fototermin ausgeschlafen. Da muss man dann den Augenblick abwarten, an dem sie sitzenbleiben. Gar nicht so einfach!<\/p>\n\n\n\nngg_shortcode_0_placeholder\n\n\n\n<p>Heute, 18.09.2020  wurde es etwas sp\u00e4t. Entsprechend waren die Kleinen recht m\u00fcde:<\/p>\n\n\n\nngg_shortcode_1_placeholder\n\n\n\n<p>Am Freitag, 11.09.2020 waren die Racker ganz sch\u00f6n geschafft. An zwei Tagen hintereinander erster Besuch von den k\u00fcnftigen Besitzer. Da war Knuddelzeit angesagt.<\/p>\n\n\n\nngg_shortcode_2_placeholder\n\n\n\n<p>Das 4. Fotoshooting am 04.09.2020.<\/p>\n<p>Die drei Jungs haben ganz sch\u00f6n vorgelegt. Sie haben die 3-kg-Grenze \u00fcberschritten und die beiden M\u00e4del abgeh\u00e4ngt. Die sind daf\u00fcr um so wuseliger in Wurfbox<\/p>\n\n\n\nngg_shortcode_3_placeholder\n\n\n\n<p>Die Teddybilder vom 28.08.2020:<\/p>\n\n\n\nngg_shortcode_4_placeholder\n\n\n\n<p>Am 21.08.2020 habe die Kleinen schon m\u00e4chtig zugelegt.  Selbst die beiden M\u00e4dels haben die 1-kg-Grenze \u00fcberschritten:<\/p>\n\n\n\nngg_shortcode_5_placeholder\n\n\n\n<p>Hier die Bilder vom ersten Fotoshooting am 14.08.2020:<\/p>\n\n\n\nngg_shortcode_6_placeholder\n","protected":false},"excerpt":{"rendered":"<p>Hier ver\u00f6ffentlichen wir im w\u00f6chentlichen Abstand unsere Teddybilder zum Gr\u00f6\u00dfenvergleich. Jeder Welpe hat eine eigene Seite, in der man jeweils die Gallerie durchklicken kann. Am 25.09.2020 hatten die F-Chen beim Fototermin ausgeschlafen. Da muss man dann den Augenblick abwarten, an dem sie sitzenbleiben. Gar nicht so einfach! Heute, 18.09.2020 wurde es etwas sp\u00e4t. Entsprechend waren &hellip; <a href=\"https:\/\/www.neufundlaender-vom-baerenfels.de\/?page_id=7412\" class=\"more-link\"><span class=\"screen-reader-text\">Welpenbilder F-Wurf<\/span> weiterlesen <span class=\"meta-nav\">&rarr;<\/span><\/a><\/p>\n","protected":false},"author":1,"featured_media":0,"parent":0,"menu_order":0,"comment_status":"closed","ping_status":"closed","template":"","meta":{"ngg_post_thumbnail":0,"footnotes":""},"class_list":["post-7412","page","type-page","status-publish","hentry"],"_links":{"self":[{"href":"https:\/\/www.neufundlaender-vom-baerenfels.de\/index.php?rest_route=\/wp\/v2\/pages\/7412","targetHints":{"allow":["GET"]}}],"collection":[{"href":"https:\/\/www.neufundlaender-vom-baerenfels.de\/index.php?rest_route=\/wp\/v2\/pages"}],"about":[{"href":"https:\/\/www.neufundlaender-vom-baerenfels.de\/index.php?rest_route=\/wp\/v2\/types\/page"}],"author":[{"embeddable":true,"href":"https:\/\/www.neufundlaender-vom-baerenfels.de\/index.php?rest_route=\/wp\/v2\/users\/1"}],"replies":[{"embeddable":true,"href":"https:\/\/www.neufundlaender-vom-baerenfels.de\/index.php?rest_route=%2Fwp%2Fv2%2Fcomments&post=7412"}],"version-history":[{"count":24,"href":"https:\/\/www.neufundlaender-vom-baerenfels.de\/index.php?rest_route=\/wp\/v2\/pages\/7412\/revisions"}],"predecessor-version":[{"id":7759,"href":"https:\/\/www.neufundlaender-vom-baerenfels.de\/index.php?rest_route=\/wp\/v2\/pages\/7412\/revisions\/7759"}],"wp:attachment":[{"href":"https:\/\/www.neufundlaender-vom-baerenfels.de\/index.php?rest_route=%2Fwp%2Fv2%2Fmedia&parent=7412"}],"curies":[{"name":"wp","href":"https:\/\/api.w.org\/{rel}","templated":true}]}}

<h1 class="wp-block-heading"></h1>



<p>Hier veröffentlichen wir im wöchentlichen Abstand unsere Teddybilder zum Größenvergleich. Jeder Welpe hat eine eigene Seite, in der man jeweils die Gallerie durchklicken kann.</p>



<p>Am 25.09.2020 hatten die F-Chen beim Fototermin ausgeschlafen. Da muss man dann den Augenblick abwarten, an dem sie sitzenbleiben. Gar nicht so einfach!</p>



ngg_shortcode_0_placeholder



<p>Heute, 18.09.2020  wurde es etwas spät. Entsprechend waren die Kleinen recht müde:</p>



ngg_shortcode_1_placeholder



<p>Am Freitag, 11.09.2020 waren die Racker ganz schön geschafft. An zwei Tagen hintereinander erster Besuch von den künftigen Besitzer. Da war Knuddelzeit angesagt.</p>



ngg_shortcode_2_placeholder



<p>Das 4. Fotoshooting am 04.09.2020.</p>
<p>Die drei Jungs haben ganz schön vorgelegt. Sie haben die 3-kg-Grenze überschritten und die beiden Mädel abgehängt. Die sind dafür um so wuseliger in Wurfbox</p>



ngg_shortcode_3_placeholder



<p>Die Teddybilder vom 28.08.2020:</p>



ngg_shortcode_4_placeholder



<p>Am 21.08.2020 habe die Kleinen schon mächtig zugelegt.  Selbst die beiden Mädels haben die 1-kg-Grenze überschritten:</p>



ngg_shortcode_5_placeholder



<p>Hier die Bilder vom ersten Fotoshooting am 14.08.2020:</p>



ngg_shortcode_6_placeholder

<p>Hier veröffentlichen wir im wöchentlichen Abstand unsere Teddybilder zum Größenvergleich. Jeder Welpe hat eine eigene Seite, in der man jeweils die Gallerie durchklicken kann. Am 25.09.2020 hatten die F-Chen beim Fototermin ausgeschlafen. Da muss man dann den Augenblick abwarten, an dem sie sitzenbleiben. Gar nicht so einfach! Heute, 18.09.2020 wurde es etwas spät. Entsprechend waren &hellip; <a href="https://www.neufundlaender-vom-baerenfels.de/?page_id=7412" class="more-link"><span class="screen-reader-text">Welpenbilder F-Wurf</span> weiterlesen <span class="meta-nav">&rarr;</span></a></p>
