{"id":8006,"date":"2021-01-13T14:58:08","date_gmt":"2021-01-13T13:58:08","guid":{"rendered":"https:\/\/www.neufundlaender-vom-baerenfels.de\/?page_id=8006"},"modified":"2021-01-13T15:05:01","modified_gmt":"2021-01-13T14:05:01","slug":"zuchttauglichkeitspruefung","status":"publish","type":"page","link":"https:\/\/www.neufundlaender-vom-baerenfels.de\/?page_id=8006","title":{"rendered":"Zuchttauglichkeitspr\u00fcfung"},"content":{"rendered":"\n<h2 class=\"wp-block-heading\">Alfred vom B\u00e4renfels,<\/h2>\n\n\n\n<p>geboren am 06.08.2013, ein ausgeglichener brauner Neufundl\u00e4nder-R\u00fcde, wurde am 13.03.2016 zur Zuchttauglichkeitspr\u00fcfung vorgestellt. steht derzeit nicht f\u00fcr Deckeins\u00e4tze zur Verf\u00fcgung.<\/p>\n\n\n\n<figure class=\"wp-block-image\"><a href=\"https:\/\/www.neufundlaender-vom-baerenfels.de\/?attachment_id=4146\"><img loading=\"lazy\" decoding=\"async\" width=\"1024\" height=\"709\" src=\"https:\/\/www.neufundlaender-vom-baerenfels.de\/wp-content\/uploads\/2016\/03\/Alfred-1024x709.jpg\" alt=\"Alfred\" class=\"wp-image-4146\" srcset=\"https:\/\/www.neufundlaender-vom-baerenfels.de\/wp-content\/uploads\/2016\/03\/Alfred-1024x709.jpg 1024w, https:\/\/www.neufundlaender-vom-baerenfels.de\/wp-content\/uploads\/2016\/03\/Alfred-300x208.jpg 300w, https:\/\/www.neufundlaender-vom-baerenfels.de\/wp-content\/uploads\/2016\/03\/Alfred-768x532.jpg 768w, https:\/\/www.neufundlaender-vom-baerenfels.de\/wp-content\/uploads\/2016\/03\/Alfred.jpg 1535w\" sizes=\"auto, (max-width: 1024px) 100vw, 1024px\" \/><\/a><\/figure>\n\n\n\n<p>HD A1<br \/>ED 0<br \/>Ausgewertet am 28.02.2016 von PD Dr. K. F. Gerlach, Berlin<br \/>Cyst.: V\/M erbgesund<\/p>\n","protected":false},"excerpt":{"rendered":"<p>Alfred vom B\u00e4renfels, geboren am 06.08.2013, ein ausgeglichener brauner Neufundl\u00e4nder-R\u00fcde, wurde am 13.03.2016 zur Zuchttauglichkeitspr\u00fcfung vorgestellt. steht derzeit nicht f\u00fcr Deckeins\u00e4tze zur Verf\u00fcgung. HD A1ED 0Ausgewertet am 28.02.2016 von PD Dr. K. F. Gerlach, BerlinCyst.: V\/M erbgesund<\/p>\n","protected":false},"author":1,"featured_media":0,"parent":0,"menu_order":0,"comment_status":"closed","ping_status":"closed","template":"","meta":{"ngg_post_thumbnail":0,"footnotes":""},"class_list":["post-8006","page","type-page","status-publish","hentry"],"_links":{"self":[{"href":"https:\/\/www.neufundlaender-vom-baerenfels.de\/index.php?rest_route=\/wp\/v2\/pages\/8006","targetHints":{"allow":["GET"]}}],"collection":[{"href":"https:\/\/www.neufundlaender-vom-baerenfels.de\/index.php?rest_route=\/wp\/v2\/pages"}],"about":[{"href":"https:\/\/www.neufundlaender-vom-baerenfels.de\/index.php?rest_route=\/wp\/v2\/types\/page"}],"author":[{"embeddable":true,"href":"https:\/\/www.neufundlaender-vom-baerenfels.de\/index.php?rest_route=\/wp\/v2\/users\/1"}],"replies":[{"embeddable":true,"href":"https:\/\/www.neufundlaender-vom-baerenfels.de\/index.php?rest_route=%2Fwp%2Fv2%2Fcomments&post=8006"}],"version-history":[{"count":1,"href":"https:\/\/www.neufundlaender-vom-baerenfels.de\/index.php?rest_route=\/wp\/v2\/pages\/8006\/revisions"}],"predecessor-version":[{"id":8007,"href":"https:\/\/www.neufundlaender-vom-baerenfels.de\/index.php?rest_route=\/wp\/v2\/pages\/8006\/revisions\/8007"}],"wp:attachment":[{"href":"https:\/\/www.neufundlaender-vom-baerenfels.de\/index.php?rest_route=%2Fwp%2Fv2%2Fmedia&parent=8006"}],"curies":[{"name":"wp","href":"https:\/\/api.w.org\/{rel}","templated":true}]}}