{"id":8038,"date":"2021-01-16T11:52:59","date_gmt":"2021-01-16T10:52:59","guid":{"rendered":"https:\/\/www.neufundlaender-vom-baerenfels.de\/?page_id=8038"},"modified":"2021-03-12T19:43:09","modified_gmt":"2021-03-12T18:43:09","slug":"welpenbilder-g-wurf","status":"publish","type":"page","link":"https:\/\/www.neufundlaender-vom-baerenfels.de\/?page_id=8038","title":{"rendered":"Welpenbilder G-Wurf"},"content":{"rendered":"\n<p>Hier ver\u00f6ffentlichen wir im w\u00f6chentlichen Abstand unsere Teddybilder zum Gr\u00f6\u00dfenvergleich. Jeder Welpe hat eine eigene Seite, in der man jeweils die Gallerie durchklicken kann.<\/p>\n\n\n\n<p>Nachdem am Samstag die ersten Welpen ausziehen und am Freitag der Zuchtwart zur Wurfabnahme kommt, haben wir das letzte Fotoshooting um zwei Tage auf Donnerstag vorgezogen. Die Kofferbilder sind nun online:<\/p>\n\n\n\nngg_shortcode_0_placeholder\n\n\n\n<p>Mit etwas Wehmut sind wir heute an die Teddybilder rangegangen. Samstag, 06.03.2021 wohl die letzten Teddybilder. Am kommenden Samstag versuchen wir wieder mal die Kofferbilder, da der Auszug zu den neuen Familien dann ansteht.<\/p>\nngg_shortcode_1_placeholder\n\n\n\n<p>Samstag,&nbsp; 27.02.2021: Auf zum Fototermin. Die B\u00e4rchen sind, wie immer nicht begeistert von dieser St\u00f6rung. Aber Tradition ist Tradition und da m\u00fcssen auch kleine Neufi-Welpen durch:<\/p>\n\n\n\nngg_shortcode_2_placeholder\n\n\n\n<p>Das 6. Fotoshooting stand am Samstag, 20.02.2021 auf dem Programm. Gegen 14:00 Uhr hatte die Sonne unseren Wintergarten auf&nbsp; sommerliche Temperaturen aufgeheizt und die&nbsp; B\u00e4rchen wurden zum Wiegen und Fotografieren gest\u00f6rt.<\/p>\n\n\n\n\n\nngg_shortcode_3_placeholder\n\n\n\n<p>Samstag, 13.02.2021. Um 13:30 Uhr wurden die G-Chen aus den sch\u00f6nsten Tr\u00e4men im Welpenzimmer gerissen. Wiegen  und Teddybilder standen auf dem Programm. Seit letzten Samstag haben die sechs Racker um 7.360 g zugelegt! Gesamtgewicht 27.570 g. Alle Welpen liegen bei \u00fcber \u00fcber 4 kg!<\/p>\n\n\n\nngg_shortcode_4_placeholder\n\n\n\n<p>Am 06.02.2021 wurden die B\u00e4renfels-Racker zum Fototermin geweckt. Sie  haben in der vergangenen Woche 5.710 g zugelegt. Das Gesamtgewicht betr\u00e4gt nun 20.210 g!<\/p>\n\n\n\nngg_shortcode_5_placeholder\n\n\n\n<p>Am 30.01.2021 stand das 3. Fotoshooting im Kalender. Die B\u00e4renfels-Racker haben zusammen seit letztem Samstag 5.495 g&nbsp; zugelegt!<\/p>\n\n\n\nngg_shortcode_6_placeholder\n\n\n\n<p>Die Teddybilder vom 23.01.2021. Alle Welpen haben das Geburtsgewicht verdoppelt. Seit letzem Samstag haben die Welpen insgesamt um 4.355 Gramm zugelegt.<\/p>\n\n\n\nngg_shortcode_7_placeholder\n\n\n\n<p>Am 16.01.2021  stand der erste Fototermin auf dem Programm. In diesem Stadium sind es eher &#8222;Robbenbilder&#8220;<\/p>\n\n\n\n\n\nngg_shortcode_8_placeholder\n","protected":false},"excerpt":{"rendered":"<p>Hier ver\u00f6ffentlichen wir im w\u00f6chentlichen Abstand unsere Teddybilder zum Gr\u00f6\u00dfenvergleich. Jeder Welpe hat eine eigene Seite, in der man jeweils die Gallerie durchklicken kann. Nachdem am Samstag die ersten Welpen ausziehen und am Freitag der Zuchtwart zur Wurfabnahme kommt, haben wir das letzte Fotoshooting um zwei Tage auf Donnerstag vorgezogen. Die Kofferbilder sind nun online: &hellip; <a href=\"https:\/\/www.neufundlaender-vom-baerenfels.de\/?page_id=8038\" class=\"more-link\"><span class=\"screen-reader-text\">Welpenbilder G-Wurf<\/span> weiterlesen <span class=\"meta-nav\">&rarr;<\/span><\/a><\/p>\n","protected":false},"author":1,"featured_media":0,"parent":0,"menu_order":0,"comment_status":"closed","ping_status":"closed","template":"","meta":{"ngg_post_thumbnail":0,"footnotes":""},"class_list":["post-8038","page","type-page","status-publish","hentry"],"_links":{"self":[{"href":"https:\/\/www.neufundlaender-vom-baerenfels.de\/index.php?rest_route=\/wp\/v2\/pages\/8038","targetHints":{"allow":["GET"]}}],"collection":[{"href":"https:\/\/www.neufundlaender-vom-baerenfels.de\/index.php?rest_route=\/wp\/v2\/pages"}],"about":[{"href":"https:\/\/www.neufundlaender-vom-baerenfels.de\/index.php?rest_route=\/wp\/v2\/types\/page"}],"author":[{"embeddable":true,"href":"https:\/\/www.neufundlaender-vom-baerenfels.de\/index.php?rest_route=\/wp\/v2\/users\/1"}],"replies":[{"embeddable":true,"href":"https:\/\/www.neufundlaender-vom-baerenfels.de\/index.php?rest_route=%2Fwp%2Fv2%2Fcomments&post=8038"}],"version-history":[{"count":17,"href":"https:\/\/www.neufundlaender-vom-baerenfels.de\/index.php?rest_route=\/wp\/v2\/pages\/8038\/revisions"}],"predecessor-version":[{"id":8754,"href":"https:\/\/www.neufundlaender-vom-baerenfels.de\/index.php?rest_route=\/wp\/v2\/pages\/8038\/revisions\/8754"}],"wp:attachment":[{"href":"https:\/\/www.neufundlaender-vom-baerenfels.de\/index.php?rest_route=%2Fwp%2Fv2%2Fmedia&parent=8038"}],"curies":[{"name":"wp","href":"https:\/\/api.w.org\/{rel}","templated":true}]}}