{"id":8079,"date":"2021-01-16T12:50:52","date_gmt":"2021-01-16T11:50:52","guid":{"rendered":"https:\/\/www.neufundlaender-vom-baerenfels.de\/?page_id=8079"},"modified":"2021-03-14T20:16:08","modified_gmt":"2021-03-14T19:16:08","slug":"g-wurf-welpe-2-rot","status":"publish","type":"page","link":"https:\/\/www.neufundlaender-vom-baerenfels.de\/?page_id=8079","title":{"rendered":"G-Wurf Welpe 2 Rot"},"content":{"rendered":"\n<h2 class=\"wp-block-heading\">Gloria Alma vom B\u00e4renfels<\/h2>\n\n\n\n<p>H\u00fcndin schwarz, rotes B\u00e4ndchen, <br \/>geboren&nbsp; am 12.01.2021 um 19:35 Uhr, Geburtsgewicht 560 g<\/p>\n\n\n\n<p>ist umgezogen am 14.03.2021 mit einem &#8222;\u00dcbergabegewicht&#8220; von 9,5 kg in den Landkreis Bad Kissingen, Bayern.<\/p>\n\n\n\n<div class=\"wp-block-image is-style-default\"><figure class=\"aligncenter size-large\"><a href=\"https:\/\/www.neufundlaender-vom-baerenfels.de\/wp-content\/uploads\/2021\/03\/AB-W2-Gloria-Alma-scaled.jpg\"><img loading=\"lazy\" decoding=\"async\" width=\"709\" height=\"1024\" src=\"https:\/\/www.neufundlaender-vom-baerenfels.de\/wp-content\/uploads\/2021\/03\/AB-W2-Gloria-Alma-709x1024.jpg\" alt=\"\" class=\"wp-image-8790\" srcset=\"https:\/\/www.neufundlaender-vom-baerenfels.de\/wp-content\/uploads\/2021\/03\/AB-W2-Gloria-Alma-709x1024.jpg 709w, https:\/\/www.neufundlaender-vom-baerenfels.de\/wp-content\/uploads\/2021\/03\/AB-W2-Gloria-Alma-208x300.jpg 208w, https:\/\/www.neufundlaender-vom-baerenfels.de\/wp-content\/uploads\/2021\/03\/AB-W2-Gloria-Alma-768x1109.jpg 768w, https:\/\/www.neufundlaender-vom-baerenfels.de\/wp-content\/uploads\/2021\/03\/AB-W2-Gloria-Alma-1063x1536.jpg 1063w, https:\/\/www.neufundlaender-vom-baerenfels.de\/wp-content\/uploads\/2021\/03\/AB-W2-Gloria-Alma-1418x2048.jpg 1418w, https:\/\/www.neufundlaender-vom-baerenfels.de\/wp-content\/uploads\/2021\/03\/AB-W2-Gloria-Alma-scaled.jpg 1772w\" sizes=\"auto, (max-width: 709px) 100vw, 709px\" \/><\/a><\/figure><\/div>\n\n\n\n<div class=\"wp-block-image is-style-default\"><figure class=\"aligncenter size-large\"><a href=\"https:\/\/www.neufundlaender-vom-baerenfels.de\/wp-content\/uploads\/2021\/03\/AB-W2-Gloria-Alma-Drexel-scaled.jpg\"><img decoding=\"async\" src=\"https:\/\/www.neufundlaender-vom-baerenfels.de\/wp-content\/uploads\/2021\/03\/AB-W2-Gloria-Alma-Drexel-709x1024.jpg\" alt=\"\" class=\"wp-image-8786\"\/><\/a><\/figure><\/div>\n\n\n\nngg_shortcode_0_placeholder\n\n\n\nngg_shortcode_1_placeholder\n\n\n","protected":false},"excerpt":{"rendered":"<p>Gloria Alma vom B\u00e4renfels H\u00fcndin schwarz, rotes B\u00e4ndchen, geboren&nbsp; am 12.01.2021 um 19:35 Uhr, Geburtsgewicht 560 g ist umgezogen am 14.03.2021 mit einem &#8222;\u00dcbergabegewicht&#8220; von 9,5 kg in den Landkreis Bad Kissingen, Bayern.<\/p>\n","protected":false},"author":1,"featured_media":0,"parent":0,"menu_order":0,"comment_status":"closed","ping_status":"closed","template":"","meta":{"ngg_post_thumbnail":0,"footnotes":""},"class_list":["post-8079","page","type-page","status-publish","hentry"],"_links":{"self":[{"href":"https:\/\/www.neufundlaender-vom-baerenfels.de\/index.php?rest_route=\/wp\/v2\/pages\/8079","targetHints":{"allow":["GET"]}}],"collection":[{"href":"https:\/\/www.neufundlaender-vom-baerenfels.de\/index.php?rest_route=\/wp\/v2\/pages"}],"about":[{"href":"https:\/\/www.neufundlaender-vom-baerenfels.de\/index.php?rest_route=\/wp\/v2\/types\/page"}],"author":[{"embeddable":true,"href":"https:\/\/www.neufundlaender-vom-baerenfels.de\/index.php?rest_route=\/wp\/v2\/users\/1"}],"replies":[{"embeddable":true,"href":"https:\/\/www.neufundlaender-vom-baerenfels.de\/index.php?rest_route=%2Fwp%2Fv2%2Fcomments&post=8079"}],"version-history":[{"count":7,"href":"https:\/\/www.neufundlaender-vom-baerenfels.de\/index.php?rest_route=\/wp\/v2\/pages\/8079\/revisions"}],"predecessor-version":[{"id":8793,"href":"https:\/\/www.neufundlaender-vom-baerenfels.de\/index.php?rest_route=\/wp\/v2\/pages\/8079\/revisions\/8793"}],"wp:attachment":[{"href":"https:\/\/www.neufundlaender-vom-baerenfels.de\/index.php?rest_route=%2Fwp%2Fv2%2Fmedia&parent=8079"}],"curies":[{"name":"wp","href":"https:\/\/api.w.org\/{rel}","templated":true}]}}

<h2 class="wp-block-heading">Gloria Alma vom Bärenfels</h2>



<p>Hündin schwarz, rotes Bändchen, <br />geboren&nbsp; am 12.01.2021 um 19:35 Uhr, Geburtsgewicht 560 g</p>



<p>ist umgezogen am 14.03.2021 mit einem &#8222;Übergabegewicht&#8220; von 9,5 kg in den Landkreis Bad Kissingen, Bayern.</p>



<div class="wp-block-image is-style-default"><figure class="aligncenter size-large"><a href="https://www.neufundlaender-vom-baerenfels.de/wp-content/uploads/2021/03/AB-W2-Gloria-Alma-scaled.jpg"><img loading="lazy" decoding="async" width="709" height="1024" src="https://www.neufundlaender-vom-baerenfels.de/wp-content/uploads/2021/03/AB-W2-Gloria-Alma-709x1024.jpg" alt="" class="wp-image-8790" srcset="https://www.neufundlaender-vom-baerenfels.de/wp-content/uploads/2021/03/AB-W2-Gloria-Alma-709x1024.jpg 709w, https://www.neufundlaender-vom-baerenfels.de/wp-content/uploads/2021/03/AB-W2-Gloria-Alma-208x300.jpg 208w, https://www.neufundlaender-vom-baerenfels.de/wp-content/uploads/2021/03/AB-W2-Gloria-Alma-768x1109.jpg 768w, https://www.neufundlaender-vom-baerenfels.de/wp-content/uploads/2021/03/AB-W2-Gloria-Alma-1063x1536.jpg 1063w, https://www.neufundlaender-vom-baerenfels.de/wp-content/uploads/2021/03/AB-W2-Gloria-Alma-1418x2048.jpg 1418w, https://www.neufundlaender-vom-baerenfels.de/wp-content/uploads/2021/03/AB-W2-Gloria-Alma-scaled.jpg 1772w" sizes="auto, (max-width: 709px) 100vw, 709px" /></a></figure></div>



<div class="wp-block-image is-style-default"><figure class="aligncenter size-large"><a href="https://www.neufundlaender-vom-baerenfels.de/wp-content/uploads/2021/03/AB-W2-Gloria-Alma-Drexel-scaled.jpg"><img decoding="async" src="https://www.neufundlaender-vom-baerenfels.de/wp-content/uploads/2021/03/AB-W2-Gloria-Alma-Drexel-709x1024.jpg" alt="" class="wp-image-8786"/></a></figure></div>



ngg_shortcode_0_placeholder



ngg_shortcode_1_placeholder

<p>Gloria Alma vom Bärenfels Hündin schwarz, rotes Bändchen, geboren&nbsp; am 12.01.2021 um 19:35 Uhr, Geburtsgewicht 560 g ist umgezogen am 14.03.2021 mit einem &#8222;Übergabegewicht&#8220; von 9,5 kg in den Landkreis Bad Kissingen, Bayern.</p>
